-- https://www.phpmyadmin.net/
--

START TRANSACTION;



--
-- Database: `krem1628_kasirstore`
--

-- --------------------------------------------------------

--
-- Table structure for table `authorization_logs`
--

CREATE TABLE `authorization_logs` (
  `id` char(36) NOT NULL,
  `tenant_id` char(36) NOT NULL,
  `outlet_id` char(36) NOT NULL,
  `requested_by` char(36) NOT NULL,
  `authorized_by` char(36) DEFAULT NULL,
  `action_type` enum('void','refund','discount','price_override','no_sale','reprint','cancel_order','other') NOT NULL,
  `status` enum('pending','approved','denied','expired') NOT NULL DEFAULT 'pending',
  `reference_type` varchar(255) DEFAULT NULL,
  `reference_id` char(36) DEFAULT NULL,
  `reference_number` varchar(255) DEFAULT NULL,
  `amount` decimal(15,2) DEFAULT NULL,
  `reason` text DEFAULT NULL,
  `notes` text DEFAULT NULL,
  `metadata` longtext CHARACTER SET utf8mb4 COLLATE utf8mb4_bin DEFAULT NULL CHECK (json_valid(`metadata`)),
  `requested_at` timestamp NOT NULL DEFAULT current_timestamp() ON UPDATE current_timestamp(),
  `responded_at` timestamp NULL DEFAULT NULL,
  `expires_at` timestamp NULL DEFAULT NULL,
  `created_at` timestamp NULL DEFAULT NULL,
  `updated_at` timestamp NULL DEFAULT NULL
) ENGINE=InnoDB DEFAULT CHARSET=utf8mb4 COLLATE=utf8mb4_unicode_ci;

-- --------------------------------------------------------

--
-- Table structure for table `authorization_settings`
--

CREATE TABLE `authorization_settings` (
  `id` bigint(20) UNSIGNED NOT NULL,
  `tenant_id` char(36) NOT NULL,
  `require_auth_void` tinyint(1) NOT NULL DEFAULT 1,
  `require_auth_refund` tinyint(1) NOT NULL DEFAULT 1,
  `require_auth_discount` tinyint(1) NOT NULL DEFAULT 0,
  `discount_threshold_percent` decimal(5,2) NOT NULL DEFAULT 20.00,
  `require_auth_price_override` tinyint(1) NOT NULL DEFAULT 1,
  `require_auth_no_sale` tinyint(1) NOT NULL DEFAULT 1,
  `require_auth_reprint` tinyint(1) NOT NULL DEFAULT 0,
  `require_auth_cancel_order` tinyint(1) NOT NULL DEFAULT 1,
  `pin_length` int(11) NOT NULL DEFAULT 4,
  `max_pin_attempts` int(11) NOT NULL DEFAULT 3,
  `lockout_minutes` int(11) NOT NULL DEFAULT 5,
  `created_at` timestamp NULL DEFAULT NULL,
  `updated_at` timestamp NULL DEFAULT NULL
) ENGINE=InnoDB DEFAULT CHARSET=utf8mb4 COLLATE=utf8mb4_unicode_ci;

--
-- Dumping data for table `authorization_settings`
--

INSERT INTO `authorization_settings` (`id`, `tenant_id`, `require_auth_void`, `require_auth_refund`, `require_auth_discount`, `discount_threshold_percent`, `require_auth_price_override`, `require_auth_no_sale`, `require_auth_reprint`, `require_auth_cancel_order`, `pin_length`, `max_pin_attempts`, `lockout_minutes`, `created_at`, `updated_at`) VALUES
(1, 'fee5a0aa-73ca-4947-ab88-4d15f80f62bb', 1, 1, 0, 20.00, 1, 1, 0, 1, 4, 3, 5, '2026-05-23 23:16:45', '2026-05-23 23:16:45');

-- --------------------------------------------------------

--
-- Table structure for table `batch_settings`
--

CREATE TABLE `batch_settings` (
  `id` bigint(20) UNSIGNED NOT NULL,
  `tenant_id` char(36) NOT NULL,
  `expiry_warning_days` int(11) NOT NULL DEFAULT 30,
  `expiry_critical_days` int(11) NOT NULL DEFAULT 7,
  `auto_mark_expired` tinyint(1) NOT NULL DEFAULT 1,
  `block_expired_sales` tinyint(1) NOT NULL DEFAULT 1,
  `enable_fefo` tinyint(1) NOT NULL DEFAULT 1,
  `notify_expiry_warning` tinyint(1) NOT NULL DEFAULT 1,
  `notify_expiry_critical` tinyint(1) NOT NULL DEFAULT 1,
  `daily_expiry_report` tinyint(1) NOT NULL DEFAULT 0,
  `auto_generate_batch` tinyint(1) NOT NULL DEFAULT 1,
  `batch_prefix` varchar(255) NOT NULL DEFAULT 'BTH',
  `batch_format` varchar(255) NOT NULL DEFAULT 'PREFIX-YYYYMMDD-SEQ',
  `created_at` timestamp NULL DEFAULT NULL,
  `updated_at` timestamp NULL DEFAULT NULL
) ENGINE=InnoDB DEFAULT CHARSET=utf8mb4 COLLATE=utf8mb4_unicode_ci;

--
-- Dumping data for table `batch_settings`
--

INSERT INTO `batch_settings` (`id`, `tenant_id`, `expiry_warning_days`, `expiry_critical_days`, `auto_mark_expired`, `block_expired_sales`, `enable_fefo`, `notify_expiry_warning`, `notify_expiry_critical`, `daily_expiry_report`, `auto_generate_batch`, `batch_prefix`, `batch_format`, `created_at`, `updated_at`) VALUES
(1, 'fee5a0aa-73ca-4947-ab88-4d15f80f62bb', 30, 7, 1, 1, 1, 1, 1, 0, 1, 'BTH', 'PREFIX-YYYYMMDD-SEQ', '2026-05-23 22:31:30', '2026-05-23 22:31:30');

-- --------------------------------------------------------

--
-- Table structure for table `cache`
--

CREATE TABLE `cache` (
  `key` varchar(255) NOT NULL,
  `value` mediumtext NOT NULL,
  `expiration` int(11) NOT NULL
) ENGINE=InnoDB DEFAULT CHARSET=utf8mb4 COLLATE=utf8mb4_unicode_ci;

-- --------------------------------------------------------

--
-- Table structure for table `cache_locks`
--

CREATE TABLE `cache_locks` (
  `key` varchar(255) NOT NULL,
  `owner` varchar(255) NOT NULL,
  `expiration` int(11) NOT NULL
) ENGINE=InnoDB DEFAULT CHARSET=utf8mb4 COLLATE=utf8mb4_unicode_ci;

-- --------------------------------------------------------

--
-- Table structure for table `cash_drawer_logs`
--

CREATE TABLE `cash_drawer_logs` (
  `id` char(36) NOT NULL,
  `tenant_id` char(36) NOT NULL,
  `outlet_id` char(36) NOT NULL,
  `pos_session_id` char(36) NOT NULL,
  `user_id` char(36) NOT NULL,
  `transaction_id` char(36) DEFAULT NULL,
  `type` varchar(255) NOT NULL,
  `amount` decimal(15,2) NOT NULL,
  `balance_before` decimal(15,2) NOT NULL,
  `balance_after` decimal(15,2) NOT NULL,
  `reference` varchar(255) DEFAULT NULL,
  `reason` text DEFAULT NULL,
  `created_at` timestamp NULL DEFAULT NULL,
  `updated_at` timestamp NULL DEFAULT NULL
) ENGINE=InnoDB DEFAULT CHARSET=utf8mb4 COLLATE=utf8mb4_unicode_ci;

--
-- Dumping data for table `cash_drawer_logs`
--

INSERT INTO `cash_drawer_logs` (`id`, `tenant_id`, `outlet_id`, `pos_session_id`, `user_id`, `transaction_id`, `type`, `amount`, `balance_before`, `balance_after`, `reference`, `reason`, `created_at`, `updated_at`) VALUES
('23d0786f-4514-4149-a711-95847c7ff2d8', 'fee5a0aa-73ca-4947-ab88-4d15f80f62bb', '8c8265f8-8c1c-4921-942f-b20ce24be7b0', '03cd719c-fd8a-48c9-80bc-be69bf798802', '69353b8f-83e5-40d9-95a8-9c47e42825b3', '3bd03b37-155f-4e68-b91e-a536e438061d', 'sale', 149700.00, 828300.00, 978000.00, 'MAIN-20260523-0007', 'Cash sale', '2026-05-23 03:14:15', '2026-05-23 03:14:15'),
('38dde31a-3bd4-4968-bda2-2fe24cd74a99', 'fee5a0aa-73ca-4947-ab88-4d15f80f62bb', '8c8265f8-8c1c-4921-942f-b20ce24be7b0', '6b0ccce6-f0ca-418b-9932-407960445292', '69353b8f-83e5-40d9-95a8-9c47e42825b3', 'c389277e-48f0-4f42-ba85-531a6ad74271', 'sale', 116000.00, 500000.00, 616000.00, 'MAIN-20260522-0001', 'Cash sale', '2026-05-23 03:14:15', '2026-05-23 03:14:15'),
('3bdb1d81-14ab-4164-921d-5062f9e42080', 'fee5a0aa-73ca-4947-ab88-4d15f80f62bb', '8c8265f8-8c1c-4921-942f-b20ce24be7b0', '6b0ccce6-f0ca-418b-9932-407960445292', '69353b8f-83e5-40d9-95a8-9c47e42825b3', '6ea75ed4-5356-4bfb-b8bd-9cf2890ecfa8', 'sale', 262100.00, 1017400.00, 1279500.00, 'MAIN-20260522-0012', 'Cash sale', '2026-05-23 03:14:15', '2026-05-23 03:14:15'),
('4f53c272-1918-41f0-9dd4-5c5ebeceeb38', 'fee5a0aa-73ca-4947-ab88-4d15f80f62bb', '8c8265f8-8c1c-4921-942f-b20ce24be7b0', '6b0ccce6-f0ca-418b-9932-407960445292', '69353b8f-83e5-40d9-95a8-9c47e42825b3', '8fb4df5f-6846-46d6-a89e-ea25ca779ede', 'sale', 178600.00, 616000.00, 794600.00, 'MAIN-20260522-0003', 'Cash sale', '2026-05-23 03:14:15', '2026-05-23 03:14:15'),
('5040922a-4abb-4bc8-b04c-ef33ef1cbb2a', 'fee5a0aa-73ca-4947-ab88-4d15f80f62bb', '8c8265f8-8c1c-4921-942f-b20ce24be7b0', '03cd719c-fd8a-48c9-80bc-be69bf798802', '69353b8f-83e5-40d9-95a8-9c47e42825b3', '873d1b7b-ed44-4f67-9d55-baa409726450', 'sale', 199500.00, 558000.00, 757500.00, 'MAIN-20260523-0003', 'Cash sale', '2026-05-23 03:14:15', '2026-05-23 03:14:15'),
('5951bb67-1de4-4c03-a380-e6e556a3f517', 'fee5a0aa-73ca-4947-ab88-4d15f80f62bb', '8c8265f8-8c1c-4921-942f-b20ce24be7b0', '03cd719c-fd8a-48c9-80bc-be69bf798802', '69353b8f-83e5-40d9-95a8-9c47e42825b3', 'eeef10b5-f488-4d28-970e-1b701952b800', 'sale', 58000.00, 500000.00, 558000.00, 'MAIN-20260523-0001', 'Cash sale', '2026-05-23 03:14:15', '2026-05-23 03:14:15'),
('619cd95a-9d82-4899-abff-b5ca94366d02', 'fee5a0aa-73ca-4947-ab88-4d15f80f62bb', '8c8265f8-8c1c-4921-942f-b20ce24be7b0', '03cd719c-fd8a-48c9-80bc-be69bf798802', '69353b8f-83e5-40d9-95a8-9c47e42825b3', NULL, 'opening', 500000.00, 0.00, 500000.00, 'SES-20260523-001', 'Opening cash', '2026-05-23 03:14:15', '2026-05-23 03:14:15'),
('78b77707-10d7-427f-89e0-02b67896b65b', 'fee5a0aa-73ca-4947-ab88-4d15f80f62bb', '8c8265f8-8c1c-4921-942f-b20ce24be7b0', '03cd719c-fd8a-48c9-80bc-be69bf798802', '69353b8f-83e5-40d9-95a8-9c47e42825b3', '9ba419bf-47e6-4cc7-975c-6ba317d02e6d', 'sale', 70800.00, 757500.00, 828300.00, 'MAIN-20260523-0005', 'Cash sale', '2026-05-23 03:14:15', '2026-05-23 03:14:15'),
('86bbf887-7cab-445d-9937-6190d6bf38fd', 'fee5a0aa-73ca-4947-ab88-4d15f80f62bb', '8c8265f8-8c1c-4921-942f-b20ce24be7b0', '6b0ccce6-f0ca-418b-9932-407960445292', '69353b8f-83e5-40d9-95a8-9c47e42825b3', '41091492-bb72-4a62-9fb8-d187bad77d9b', 'sale', 41800.00, 794600.00, 836400.00, 'MAIN-20260522-0005', 'Cash sale', '2026-05-23 03:14:15', '2026-05-23 03:14:15'),
('9bde7def-4cd9-4731-ade9-9326e0187990', 'fee5a0aa-73ca-4947-ab88-4d15f80f62bb', '8c8265f8-8c1c-4921-942f-b20ce24be7b0', '6b0ccce6-f0ca-418b-9932-407960445292', '51daaaff-7c46-4630-bb9d-45e59b6090ed', NULL, 'closing', 2850000.00, 1316700.00, 0.00, 'SES-20260522-001', 'Closing shift', '2026-05-23 03:14:15', '2026-05-23 03:14:15'),
('a62ea86a-5277-4037-b11f-9d90f9d21aa6', 'fee5a0aa-73ca-4947-ab88-4d15f80f62bb', '8c8265f8-8c1c-4921-942f-b20ce24be7b0', '6b0ccce6-f0ca-418b-9932-407960445292', '69353b8f-83e5-40d9-95a8-9c47e42825b3', '8ba905a7-3860-4c95-9543-8b6d2f235b07', 'sale', 81200.00, 836400.00, 917600.00, 'MAIN-20260522-0008', 'Cash sale', '2026-05-23 03:14:15', '2026-05-23 03:14:15'),
('cae1ac22-4aac-4ae7-935b-146e6a5ff92a', 'fee5a0aa-73ca-4947-ab88-4d15f80f62bb', '8c8265f8-8c1c-4921-942f-b20ce24be7b0', '03cd719c-fd8a-48c9-80bc-be69bf798802', '51daaaff-7c46-4630-bb9d-45e59b6090ed', NULL, 'cash_in', 200000.00, 978000.00, 1178000.00, 'CASHIN-001', 'Tambahan uang kecil dari manager', '2026-05-23 03:14:15', '2026-05-23 03:14:15'),
('dc35d6e7-907b-4912-930b-bec5435cd52b', 'fee5a0aa-73ca-4947-ab88-4d15f80f62bb', '8c8265f8-8c1c-4921-942f-b20ce24be7b0', '6b0ccce6-f0ca-418b-9932-407960445292', '69353b8f-83e5-40d9-95a8-9c47e42825b3', '2eb6c62e-265b-4729-9cd7-153bd94e86a2', 'sale', 99800.00, 917600.00, 1017400.00, 'MAIN-20260522-0011', 'Cash sale', '2026-05-23 03:14:15', '2026-05-23 03:14:15'),
('eff2e2e4-4c61-4056-8520-f60a04a0e1f0', 'fee5a0aa-73ca-4947-ab88-4d15f80f62bb', '8c8265f8-8c1c-4921-942f-b20ce24be7b0', '6b0ccce6-f0ca-418b-9932-407960445292', '69353b8f-83e5-40d9-95a8-9c47e42825b3', NULL, 'opening', 500000.00, 0.00, 500000.00, 'SES-20260522-001', 'Opening cash', '2026-05-23 03:14:15', '2026-05-23 03:14:15'),
('f4732993-2828-48dc-86cc-8b5ca5edc5fc', 'fee5a0aa-73ca-4947-ab88-4d15f80f62bb', '8c8265f8-8c1c-4921-942f-b20ce24be7b0', '6b0ccce6-f0ca-418b-9932-407960445292', '69353b8f-83e5-40d9-95a8-9c47e42825b3', 'bbae08aa-520f-481a-b58a-eb9f6086c498', 'sale', 37200.00, 1279500.00, 1316700.00, 'MAIN-20260522-0015', 'Cash sale', '2026-05-23 03:14:15', '2026-05-23 03:14:15');

-- --------------------------------------------------------

--
-- Table structure for table `combos`
--

CREATE TABLE `combos` (
  `id` char(36) NOT NULL,
  `product_id` char(36) NOT NULL,
  `pricing_type` enum('fixed','sum','discount_percent','discount_amount') NOT NULL DEFAULT 'fixed',
  `discount_value` decimal(15,2) NOT NULL DEFAULT 0.00 COMMENT 'Discount percent or amount',
  `allow_substitutions` tinyint(1) NOT NULL DEFAULT 0,
  `min_items` int(11) NOT NULL DEFAULT 1,
  `max_items` int(11) DEFAULT NULL,
  `created_at` timestamp NULL DEFAULT NULL,
  `updated_at` timestamp NULL DEFAULT NULL
) ENGINE=InnoDB DEFAULT CHARSET=utf8mb4 COLLATE=utf8mb4_unicode_ci;

--
-- Dumping data for table `combos`
--

INSERT INTO `combos` (`id`, `product_id`, `pricing_type`, `discount_value`, `allow_substitutions`, `min_items`, `max_items`, `created_at`, `updated_at`) VALUES
('07106ef9-a6ca-4059-a2f3-557a052989cf', 'ec348ca2-b352-4695-9f7e-33ee5283eb0b', 'discount_percent', 10.00, 1, 2, 2, '2026-05-23 03:14:07', '2026-05-23 03:14:07'),
('0726b3c9-27d2-4bbe-a735-978fd16787e0', '8136ecb0-f313-43d9-a7f3-6ad30e6a0a2b', 'discount_amount', 10000.00, 1, 1, 1, '2026-05-23 03:14:07', '2026-05-23 03:14:07'),
('374b9506-68ad-4ff6-b39d-9ca318741e93', 'cfeb7451-14db-45c6-8078-044be3e6f917', 'fixed', 0.00, 1, 2, 2, '2026-05-23 03:14:07', '2026-05-23 03:14:07'),
('97ac244b-9cd1-4226-92ac-2d047902db4f', 'c0605079-0ae1-4382-bbdb-5bc62b190a41', 'sum', 0.00, 0, 2, 2, '2026-05-23 03:14:07', '2026-05-23 03:14:07'),
('c81a13df-89a3-4b8d-ada9-989e49279b38', '4b39c079-e019-4281-b8a5-7d00253b5b3f', 'discount_percent', 15.00, 1, 2, 2, '2026-05-23 03:14:07', '2026-05-23 03:14:07'),
('e3e421b2-a151-4dc3-8321-f0ddded5ec1c', 'afc67660-2747-4672-816d-f148831c9b85', 'fixed', 0.00, 0, 2, 2, '2026-05-23 03:14:07', '2026-05-23 03:14:07'),
('fff5ba5f-e64b-4100-89c6-c41c3fd1e36d', '804411b2-a449-4c18-9893-a548724f271e', 'fixed', 0.00, 0, 2, 2, '2026-05-23 03:14:07', '2026-05-23 03:14:07');

-- --------------------------------------------------------

--
-- Table structure for table `combo_items`
--

CREATE TABLE `combo_items` (
  `id` char(36) NOT NULL,
  `combo_id` char(36) NOT NULL,
  `product_id` char(36) DEFAULT NULL,
  `category_id` char(36) DEFAULT NULL,
  `group_name` varchar(255) DEFAULT NULL COMMENT 'e.g., Main, Side, Drink',
  `quantity` int(11) NOT NULL DEFAULT 1,
  `is_required` tinyint(1) NOT NULL DEFAULT 1,
  `allow_variant_selection` tinyint(1) NOT NULL DEFAULT 1,
  `price_adjustment` decimal(15,2) NOT NULL DEFAULT 0.00,
  `sort_order` int(11) NOT NULL DEFAULT 0,
  `created_at` timestamp NULL DEFAULT NULL,
  `updated_at` timestamp NULL DEFAULT NULL
) ENGINE=InnoDB DEFAULT CHARSET=utf8mb4 COLLATE=utf8mb4_unicode_ci;

--
-- Dumping data for table `combo_items`
--

INSERT INTO `combo_items` (`id`, `combo_id`, `product_id`, `category_id`, `group_name`, `quantity`, `is_required`, `allow_variant_selection`, `price_adjustment`, `sort_order`, `created_at`, `updated_at`) VALUES
('1069adbd-24e1-4a15-8b2c-2231b635b7cd', 'e3e421b2-a151-4dc3-8321-f0ddded5ec1c', '1fcc6195-3ed1-453c-8b99-7a3579ab1e60', NULL, 'Drink', 1, 1, 1, 0.00, 1, '2026-05-23 03:14:07', '2026-05-23 03:14:07'),
('46b9ad09-e0e6-40a8-89a5-7d4d95129458', 'c81a13df-89a3-4b8d-ada9-989e49279b38', NULL, '45912a68-83b3-47d7-8505-efe0fa96f00f', 'Dessert', 1, 1, 1, 0.00, 1, '2026-05-23 03:14:07', '2026-05-23 03:14:07'),
('4d82c07f-4355-4dfe-a3b4-2f1b8121aa2c', '374b9506-68ad-4ff6-b39d-9ca318741e93', NULL, '5788d186-825c-44c6-aef2-eb7365f7d9ae', 'Pastries', 2, 1, 1, 0.00, 1, '2026-05-23 03:14:07', '2026-05-23 03:14:07'),
('578ec1e2-e22a-4b94-9bb2-eb2ca7f00aa2', 'fff5ba5f-e64b-4100-89c6-c41c3fd1e36d', 'fb3613d7-2fd4-4119-8804-d923a10c3415', NULL, NULL, 1, 1, 1, 0.00, 0, '2026-05-23 03:14:07', '2026-05-23 03:14:07'),
('5afdacb5-1ed1-4dd5-9149-01d02d090338', '07106ef9-a6ca-4059-a2f3-557a052989cf', NULL, '6454beb0-9b13-4529-8f2f-79b96511cd8f', 'Drink', 1, 1, 1, 0.00, 1, '2026-05-23 03:14:07', '2026-05-23 03:14:07'),
('6467fc92-97b4-440f-a7c7-2c632140f5e3', '07106ef9-a6ca-4059-a2f3-557a052989cf', 'abf64656-f417-4162-81c6-42a949263e51', NULL, 'Dessert', 1, 1, 1, 0.00, 0, '2026-05-23 03:14:07', '2026-05-23 03:14:07'),
('674c674d-b3e3-4717-aa28-c0d649506c89', 'fff5ba5f-e64b-4100-89c6-c41c3fd1e36d', 'eeb61689-ee40-4337-857c-08525e8bfdc4', NULL, NULL, 1, 1, 1, 0.00, 1, '2026-05-23 03:14:07', '2026-05-23 03:14:07'),
('81ac5ac4-b662-45a8-892f-58cedbe573cc', 'e3e421b2-a151-4dc3-8321-f0ddded5ec1c', '6f9029da-8dc7-48ce-ae48-2d0e4726e356', NULL, 'Main', 1, 1, 1, 0.00, 0, '2026-05-23 03:14:07', '2026-05-23 03:14:07'),
('bdcab8d1-4752-4663-97de-c0ebf1bdb3dc', 'c81a13df-89a3-4b8d-ada9-989e49279b38', NULL, '6454beb0-9b13-4529-8f2f-79b96511cd8f', 'Drink', 1, 1, 1, 0.00, 0, '2026-05-23 03:14:07', '2026-05-23 03:14:07'),
('be7215dc-f4c9-4cc6-9033-a64f907e8b7d', '97ac244b-9cd1-4226-92ac-2d047902db4f', '92923011-cecd-4166-a42d-6487b490275f', NULL, NULL, 1, 1, 1, 0.00, 0, '2026-05-23 03:14:07', '2026-05-23 03:14:07'),
('e69f7b19-da52-47b0-87aa-86c0c9087d56', '97ac244b-9cd1-4226-92ac-2d047902db4f', 'a8e79fa3-5a30-45a9-8427-e65121156f12', NULL, NULL, 1, 1, 1, 0.00, 1, '2026-05-23 03:14:07', '2026-05-23 03:14:07'),
('f5deaf7b-e8dd-46fa-8c31-21e7d837c2e5', '0726b3c9-27d2-4bbe-a735-978fd16787e0', NULL, '6454beb0-9b13-4529-8f2f-79b96511cd8f', NULL, 2, 1, 1, 0.00, 0, '2026-05-23 03:14:07', '2026-05-23 03:14:07'),
('f9582b99-b25b-406a-a3e4-a68a4a41a9b1', '374b9506-68ad-4ff6-b39d-9ca318741e93', NULL, '6454beb0-9b13-4529-8f2f-79b96511cd8f', 'Drinks', 2, 1, 1, 0.00, 0, '2026-05-23 03:14:07', '2026-05-23 03:14:07');

-- --------------------------------------------------------

--
-- Table structure for table `customers`
--

CREATE TABLE `customers` (
  `id` char(36) NOT NULL,
  `tenant_id` char(36) NOT NULL,
  `code` varchar(50) NOT NULL,
  `name` varchar(255) NOT NULL,
  `email` varchar(255) DEFAULT NULL,
  `phone` varchar(20) DEFAULT NULL,
  `address` text DEFAULT NULL,
  `birth_date` date DEFAULT NULL,
  `gender` enum('male','female','other') DEFAULT NULL,
  `membership_level` varchar(255) NOT NULL DEFAULT 'regular',
  `total_points` decimal(12,2) NOT NULL DEFAULT 0.00,
  `total_spent` decimal(15,2) NOT NULL DEFAULT 0.00,
  `total_visits` int(11) NOT NULL DEFAULT 0,
  `joined_at` date NOT NULL,
  `membership_expires_at` date DEFAULT NULL,
  `notes` text DEFAULT NULL,
  `is_active` tinyint(1) NOT NULL DEFAULT 1,
  `created_at` timestamp NULL DEFAULT NULL,
  `updated_at` timestamp NULL DEFAULT NULL,
  `deleted_at` timestamp NULL DEFAULT NULL
) ENGINE=InnoDB DEFAULT CHARSET=utf8mb4 COLLATE=utf8mb4_unicode_ci;

--
-- Dumping data for table `customers`
--

INSERT INTO `customers` (`id`, `tenant_id`, `code`, `name`, `email`, `phone`, `address`, `birth_date`, `gender`, `membership_level`, `total_points`, `total_spent`, `total_visits`, `joined_at`, `membership_expires_at`, `notes`, `is_active`, `created_at`, `updated_at`, `deleted_at`) VALUES
('14db04e7-5c6f-47e4-85ec-a9934810a0a9', 'fee5a0aa-73ca-4947-ab88-4d15f80f62bb', 'CUST001', 'John Doe', 'john.doe@example.com', '081234567890', 'Jl. Sudirman No. 1, Jakarta', '1990-01-15', 'male', 'gold', 1500.00, 15000000.00, 25, '2025-12-23', NULL, NULL, 1, '2026-05-23 03:14:02', '2026-05-23 03:14:02', NULL),
('571e7a12-37ab-42f9-8842-d31cd5bd04e0', 'fee5a0aa-73ca-4947-ab88-4d15f80f62bb', 'CUST005', 'Budi Santoso', 'budi.santoso@example.com', '081234567894', 'Jl. Kuningan No. 20, Jakarta', '1985-03-08', 'male', 'regular', 50.00, 500000.00, 2, '2024-05-23', NULL, NULL, 1, '2026-05-23 03:14:02', '2026-05-23 03:14:02', NULL),
('6e52bd5c-da0e-4f9f-8c3d-66a2ad45a9cc', 'fee5a0aa-73ca-4947-ab88-4d15f80f62bb', 'CUST004', 'Siti Rahayu', 'siti.rahayu@example.com', '081234567893', 'Jl. HR Rasuna Said No. 15, Jakarta', '1992-12-25', 'female', 'platinum', 5000.00, 50000000.00, 100, '2024-08-23', NULL, NULL, 1, '2026-05-23 03:14:02', '2026-05-23 03:14:02', NULL),
('9ee4e721-f68b-464b-a08e-b3e250c82330', 'fee5a0aa-73ca-4947-ab88-4d15f80f62bb', 'CUST003', 'Ahmad Yusuf', 'ahmad.yusuf@example.com', '081234567892', 'Jl. Gatot Subroto No. 5, Jakarta', '1995-08-10', 'male', 'regular', 200.00, 2000000.00, 5, '2024-10-23', NULL, NULL, 1, '2026-05-23 03:14:02', '2026-05-23 03:14:02', NULL),
('d598d9e8-b195-49a3-9c6d-f50ad36ea809', 'fee5a0aa-73ca-4947-ab88-4d15f80f62bb', 'CUST002', 'Jane Smith', 'jane.smith@example.com', '081234567891', 'Jl. Thamrin No. 10, Jakarta', '1988-05-20', 'female', 'silver', 800.00, 8000000.00, 15, '2025-05-23', NULL, NULL, 1, '2026-05-23 03:14:02', '2026-05-23 03:14:02', NULL);

-- --------------------------------------------------------

--
-- Table structure for table `customer_points`
--

CREATE TABLE `customer_points` (
  `id` char(36) NOT NULL,
  `customer_id` char(36) NOT NULL,
  `transaction_id` char(36) DEFAULT NULL,
  `type` enum('earned','redeemed','expired','adjustment') NOT NULL,
  `points` decimal(12,2) NOT NULL,
  `balance_before` decimal(12,2) NOT NULL,
  `balance_after` decimal(12,2) NOT NULL,
  `description` text DEFAULT NULL,
  `created_by` char(36) NOT NULL,
  `created_at` timestamp NULL DEFAULT NULL,
  `updated_at` timestamp NULL DEFAULT NULL
) ENGINE=InnoDB DEFAULT CHARSET=utf8mb4 COLLATE=utf8mb4_unicode_ci;

-- --------------------------------------------------------

--
-- Table structure for table `discounts`
--

CREATE TABLE `discounts` (
  `id` char(36) NOT NULL,
  `tenant_id` char(36) NOT NULL,
  `code` varchar(50) NOT NULL,
  `name` varchar(255) NOT NULL,
  `description` text DEFAULT NULL,
  `type` enum('percentage','fixed_amount','buy_x_get_y') NOT NULL,
  `scope` enum('order','item') NOT NULL,
  `value` decimal(15,2) NOT NULL,
  `max_discount` decimal(15,2) DEFAULT NULL,
  `min_purchase` decimal(15,2) DEFAULT NULL,
  `min_qty` int(11) DEFAULT NULL,
  `member_only` tinyint(1) NOT NULL DEFAULT 0,
  `membership_levels` longtext CHARACTER SET utf8mb4 COLLATE utf8mb4_bin DEFAULT NULL CHECK (json_valid(`membership_levels`)),
  `applicable_outlets` longtext CHARACTER SET utf8mb4 COLLATE utf8mb4_bin DEFAULT NULL CHECK (json_valid(`applicable_outlets`)),
  `applicable_items` longtext CHARACTER SET utf8mb4 COLLATE utf8mb4_bin DEFAULT NULL CHECK (json_valid(`applicable_items`)),
  `valid_from` date NOT NULL,
  `valid_until` date DEFAULT NULL,
  `usage_limit` int(11) DEFAULT NULL,
  `usage_count` int(11) NOT NULL DEFAULT 0,
  `is_auto_apply` tinyint(1) NOT NULL DEFAULT 0,
  `is_active` tinyint(1) NOT NULL DEFAULT 1,
  `created_at` timestamp NULL DEFAULT NULL,
  `updated_at` timestamp NULL DEFAULT NULL
) ENGINE=InnoDB DEFAULT CHARSET=utf8mb4 COLLATE=utf8mb4_unicode_ci;

--
-- Dumping data for table `discounts`
--

INSERT INTO `discounts` (`id`, `tenant_id`, `code`, `name`, `description`, `type`, `scope`, `value`, `max_discount`, `min_purchase`, `min_qty`, `member_only`, `membership_levels`, `applicable_outlets`, `applicable_items`, `valid_from`, `valid_until`, `usage_limit`, `usage_count`, `is_auto_apply`, `is_active`, `created_at`, `updated_at`) VALUES
('3fde0bd7-0640-4952-943e-f8aeccd47701', 'fee5a0aa-73ca-4947-ab88-4d15f80f62bb', 'BIRTHDAY', 'Birthday Special 25%', '25% discount for birthday customers', 'percentage', 'order', 25.00, 100000.00, 0.00, NULL, 1, NULL, NULL, NULL, '2026-05-23', '2027-05-23', NULL, 0, 0, 1, '2026-05-23 03:14:07', '2026-05-23 03:14:07'),
('66f82ecc-f543-4f92-b376-ff7565c2f953', 'fee5a0aa-73ca-4947-ab88-4d15f80f62bb', 'FLAT25K', 'Flat Rp 25.000 Off', 'Flat Rp 25.000 discount for minimum purchase Rp 100.000', 'fixed_amount', 'order', 25000.00, NULL, 100000.00, NULL, 0, NULL, NULL, NULL, '2026-05-23', '2027-05-23', NULL, 0, 0, 1, '2026-05-23 03:14:07', '2026-05-23 03:14:07'),
('7522098c-ba5e-4f51-b12d-1e97eabb47b8', 'fee5a0aa-73ca-4947-ab88-4d15f80f62bb', 'VIP20', 'VIP Discount 20%', '20% discount for VIP members', 'percentage', 'order', 20.00, 100000.00, 200000.00, NULL, 1, '[\"gold\",\"platinum\"]', NULL, NULL, '2026-05-23', '2027-05-23', NULL, 0, 0, 1, '2026-05-23 03:14:07', '2026-05-23 03:14:07'),
('99453c1a-0b0b-4b61-b366-9487e11b4bc8', 'fee5a0aa-73ca-4947-ab88-4d15f80f62bb', 'MEMBER15', 'Member Discount 15%', '15% discount for all members', 'percentage', 'order', 15.00, 75000.00, 150000.00, NULL, 1, '[\"silver\",\"gold\",\"platinum\"]', NULL, NULL, '2026-05-23', '2027-05-23', NULL, 0, 0, 1, '2026-05-23 03:14:07', '2026-05-23 03:14:07'),
('9a6da751-5f46-413f-a393-abd593231801', 'fee5a0aa-73ca-4947-ab88-4d15f80f62bb', 'FLAT50K', 'Flat Rp 50.000 Off', 'Flat Rp 50.000 discount for minimum purchase Rp 200.000', 'fixed_amount', 'order', 50000.00, NULL, 200000.00, NULL, 0, NULL, NULL, NULL, '2026-05-23', '2027-05-23', NULL, 0, 0, 1, '2026-05-23 03:14:07', '2026-05-23 03:14:07'),
('b04363c2-a32d-4b63-a7ef-29640beaaaaa', 'fee5a0aa-73ca-4947-ab88-4d15f80f62bb', 'WELCOME10', 'Welcome Discount 10%', 'Welcome discount for new customers', 'percentage', 'order', 10.00, 50000.00, 100000.00, NULL, 0, NULL, NULL, NULL, '2026-05-23', '2027-05-23', NULL, 0, 0, 1, '2026-05-23 03:14:07', '2026-05-23 03:14:07'),
('dc736ee9-4953-480c-8f0d-32013fbfa275', 'fee5a0aa-73ca-4947-ab88-4d15f80f62bb', 'WEEKEND10', 'Weekend Special 10%', '10% discount on weekends', 'percentage', 'order', 10.00, 50000.00, 100000.00, NULL, 0, NULL, NULL, NULL, '2026-05-23', '2027-05-23', NULL, 0, 0, 1, '2026-05-23 03:14:07', '2026-05-23 03:14:07'),
('f8a7a0be-0fd6-4ffd-a3ed-93816c887cf5', 'fee5a0aa-73ca-4947-ab88-4d15f80f62bb', 'HAPPY5', 'Happy Hour 5%', 'Happy hour discount - auto applied', 'percentage', 'order', 5.00, 25000.00, 50000.00, NULL, 0, NULL, NULL, NULL, '2026-05-23', '2027-05-23', NULL, 0, 1, 1, '2026-05-23 03:14:07', '2026-05-23 03:14:07');

-- --------------------------------------------------------

--
-- Table structure for table `failed_jobs`
--

CREATE TABLE `failed_jobs` (
  `id` bigint(20) UNSIGNED NOT NULL,
  `uuid` varchar(255) NOT NULL,
  `connection` text NOT NULL,
  `queue` text NOT NULL,
  `payload` longtext NOT NULL,
  `exception` longtext NOT NULL,
  `failed_at` timestamp NOT NULL DEFAULT current_timestamp()
) ENGINE=InnoDB DEFAULT CHARSET=utf8mb4 COLLATE=utf8mb4_unicode_ci;

-- --------------------------------------------------------

--
-- Table structure for table `floors`
--

CREATE TABLE `floors` (
  `id` char(36) NOT NULL,
  `tenant_id` char(36) NOT NULL,
  `outlet_id` char(36) NOT NULL,
  `name` varchar(100) NOT NULL,
  `description` text DEFAULT NULL,
  `sort_order` int(11) NOT NULL DEFAULT 0,
  `is_active` tinyint(1) NOT NULL DEFAULT 1,
  `created_at` timestamp NULL DEFAULT NULL,
  `updated_at` timestamp NULL DEFAULT NULL
) ENGINE=InnoDB DEFAULT CHARSET=utf8mb4 COLLATE=utf8mb4_unicode_ci;

--
-- Dumping data for table `floors`
--

INSERT INTO `floors` (`id`, `tenant_id`, `outlet_id`, `name`, `description`, `sort_order`, `is_active`, `created_at`, `updated_at`) VALUES
('50f42b67-6e20-4d8d-945c-dd74b2515da1', 'fee5a0aa-73ca-4947-ab88-4d15f80f62bb', 'e5eda2e6-be39-4d86-abb0-eb5723d6af40', 'Lantai 1', 'Lantai utama dengan area indoor', 1, 1, '2026-05-23 03:14:07', '2026-05-23 03:14:07'),
('8d08c35f-ec5f-492e-85cf-9729d3ca647d', 'fee5a0aa-73ca-4947-ab88-4d15f80f62bb', 'e5eda2e6-be39-4d86-abb0-eb5723d6af40', 'Lantai 2', 'Lantai atas dengan pemandangan', 2, 1, '2026-05-23 03:14:07', '2026-05-23 03:14:07'),
('8e0da0ba-64b1-4946-9b27-6f0910bfc4f3', 'fee5a0aa-73ca-4947-ab88-4d15f80f62bb', '8c8265f8-8c1c-4921-942f-b20ce24be7b0', 'Lantai 2', 'Lantai atas dengan pemandangan', 2, 1, '2026-05-23 03:14:07', '2026-05-23 03:14:07'),
('9f03c133-c785-469c-bdfa-ee81f0f8428e', 'fee5a0aa-73ca-4947-ab88-4d15f80f62bb', '8c8265f8-8c1c-4921-942f-b20ce24be7b0', 'Lantai 1', 'Lantai utama dengan area indoor', 1, 1, '2026-05-23 03:14:07', '2026-05-23 03:14:07'),
('ac83c2a8-7047-4f4e-9f46-22f225859053', 'fee5a0aa-73ca-4947-ab88-4d15f80f62bb', '8c8265f8-8c1c-4921-942f-b20ce24be7b0', 'Outdoor', 'Area terbuka di luar ruangan', 3, 1, '2026-05-23 03:14:07', '2026-05-23 03:14:07'),
('ff511a72-e0c0-4248-b66b-04a6b2c92137', 'fee5a0aa-73ca-4947-ab88-4d15f80f62bb', 'e5eda2e6-be39-4d86-abb0-eb5723d6af40', 'Outdoor', 'Area terbuka di luar ruangan', 3, 1, '2026-05-23 03:14:07', '2026-05-23 03:14:07');

-- --------------------------------------------------------

--
-- Table structure for table `goods_receives`
--

CREATE TABLE `goods_receives` (
  `id` char(36) NOT NULL,
  `tenant_id` char(36) NOT NULL,
  `outlet_id` char(36) NOT NULL,
  `purchase_order_id` char(36) DEFAULT NULL,
  `supplier_id` char(36) NOT NULL,
  `gr_number` varchar(50) NOT NULL,
  `receive_date` date NOT NULL,
  `status` varchar(255) NOT NULL DEFAULT 'draft',
  `invoice_number` varchar(255) DEFAULT NULL,
  `invoice_date` date DEFAULT NULL,
  `subtotal` decimal(15,2) NOT NULL DEFAULT 0.00,
  `tax_amount` decimal(15,2) NOT NULL DEFAULT 0.00,
  `discount_amount` decimal(15,2) NOT NULL DEFAULT 0.00,
  `total` decimal(15,2) NOT NULL DEFAULT 0.00,
  `notes` text DEFAULT NULL,
  `received_by` char(36) NOT NULL,
  `created_at` timestamp NULL DEFAULT NULL,
  `updated_at` timestamp NULL DEFAULT NULL
) ENGINE=InnoDB DEFAULT CHARSET=utf8mb4 COLLATE=utf8mb4_unicode_ci;

--
-- Dumping data for table `goods_receives`
--

INSERT INTO `goods_receives` (`id`, `tenant_id`, `outlet_id`, `purchase_order_id`, `supplier_id`, `gr_number`, `receive_date`, `status`, `invoice_number`, `invoice_date`, `subtotal`, `tax_amount`, `discount_amount`, `total`, `notes`, `received_by`, `created_at`, `updated_at`) VALUES
('0945f4f4-29ee-420f-9462-f3a24f200b26', 'fee5a0aa-73ca-4947-ab88-4d15f80f62bb', '8c8265f8-8c1c-4921-942f-b20ce24be7b0', '6628aa07-af65-4f72-904d-b01d5059d8c1', 'b888f0e5-761a-4c18-8f73-c74101f6d6dd', 'GR-00005', '2026-05-11', 'completed', 'INV-171043', '2026-05-11', 10300981.15, 1133107.93, 84755.55, 11434089.08, NULL, '3094d61f-580a-466b-b867-e8c813eb52b4', '2026-05-23 03:13:59', '2026-05-23 03:13:59'),
('2902e91a-7fa1-4b5a-bc96-860314910077', 'fee5a0aa-73ca-4947-ab88-4d15f80f62bb', '8c8265f8-8c1c-4921-942f-b20ce24be7b0', 'a7d357cb-d55e-4c4f-8f7f-53ffbdb8ea7b', 'd42fa5a6-2c26-4dd6-89d6-b710e8a71b0d', 'GR-00007', '2026-04-23', 'completed', 'INV-676085', '2026-04-23', 9271274.60, 1019840.21, 474201.00, 10291114.81, NULL, '3094d61f-580a-466b-b867-e8c813eb52b4', '2026-05-23 03:13:59', '2026-05-23 03:14:00'),
('44943e71-1449-407f-b00c-3aecc931a2ab', 'fee5a0aa-73ca-4947-ab88-4d15f80f62bb', '8c8265f8-8c1c-4921-942f-b20ce24be7b0', '6a8e3c4d-bd8f-487b-ad1b-fbd7e816a098', '947170bc-409c-4ea4-b580-b816d119d9f3', 'GR-00006', '2026-05-22', 'completed', 'INV-369873', '2026-05-22', 1400357.00, 154039.27, 4113.50, 1554396.27, 'Maiores et assumenda culpa libero.', '3094d61f-580a-466b-b867-e8c813eb52b4', '2026-05-23 03:13:59', '2026-05-23 03:13:59'),
('60504c30-34f4-43a4-a1b7-f8b5b5d29318', 'fee5a0aa-73ca-4947-ab88-4d15f80f62bb', '8c8265f8-8c1c-4921-942f-b20ce24be7b0', '17d74a76-7d14-4c8c-859c-b4a729005b85', 'cb98b0e8-e508-47f7-af35-fda03c1c7fa4', 'GR-00003', '2026-05-21', 'completed', 'INV-932198', '2026-05-21', 5462804.23, 600908.46, 34623.40, 6063712.69, NULL, '3094d61f-580a-466b-b867-e8c813eb52b4', '2026-05-23 03:13:59', '2026-05-23 03:13:59'),
('b68f5a95-e5db-4dde-a95b-d1a8c99af616', 'fee5a0aa-73ca-4947-ab88-4d15f80f62bb', '8c8265f8-8c1c-4921-942f-b20ce24be7b0', '1f85fe9a-8bfd-4357-b41a-7a1ecf2a3320', 'cb98b0e8-e508-47f7-af35-fda03c1c7fa4', 'GR-00004', '2026-04-30', 'completed', 'INV-130411', '2026-04-30', 3760982.03, 413708.02, 109885.97, 4174690.05, 'Optio quis similique sunt.', '3094d61f-580a-466b-b867-e8c813eb52b4', '2026-05-23 03:13:59', '2026-05-23 03:13:59'),
('f471a882-9443-403a-893a-acb35944f138', 'fee5a0aa-73ca-4947-ab88-4d15f80f62bb', '8c8265f8-8c1c-4921-942f-b20ce24be7b0', '05a1da6c-c660-45b5-9eef-6523973c69fd', '37e46037-41a9-43e3-80ef-0e21e7c55ac8', 'GR-00001', '2026-05-19', 'completed', 'INV-974790', '2026-05-19', 21207563.75, 2332832.01, 498677.85, 23540395.76, NULL, '3094d61f-580a-466b-b867-e8c813eb52b4', '2026-05-23 03:13:59', '2026-05-23 03:13:59'),
('fc34c78e-f1df-41f5-a398-b9d86c2011b5', 'fee5a0aa-73ca-4947-ab88-4d15f80f62bb', '8c8265f8-8c1c-4921-942f-b20ce24be7b0', '05ab519a-7800-4c04-bf67-31b2e8dc37ae', 'd42fa5a6-2c26-4dd6-89d6-b710e8a71b0d', 'GR-00002', '2026-05-03', 'completed', 'INV-588380', '2026-05-03', 26913908.05, 2960529.89, 872475.65, 29874437.94, NULL, '3094d61f-580a-466b-b867-e8c813eb52b4', '2026-05-23 03:13:59', '2026-05-23 03:13:59');

-- --------------------------------------------------------

--
-- Table structure for table `goods_receive_items`
--

CREATE TABLE `goods_receive_items` (
  `id` char(36) NOT NULL,
  `goods_receive_id` char(36) NOT NULL,
  `purchase_order_item_id` char(36) DEFAULT NULL,
  `inventory_item_id` char(36) NOT NULL,
  `unit_id` char(36) NOT NULL,
  `unit_conversion` decimal(12,4) NOT NULL DEFAULT 1.0000,
  `quantity` decimal(12,4) NOT NULL,
  `stock_qty` decimal(12,4) NOT NULL,
  `unit_price` decimal(15,2) NOT NULL DEFAULT 0.00,
  `discount_percent` decimal(5,2) NOT NULL DEFAULT 0.00,
  `discount_amount` decimal(15,2) NOT NULL DEFAULT 0.00,
  `tax_percent` decimal(5,2) NOT NULL DEFAULT 0.00,
  `tax_amount` decimal(15,2) NOT NULL DEFAULT 0.00,
  `total` decimal(15,2) NOT NULL DEFAULT 0.00,
  `batch_number` varchar(50) DEFAULT NULL,
  `production_date` date DEFAULT NULL,
  `expiry_date` date DEFAULT NULL,
  `notes` text DEFAULT NULL,
  `created_at` timestamp NULL DEFAULT NULL,
  `updated_at` timestamp NULL DEFAULT NULL
) ENGINE=InnoDB DEFAULT CHARSET=utf8mb4 COLLATE=utf8mb4_unicode_ci;

--
-- Dumping data for table `goods_receive_items`
--

INSERT INTO `goods_receive_items` (`id`, `goods_receive_id`, `purchase_order_item_id`, `inventory_item_id`, `unit_id`, `unit_conversion`, `quantity`, `stock_qty`, `unit_price`, `discount_percent`, `discount_amount`, `tax_percent`, `tax_amount`, `total`, `batch_number`, `production_date`, `expiry_date`, `notes`, `created_at`, `updated_at`) VALUES
('0cf4ae1a-18ed-454b-aceb-fd7873ccc80a', 'f471a882-9443-403a-893a-acb35944f138', '60fa1044-0c05-4e89-af37-6875df6370bc', '4a75e970-f153-4186-b969-d09c1c94820d', '7ee4c650-fae3-4a85-a8cd-74e3049fa828', 1.0000, 46.5200, 46.5200, 48480.00, 0.00, 0.00, 11.00, 248081.86, 2503371.46, 'BATCH-762439', '2026-05-16', '2026-05-25', NULL, '2026-05-23 03:13:59', '2026-05-23 03:13:59'),
('13677c40-6933-4e4f-9a7b-3072e302de19', 'fc34c78e-f1df-41f5-a398-b9d86c2011b5', '5075aea8-5e28-454e-9103-65172eaf5e2f', '8260fc52-f5fb-4154-9851-736cdbf8a257', '573ba895-1241-4235-8937-9958b7827d33', 1.0000, 13.1500, 13.1500, 218.00, 0.00, 0.00, 11.00, 315.34, 3182.04, 'BATCH-421791', '2026-04-27', '2026-05-30', NULL, '2026-05-23 03:13:59', '2026-05-23 03:13:59'),
('14a1ef46-cf9b-4e75-8d47-92fc199a438d', 'b68f5a95-e5db-4dde-a95b-d1a8c99af616', '251b5de5-9731-4f63-9c77-3478993dcfd9', '0ae6dd9b-b245-4bb8-80a7-fcd09070fd4e', '135d56f1-e047-459a-a5e0-260ed2c646d9', 1.0000, 21.1000, 21.1000, 33600.00, 0.00, 0.00, 11.00, 77985.60, 786945.60, 'BATCH-985174', '2026-04-28', '2026-06-06', NULL, '2026-05-23 03:13:59', '2026-05-23 03:13:59'),
('14c87382-b06c-42ec-ad67-629cac99809e', 'fc34c78e-f1df-41f5-a398-b9d86c2011b5', '73966cbd-5ab4-4640-9c3c-8535c3698b7d', 'd7809427-bec1-4202-9f42-30981ab692d4', '7ee4c650-fae3-4a85-a8cd-74e3049fa828', 1.0000, 27.0300, 27.0300, 325500.00, 5.00, 439913.25, 11.00, 919418.69, 9277770.44, NULL, NULL, '2027-05-23', NULL, '2026-05-23 03:13:59', '2026-05-23 03:13:59'),
('1b7b4459-e4a8-42db-b243-063feb0a5bc1', '0945f4f4-29ee-420f-9462-f3a24f200b26', 'a97cdd62-8edb-4d2b-a87a-266ce24c5f0b', '1142502a-749f-4a0c-9a52-1ab6c098a5fd', 'bacdb581-2cb1-41eb-91e7-ba71e367553b', 1.0000, 36.2600, 36.2600, 29120.00, 0.00, 0.00, 11.00, 116148.03, 1172039.23, NULL, NULL, '2027-05-23', NULL, '2026-05-23 03:13:59', '2026-05-23 03:13:59'),
('1e11e621-0f00-412a-840f-c98698ec8535', 'f471a882-9443-403a-893a-acb35944f138', 'a3ec51bf-fa3f-4589-8940-4d37314fec95', 'ae08af5c-3d51-4931-a5c0-72814e2172f5', 'bacdb581-2cb1-41eb-91e7-ba71e367553b', 1.0000, 41.7900, 41.7900, 272500.00, 0.00, 0.00, 11.00, 1252655.25, 12640430.25, NULL, NULL, '2027-05-23', NULL, '2026-05-23 03:13:59', '2026-05-23 03:13:59'),
('2616ec63-d159-417c-bd7f-54d450a59f79', '0945f4f4-29ee-420f-9462-f3a24f200b26', '0efe5d56-14fd-4f60-ba35-c39bbbf2fcb2', '6c31aa1f-53e9-4bdb-8b17-c0bfa31eb681', '7ee4c650-fae3-4a85-a8cd-74e3049fa828', 1.0000, 31.4900, 31.4900, 163500.00, 0.00, 0.00, 11.00, 566347.65, 5714962.65, NULL, NULL, '2027-05-23', NULL, '2026-05-23 03:13:59', '2026-05-23 03:13:59'),
('37e983e9-583b-448a-8495-3c4ed1bab814', 'b68f5a95-e5db-4dde-a95b-d1a8c99af616', '2446ea80-9ac8-444a-9662-dc3564099e41', 'ecd6c8c0-eb6d-4842-bc89-2d49e2f4564d', '7ee4c650-fae3-4a85-a8cd-74e3049fa828', 1.0000, 36.6200, 36.6200, 31500.00, 0.00, 0.00, 11.00, 126888.30, 1280418.30, 'BATCH-493327', '2026-05-21', '2026-06-22', NULL, '2026-05-23 03:13:59', '2026-05-23 03:13:59'),
('392b9171-7932-4eb1-8a00-16e0284b4840', 'f471a882-9443-403a-893a-acb35944f138', 'f6f984e3-428f-4ed3-947d-0e7f35bab622', 'd7809427-bec1-4202-9f42-30981ab692d4', '7ee4c650-fae3-4a85-a8cd-74e3049fa828', 1.0000, 7.3600, 7.3600, 357000.00, 0.00, 0.00, 11.00, 289027.20, 2916547.20, NULL, NULL, '2027-05-23', NULL, '2026-05-23 03:13:59', '2026-05-23 03:13:59'),
('39d05cad-f7dd-4558-bcdf-2f4bb196d1d7', '2902e91a-7fa1-4b5a-bc96-860314910077', '852fca41-cc6e-4097-b2e7-852805999a4d', 'ec5437de-944a-44e9-9ba1-47d0aa2075e7', '7ee4c650-fae3-4a85-a8cd-74e3049fa828', 1.0000, 6.5600, 6.5600, 110400.00, 0.00, 0.00, 11.00, 79664.64, 803888.64, NULL, NULL, '2028-05-22', NULL, '2026-05-23 03:13:59', '2026-05-23 03:13:59'),
('501e401f-9cf8-4346-9fcb-32f818ef80b0', 'f471a882-9443-403a-893a-acb35944f138', 'a2d16a97-8112-4aa7-849f-2f477709f53a', '3b5d64fc-719c-46b8-a0b0-6508caa31388', '7ee4c650-fae3-4a85-a8cd-74e3049fa828', 1.0000, 36.8700, 36.8700, 91200.00, 10.00, 336254.40, 11.00, 332891.86, 3359181.46, 'BATCH-820725', '2026-05-11', '2026-05-26', NULL, '2026-05-23 03:13:59', '2026-05-23 03:13:59'),
('5124806c-2829-421d-8dde-632926d153ec', '2902e91a-7fa1-4b5a-bc96-860314910077', '3854474e-a395-4fea-8860-68e8db9b6c66', 'b6bb2924-53a6-4f80-9e1d-d5b11eee3545', '7ee4c650-fae3-4a85-a8cd-74e3049fa828', 1.0000, 42.8000, 42.8000, 41400.00, 0.00, 0.00, 11.00, 194911.20, 1966831.20, 'BATCH-207506', '2026-04-23', '2026-06-13', NULL, '2026-05-23 03:13:59', '2026-05-23 03:13:59'),
('532331b1-286a-4f40-8b2e-3e75fa09f849', 'b68f5a95-e5db-4dde-a95b-d1a8c99af616', 'f57e1cc4-a4e8-430c-a66a-36fa27b88993', 'f1a251f8-abea-4798-b680-bb094dcd53e1', '7ee4c650-fae3-4a85-a8cd-74e3049fa828', 1.0000, 45.1100, 45.1100, 24000.00, 10.00, 108264.00, 11.00, 107181.36, 1081557.36, 'BATCH-428761', '2026-05-21', '2026-06-22', NULL, '2026-05-23 03:13:59', '2026-05-23 03:13:59'),
('5359ede2-7f44-4a62-bcaa-dfe3b4f51144', 'f471a882-9443-403a-893a-acb35944f138', 'e33dae14-7aee-44d1-a947-7e4009c4555a', '6fb1a2d9-0342-4939-9d76-46b69ac202e6', '7ee4c650-fae3-4a85-a8cd-74e3049fa828', 1.0000, 30.3500, 30.3500, 16380.00, 5.00, 24856.65, 11.00, 51950.40, 524226.75, 'BATCH-752841', '2026-05-01', '2026-05-30', NULL, '2026-05-23 03:13:59', '2026-05-23 03:13:59'),
('570b4819-edc6-4266-aaf9-d5fe5ae6441a', '44943e71-1449-407f-b00c-3aecc931a2ab', '0e3d3377-27aa-4c75-a157-f90546040f1d', '8dbe9773-a8a0-45b4-a108-a5cb4f10b0ce', '7ee4c650-fae3-4a85-a8cd-74e3049fa828', 1.0000, 13.8555, 13.8555, 33950.00, 0.00, 0.00, 11.00, 51743.36, 522137.59, 'BATCH-600783', '2026-05-07', '2026-06-22', NULL, '2026-05-23 03:13:59', '2026-05-23 03:13:59'),
('57f5364f-4ea5-4349-8d86-188ede4d073d', '2902e91a-7fa1-4b5a-bc96-860314910077', 'df3ff772-4ac5-4859-bcbf-a8a8614a788d', '4a75e970-f153-4186-b969-d09c1c94820d', '7ee4c650-fae3-4a85-a8cd-74e3049fa828', 1.0000, 13.8800, 13.8800, 52320.00, 0.00, 0.00, 11.00, 79882.18, 806083.78, 'BATCH-410697', '2026-05-01', '2026-05-25', NULL, '2026-05-23 03:13:59', '2026-05-23 03:13:59'),
('62f27cda-cd15-4d0b-8e8f-064390b6c93a', 'f471a882-9443-403a-893a-acb35944f138', 'abbb4f78-65fd-4134-8817-29649efdd2bf', '681a4ae6-cc8b-40af-b2f8-11530be29b9f', '7ee4c650-fae3-4a85-a8cd-74e3049fa828', 1.0000, 37.0800, 37.0800, 37100.00, 10.00, 137566.80, 11.00, 136191.13, 1374292.33, NULL, NULL, '2027-05-23', NULL, '2026-05-23 03:13:59', '2026-05-23 03:13:59'),
('632f702c-3599-4149-bdc7-4c0730a022ea', 'fc34c78e-f1df-41f5-a398-b9d86c2011b5', '3b00e620-2e58-4b9f-93e3-394acd05ed8a', 'fd8045ed-53fc-4b7c-acc6-f9da2b95aafb', '7ee4c650-fae3-4a85-a8cd-74e3049fa828', 1.0000, 49.6300, 49.6300, 147000.00, 0.00, 0.00, 11.00, 802517.10, 8098127.10, 'BATCH-267904', '2026-05-03', '2026-05-28', NULL, '2026-05-23 03:13:59', '2026-05-23 03:13:59'),
('6a3cc4ef-428e-489e-b017-18716d1d3db6', 'fc34c78e-f1df-41f5-a398-b9d86c2011b5', 'c2dd6c50-3cf4-4b8c-9cc1-fc0eeb5724f8', '81d3c1eb-efa5-4e1f-bc7d-0b1fd8bb86cc', '7ee4c650-fae3-4a85-a8cd-74e3049fa828', 1.0000, 13.6700, 13.6700, 88400.00, 5.00, 60421.40, 11.00, 126280.73, 1274287.33, NULL, NULL, '2027-05-23', NULL, '2026-05-23 03:13:59', '2026-05-23 03:13:59'),
('7a1f676f-3eed-41e0-ba6f-21fa0d61c069', '0945f4f4-29ee-420f-9462-f3a24f200b26', '7d1600ed-c6a9-432d-80a1-4f6d74dac303', '0c3ddb0b-e4ce-41bc-9778-5d4c00ba2e1c', '135d56f1-e047-459a-a5e0-260ed2c646d9', 1.0000, 6.8000, 6.8000, 24000.00, 0.00, 0.00, 11.00, 17952.00, 181152.00, NULL, NULL, '2028-05-22', NULL, '2026-05-23 03:13:59', '2026-05-23 03:13:59'),
('8ab46d29-302d-44ae-beac-ea986c9e5426', '60504c30-34f4-43a4-a1b7-f8b5b5d29318', '5083314b-af6e-40d4-bfca-fc36a4bdec6b', '81d3c1eb-efa5-4e1f-bc7d-0b1fd8bb86cc', '7ee4c650-fae3-4a85-a8cd-74e3049fa828', 1.0000, 2.9638, 2.9638, 91800.00, 5.00, 13603.84, 11.00, 28432.03, 286905.03, NULL, NULL, '2027-05-23', NULL, '2026-05-23 03:13:59', '2026-05-23 03:13:59'),
('914203ca-287c-4dce-a325-42c11789971c', 'b68f5a95-e5db-4dde-a95b-d1a8c99af616', 'd080cf6e-d30c-40b4-ba00-815b1a4f9002', 'c0e26b88-77b5-4a58-ac52-ddbf02482c62', 'bacdb581-2cb1-41eb-91e7-ba71e367553b', 1.0000, 45.5300, 45.5300, 19620.00, 0.00, 0.00, 11.00, 98262.85, 991561.45, 'BATCH-919435', '2026-05-15', '2026-05-30', NULL, '2026-05-23 03:13:59', '2026-05-23 03:13:59'),
('9eb301ea-7915-4c29-9b97-9890af113582', '0945f4f4-29ee-420f-9462-f3a24f200b26', 'f801d71c-32ca-42c0-94c9-403058fb8c12', 'add48938-8a33-41b6-b46b-7079e4e31bec', '7ee4c650-fae3-4a85-a8cd-74e3049fa828', 1.0000, 20.1300, 20.1300, 157500.00, 0.00, 0.00, 11.00, 348752.25, 3519227.25, 'BATCH-766646', '2026-04-26', '2026-05-25', NULL, '2026-05-23 03:13:59', '2026-05-23 03:13:59'),
('a872730f-794f-489e-8c70-e27b919b4830', 'b68f5a95-e5db-4dde-a95b-d1a8c99af616', '4ad910da-c8b5-4c9a-8b75-cdf384964eaf', 'c94a654a-f572-4326-8a1d-edaf43ba7a6c', '135d56f1-e047-459a-a5e0-260ed2c646d9', 1.0000, 9.8600, 9.8600, 3290.00, 5.00, 1621.97, 11.00, 3389.92, 34207.35, NULL, NULL, NULL, NULL, '2026-05-23 03:13:59', '2026-05-23 03:13:59'),
('a913afcb-6251-42e1-b126-8d13998eccad', 'fc34c78e-f1df-41f5-a398-b9d86c2011b5', 'cbd537c8-fc98-400c-a3b3-c00426bf071d', '26c30409-cd63-4ab8-ba7d-e6ef140affd7', '7ee4c650-fae3-4a85-a8cd-74e3049fa828', 1.0000, 23.7100, 23.7100, 99750.00, 0.00, 0.00, 11.00, 260157.98, 2625230.48, 'BATCH-294111', '2026-04-23', '2026-06-22', NULL, '2026-05-23 03:13:59', '2026-05-23 03:13:59'),
('acc7704b-fc16-4b04-96de-23f46c8c06b7', 'fc34c78e-f1df-41f5-a398-b9d86c2011b5', 'c5b6967f-e4db-4d4b-b2a2-767ee6805198', 'd772b9f5-c0a7-42d9-bbf4-146aff9cd079', '135d56f1-e047-459a-a5e0-260ed2c646d9', 1.0000, 13.9000, 13.9000, 17640.00, 0.00, 0.00, 11.00, 26971.56, 272167.56, NULL, NULL, '2027-05-23', NULL, '2026-05-23 03:13:59', '2026-05-23 03:13:59'),
('c460c290-ef39-4584-9290-76e9d2b22faf', '60504c30-34f4-43a4-a1b7-f8b5b5d29318', '2d73e247-0043-4601-b2d5-aaf76f6035d4', 'ece8261c-292f-4650-8e52-eada4ab9f5cb', '135d56f1-e047-459a-a5e0-260ed2c646d9', 1.0000, 11.1280, 11.1280, 2375.00, 0.00, 0.00, 11.00, 2907.19, 29336.19, NULL, NULL, '2027-05-23', NULL, '2026-05-23 03:13:59', '2026-05-23 03:13:59'),
('cbd64e5f-8144-41fa-9b65-34ad627c7fdc', '44943e71-1449-407f-b00c-3aecc931a2ab', '13da12db-dc97-4de0-a8b9-58e77c4e8ef4', '5339be37-d3ae-43f0-a586-af0a34946aa0', '7ee4c650-fae3-4a85-a8cd-74e3049fa828', 1.0000, 23.1784, 23.1784, 36750.00, 0.00, 0.00, 11.00, 93698.68, 945504.88, NULL, NULL, '2026-08-21', NULL, '2026-05-23 03:13:59', '2026-05-23 03:13:59'),
('d2454724-40bc-4a23-8269-343d676f8081', 'fc34c78e-f1df-41f5-a398-b9d86c2011b5', 'fe0db219-7022-4c74-a215-f02497beff4f', '94bbd6b1-8bed-411c-bc4d-557e0f50a8f1', '7ee4c650-fae3-4a85-a8cd-74e3049fa828', 1.0000, 10.2300, 10.2300, 41850.00, 0.00, 0.00, 11.00, 47093.81, 475219.31, 'BATCH-182654', '2026-05-16', '2026-05-25', NULL, '2026-05-23 03:13:59', '2026-05-23 03:13:59'),
('d676e80c-cc4a-4f3e-bb09-db3ce4e7f394', '60504c30-34f4-43a4-a1b7-f8b5b5d29318', 'b15c041c-959c-45f8-bf62-ecaeb3f863cc', 'ae08af5c-3d51-4931-a5c0-72814e2172f5', 'bacdb581-2cb1-41eb-91e7-ba71e367553b', 1.0000, 12.6504, 12.6504, 272500.00, 0.00, 0.00, 11.00, 379195.74, 3826429.74, NULL, NULL, '2027-05-23', NULL, '2026-05-23 03:13:59', '2026-05-23 03:13:59'),
('de595f1e-fe00-4e52-86d0-3da5a1f6cb90', '60504c30-34f4-43a4-a1b7-f8b5b5d29318', '3c6824a0-bc2d-4fdd-8ec0-4e612f7ed8bb', 'ecd6c8c0-eb6d-4842-bc89-2d49e2f4564d', '7ee4c650-fae3-4a85-a8cd-74e3049fa828', 1.0000, 11.2254, 11.2254, 37450.00, 5.00, 21019.56, 11.00, 43930.88, 443302.55, 'BATCH-183954', '2026-05-08', '2026-06-22', NULL, '2026-05-23 03:13:59', '2026-05-23 03:13:59'),
('e6151d7b-e150-4ea0-9a31-77eb6fd9cd62', '44943e71-1449-407f-b00c-3aecc931a2ab', '92c68d3c-f3ef-49c1-ab5b-f16a9a714c16', '4499d420-8ffc-4ee0-a55b-8ce5e7211729', '7ee4c650-fae3-4a85-a8cd-74e3049fa828', 1.0000, 5.7132, 5.7132, 14400.00, 5.00, 4113.50, 11.00, 8597.22, 86753.80, NULL, NULL, '2026-11-19', NULL, '2026-05-23 03:13:59', '2026-05-23 03:13:59'),
('eadd57f5-c6a6-4557-9371-9244243c9923', 'fc34c78e-f1df-41f5-a398-b9d86c2011b5', '09c7d68d-1f8b-4625-b540-a230e7c7ddf4', 'd4412092-df4e-455e-9188-fd11c6dffcd5', '7ee4c650-fae3-4a85-a8cd-74e3049fa828', 1.0000, 39.3800, 39.3800, 189000.00, 5.00, 372141.00, 11.00, 777774.69, 7848453.69, NULL, NULL, '2026-11-19', NULL, '2026-05-23 03:13:59', '2026-05-23 03:13:59'),
('ebea423f-4c4e-4ab8-8704-9febae5a900b', '0945f4f4-29ee-420f-9462-f3a24f200b26', '84e57fc5-74de-4190-a9c8-530e9ad77ae1', 'eb332c72-7f29-4e61-bd07-6dd299ee7a90', '7ee4c650-fae3-4a85-a8cd-74e3049fa828', 1.0000, 16.5700, 16.5700, 51150.00, 10.00, 84755.55, 11.00, 83907.99, 846707.94, 'BATCH-849664', '2026-05-19', '2026-05-28', NULL, '2026-05-23 03:13:59', '2026-05-23 03:13:59'),
('f66207a0-7ce9-47e1-8925-dc5862a89e03', '2902e91a-7fa1-4b5a-bc96-860314910077', '88bad244-af6d-4d84-934b-c7d1e31112ba', '1a52da1f-0d52-4fcb-8a6b-39407115b8d8', '7ee4c650-fae3-4a85-a8cd-74e3049fa828', 1.0000, 25.0900, 25.0900, 189000.00, 10.00, 474201.00, 11.00, 469458.99, 4737267.99, NULL, NULL, '2027-05-23', NULL, '2026-05-23 03:13:59', '2026-05-23 03:13:59'),
('fb1e706a-e059-4d35-94cd-64be9e15f76f', '2902e91a-7fa1-4b5a-bc96-860314910077', '00afe912-125b-4c0b-94e4-9b679f1fee52', '9ff4762a-46d2-4f5b-a946-09e898d415f2', '7ee4c650-fae3-4a85-a8cd-74e3049fa828', 1.0000, 29.4400, 29.4400, 60500.00, 0.00, 0.00, 11.00, 195923.20, 1977043.20, NULL, NULL, '2026-11-19', NULL, '2026-05-23 03:13:59', '2026-05-23 03:13:59'),
('fe0a30eb-4cf3-4781-8b48-656e212c13c6', 'f471a882-9443-403a-893a-acb35944f138', '1a555e2e-d5fe-4287-85a6-ab73cc56448a', 'ae74846a-31fc-41f4-901a-74729ff714b1', '135d56f1-e047-459a-a5e0-260ed2c646d9', 1.0000, 7.3000, 7.3000, 27440.00, 0.00, 0.00, 11.00, 22034.32, 222346.32, 'BATCH-064284', '2026-05-03', '2026-06-06', NULL, '2026-05-23 03:13:59', '2026-05-23 03:13:59'),
('ff4a0229-bb12-42b1-8f46-cff85236c3af', '60504c30-34f4-43a4-a1b7-f8b5b5d29318', 'fa121079-f299-4159-8669-6037c4826486', '8f345d03-bb0d-4c61-b342-4a6ccc1235c4', '7ee4c650-fae3-4a85-a8cd-74e3049fa828', 1.0000, 14.9416, 14.9416, 89100.00, 0.00, 0.00, 11.00, 146442.62, 1477739.18, NULL, NULL, '2026-07-22', NULL, '2026-05-23 03:13:59', '2026-05-23 03:13:59');

-- --------------------------------------------------------

--
-- Table structure for table `held_orders`
--

CREATE TABLE `held_orders` (
  `id` char(36) NOT NULL,
  `tenant_id` char(36) NOT NULL,
  `outlet_id` char(36) NOT NULL,
  `pos_session_id` char(36) NOT NULL,
  `user_id` char(36) NOT NULL,
  `customer_id` char(36) DEFAULT NULL,
  `hold_number` varchar(255) NOT NULL,
  `reference` varchar(255) DEFAULT NULL,
  `table_number` varchar(255) DEFAULT NULL,
  `items` longtext CHARACTER SET utf8mb4 COLLATE utf8mb4_bin NOT NULL CHECK (json_valid(`items`)),
  `discounts` longtext CHARACTER SET utf8mb4 COLLATE utf8mb4_bin DEFAULT NULL CHECK (json_valid(`discounts`)),
  `subtotal` decimal(15,2) NOT NULL DEFAULT 0.00,
  `discount_amount` decimal(15,2) NOT NULL DEFAULT 0.00,
  `tax_amount` decimal(15,2) NOT NULL DEFAULT 0.00,
  `tax_mode` enum('exclusive','inclusive') NOT NULL DEFAULT 'exclusive',
  `service_charge_amount` decimal(15,2) NOT NULL DEFAULT 0.00,
  `grand_total` decimal(15,2) NOT NULL DEFAULT 0.00,
  `notes` text DEFAULT NULL,
  `expires_at` timestamp NULL DEFAULT NULL,
  `created_at` timestamp NULL DEFAULT NULL,
  `updated_at` timestamp NULL DEFAULT NULL
) ENGINE=InnoDB DEFAULT CHARSET=utf8mb4 COLLATE=utf8mb4_unicode_ci;

--
-- Dumping data for table `held_orders`
--

INSERT INTO `held_orders` (`id`, `tenant_id`, `outlet_id`, `pos_session_id`, `user_id`, `customer_id`, `hold_number`, `reference`, `table_number`, `items`, `discounts`, `subtotal`, `discount_amount`, `tax_amount`, `tax_mode`, `service_charge_amount`, `grand_total`, `notes`, `expires_at`, `created_at`, `updated_at`) VALUES
('8409971e-305f-4d29-bded-0b1bdaf35875', 'fee5a0aa-73ca-4947-ab88-4d15f80f62bb', '8c8265f8-8c1c-4921-942f-b20ce24be7b0', '03cd719c-fd8a-48c9-80bc-be69bf798802', '69353b8f-83e5-40d9-95a8-9c47e42825b3', '14db04e7-5c6f-47e4-85ec-a9934810a0a9', 'HLD-20260523-0002', 'Pak Ahmad', NULL, '[{\"product_id\":\"fb3613d7-2fd4-4119-8804-d923a10c3415\",\"product_variant_id\":null,\"item_name\":\"Cappuccino\",\"item_sku\":\"HOT-CAP-001\",\"quantity\":1,\"unit_price\":32000,\"base_price\":32000,\"variant_price_adjustment\":0,\"modifiers_total\":0,\"modifiers\":[],\"subtotal\":32000,\"notes\":null},{\"product_id\":\"6f9029da-8dc7-48ce-ae48-2d0e4726e356\",\"product_variant_id\":null,\"item_name\":\"Club Sandwich\",\"item_sku\":\"SAND-CLB-001\",\"quantity\":1,\"unit_price\":55000,\"base_price\":55000,\"variant_price_adjustment\":0,\"modifiers_total\":0,\"modifiers\":[],\"subtotal\":55000,\"notes\":null}]', '[]', 87000.00, 0.00, 9570.00, 'exclusive', 4350.00, 100920.00, 'Takeaway - ambil 15 menit lagi', '2026-05-23 07:14:15', '2026-05-23 03:14:15', '2026-05-23 03:14:15'),
('acc59603-807a-4966-92df-29df447058ac', 'fee5a0aa-73ca-4947-ab88-4d15f80f62bb', '8c8265f8-8c1c-4921-942f-b20ce24be7b0', '03cd719c-fd8a-48c9-80bc-be69bf798802', '69353b8f-83e5-40d9-95a8-9c47e42825b3', '9ee4e721-f68b-464b-a08e-b3e250c82330', 'HLD-20260523-0001', 'Meja Luar #3', '3', '[{\"product_id\":\"873fd30d-c076-46be-b7fe-98ea7b797a53\",\"product_variant_id\":null,\"item_name\":\"Iced Americano\",\"item_sku\":\"ICE-AME-001\",\"quantity\":2,\"unit_price\":30000,\"base_price\":30000,\"variant_price_adjustment\":0,\"modifiers_total\":0,\"modifiers\":[],\"subtotal\":60000,\"notes\":null},{\"product_id\":\"0caa53a2-18b3-416f-8b28-c57e1208ba2c\",\"product_variant_id\":null,\"item_name\":\"Cold Brew\",\"item_sku\":\"ICE-CB-001\",\"quantity\":1,\"unit_price\":38000,\"base_price\":38000,\"variant_price_adjustment\":0,\"modifiers_total\":0,\"modifiers\":[],\"subtotal\":38000,\"notes\":null},{\"product_id\":\"eeb61689-ee40-4337-857c-08525e8bfdc4\",\"product_variant_id\":null,\"item_name\":\"Croissant\",\"item_sku\":\"PASTRY-CR-001\",\"quantity\":2,\"unit_price\":22000,\"base_price\":22000,\"variant_price_adjustment\":0,\"modifiers_total\":0,\"modifiers\":[],\"subtotal\":44000,\"notes\":null}]', '[]', 142000.00, 0.00, 15620.00, 'exclusive', 7100.00, 164720.00, 'Tunggu teman datang', '2026-05-23 07:14:15', '2026-05-23 03:14:15', '2026-05-23 03:14:15'),
('cf4fd33e-a7cd-4c32-8ff3-e507cb7be15f', 'fee5a0aa-73ca-4947-ab88-4d15f80f62bb', '8c8265f8-8c1c-4921-942f-b20ce24be7b0', '03cd719c-fd8a-48c9-80bc-be69bf798802', '69353b8f-83e5-40d9-95a8-9c47e42825b3', '571e7a12-37ab-42f9-8842-d31cd5bd04e0', 'HLD-20260523-0003', 'Meeting Room VIP', '10', '[{\"product_id\":\"6f2d59c8-1c5a-4ffe-aac4-ecf2f3d16975\",\"product_variant_id\":null,\"item_name\":\"Earl Grey\",\"item_sku\":\"TEA-EG-001\",\"quantity\":3,\"unit_price\":25000,\"base_price\":25000,\"variant_price_adjustment\":0,\"modifiers_total\":0,\"modifiers\":[],\"subtotal\":75000,\"notes\":null},{\"product_id\":\"0fc5eee9-ad2d-4687-b636-dc7b2485e9e9\",\"product_variant_id\":null,\"item_name\":\"Green Tea Latte\",\"item_sku\":\"TEA-GTL-001\",\"quantity\":2,\"unit_price\":35000,\"base_price\":35000,\"variant_price_adjustment\":0,\"modifiers_total\":0,\"modifiers\":[],\"subtotal\":70000,\"notes\":null},{\"product_id\":\"abf64656-f417-4162-81c6-42a949263e51\",\"product_variant_id\":null,\"item_name\":\"Cheesecake\",\"item_sku\":\"CAKE-CHE-001\",\"quantity\":2,\"unit_price\":45000,\"base_price\":45000,\"variant_price_adjustment\":0,\"modifiers_total\":0,\"modifiers\":[],\"subtotal\":90000,\"notes\":null},{\"product_id\":\"3d987f55-7f18-4ce7-b333-4b7d0e8ae51f\",\"product_variant_id\":null,\"item_name\":\"Tiramisu\",\"item_sku\":\"CAKE-TIR-001\",\"quantity\":1,\"unit_price\":48000,\"base_price\":48000,\"variant_price_adjustment\":0,\"modifiers_total\":0,\"modifiers\":[],\"subtotal\":48000,\"notes\":null}]', '[]', 283000.00, 0.00, 31130.00, 'exclusive', 14150.00, 328280.00, 'Meeting selesai jam 3 sore, billing nanti', '2026-05-23 07:14:15', '2026-05-23 03:14:15', '2026-05-23 03:14:15');

-- --------------------------------------------------------

--
-- Table structure for table `inventory_categories`
--

CREATE TABLE `inventory_categories` (
  `id` char(36) NOT NULL,
  `tenant_id` char(36) NOT NULL,
  `parent_id` char(36) DEFAULT NULL,
  `code` varchar(20) DEFAULT NULL,
  `name` varchar(255) NOT NULL,
  `slug` varchar(255) NOT NULL,
  `description` text DEFAULT NULL,
  `sort_order` int(11) NOT NULL DEFAULT 0,
  `is_active` tinyint(1) NOT NULL DEFAULT 1,
  `created_at` timestamp NULL DEFAULT NULL,
  `updated_at` timestamp NULL DEFAULT NULL
) ENGINE=InnoDB DEFAULT CHARSET=utf8mb4 COLLATE=utf8mb4_unicode_ci;

--
-- Dumping data for table `inventory_categories`
--

INSERT INTO `inventory_categories` (`id`, `tenant_id`, `parent_id`, `code`, `name`, `slug`, `description`, `sort_order`, `is_active`, `created_at`, `updated_at`) VALUES
('08120607-b959-486e-a4e0-2ec8eceea6e0', 'fee5a0aa-73ca-4947-ab88-4d15f80f62bb', 'f2cda098-ea20-4aeb-a89d-5e3ebac5a26e', NULL, 'Vegetables', 'vegetables', 'Fresh vegetables', 1, 1, '2026-05-23 03:13:58', '2026-05-23 03:13:58'),
('1db8a299-ea06-4c55-a583-bae1e4ab7e13', 'fee5a0aa-73ca-4947-ab88-4d15f80f62bb', 'f2cda098-ea20-4aeb-a89d-5e3ebac5a26e', NULL, 'Fruits', 'fruits', 'Fresh fruits', 2, 1, '2026-05-23 03:13:58', '2026-05-23 03:13:58'),
('2b36a992-d69f-4d68-b609-b3e1cd8a1b68', 'fee5a0aa-73ca-4947-ab88-4d15f80f62bb', 'b13053ed-eb65-49ce-8331-8fd74559d834', NULL, 'Seafood', 'seafood', 'Fish, shrimp, squid, etc.', 3, 1, '2026-05-23 03:13:58', '2026-05-23 03:13:58'),
('3657d71d-19e2-4997-99f2-6018ac4e4b86', 'fee5a0aa-73ca-4947-ab88-4d15f80f62bb', 'b13053ed-eb65-49ce-8331-8fd74559d834', NULL, 'Poultry', 'poultry', 'Chicken, duck, turkey', 2, 1, '2026-05-23 03:13:58', '2026-05-23 03:13:58'),
('3f2dae54-08ad-4867-9712-e332993ce60a', 'fee5a0aa-73ca-4947-ab88-4d15f80f62bb', NULL, NULL, 'Sauces & Condiments', 'sauces-condiments', 'Sauces, dressings, and condiments', 6, 1, '2026-05-23 03:13:58', '2026-05-23 03:13:58'),
('5d91ab1d-634f-410e-9dba-1ab55b37c293', 'fee5a0aa-73ca-4947-ab88-4d15f80f62bb', 'f817480e-539a-4f31-a6cc-ca4c35a13468', NULL, 'Cheese', 'cheese', 'Various types of cheese', 2, 1, '2026-05-23 03:13:58', '2026-05-23 03:13:58'),
('619ec75a-ba23-4252-a842-1bccb1ec75be', 'fee5a0aa-73ca-4947-ab88-4d15f80f62bb', NULL, NULL, 'Dry Goods', 'dry-goods', 'Shelf-stable dry ingredients', 4, 1, '2026-05-23 03:13:58', '2026-05-23 03:13:58'),
('6c0a02dc-6f36-40d2-a122-8742b7b1d969', 'fee5a0aa-73ca-4947-ab88-4d15f80f62bb', NULL, NULL, 'Cleaning Supplies', 'cleaning-supplies', 'Cleaning and sanitation products', 9, 1, '2026-05-23 03:13:58', '2026-05-23 03:13:58'),
('70351fe3-4624-4203-a0e6-65967baee1bb', 'fee5a0aa-73ca-4947-ab88-4d15f80f62bb', '619ec75a-ba23-4252-a842-1bccb1ec75be', NULL, 'Spices & Seasonings', 'spices-seasonings', 'Dried spices and seasonings', 3, 1, '2026-05-23 03:13:58', '2026-05-23 03:13:58'),
('8df24336-4916-411d-8376-b8fe866413b2', 'fee5a0aa-73ca-4947-ab88-4d15f80f62bb', '619ec75a-ba23-4252-a842-1bccb1ec75be', NULL, 'Flour & Grains', 'flour-grains', 'Flour, rice, pasta, grains', 1, 1, '2026-05-23 03:13:58', '2026-05-23 03:13:58'),
('9ae0c7f7-9058-42cf-8c45-47fe928623dd', 'fee5a0aa-73ca-4947-ab88-4d15f80f62bb', 'f817480e-539a-4f31-a6cc-ca4c35a13468', NULL, 'Butter & Margarine', 'butter-margarine', 'Butter and margarine products', 3, 1, '2026-05-23 03:13:58', '2026-05-23 03:13:58'),
('9bcceb0e-a2b5-4b8a-8de2-a91740a4fce7', 'fee5a0aa-73ca-4947-ab88-4d15f80f62bb', 'f817480e-539a-4f31-a6cc-ca4c35a13468', NULL, 'Eggs', 'eggs', 'Chicken eggs and other eggs', 4, 1, '2026-05-23 03:13:58', '2026-05-23 03:13:58'),
('a8849248-5aab-452c-b809-6374834e0b76', 'fee5a0aa-73ca-4947-ab88-4d15f80f62bb', 'e64dfa8d-e8ed-49d2-a331-54824e26072e', NULL, 'Coffee & Tea', 'coffee-tea', 'Coffee beans, tea leaves, supplies', 1, 1, '2026-05-23 03:13:58', '2026-05-23 03:13:58'),
('a893d76d-0616-4591-b61d-84665cbe6889', 'fee5a0aa-73ca-4947-ab88-4d15f80f62bb', 'e64dfa8d-e8ed-49d2-a331-54824e26072e', NULL, 'Juices', 'juices', 'Fresh and packaged juices', 3, 1, '2026-05-23 03:13:58', '2026-05-23 03:13:58'),
('ac9edb26-5d56-40af-aa14-11e0f31980e0', 'fee5a0aa-73ca-4947-ab88-4d15f80f62bb', NULL, NULL, 'Oils & Fats', 'oils-fats', 'Cooking oils and fats', 7, 1, '2026-05-23 03:13:58', '2026-05-23 03:13:58'),
('b13053ed-eb65-49ce-8331-8fd74559d834', 'fee5a0aa-73ca-4947-ab88-4d15f80f62bb', NULL, NULL, 'Proteins', 'proteins', 'Meat, poultry, seafood, and other protein sources', 1, 1, '2026-05-23 03:13:58', '2026-05-23 03:13:58'),
('b5302e62-9a99-409e-8af3-603f536c25ed', 'fee5a0aa-73ca-4947-ab88-4d15f80f62bb', 'f817480e-539a-4f31-a6cc-ca4c35a13468', NULL, 'Milk & Cream', 'milk-cream', 'Fresh milk, cream, and milk products', 1, 1, '2026-05-23 03:13:58', '2026-05-23 03:13:58'),
('b96bba16-c9c0-4919-91fb-f1f951766ed4', 'fee5a0aa-73ca-4947-ab88-4d15f80f62bb', NULL, NULL, 'Packaging & Supplies', 'packaging-supplies', 'Takeaway containers, napkins, etc.', 8, 1, '2026-05-23 03:13:58', '2026-05-23 03:13:58'),
('c8d3ab32-b569-46fb-bff3-186cb41c8da6', 'fee5a0aa-73ca-4947-ab88-4d15f80f62bb', '619ec75a-ba23-4252-a842-1bccb1ec75be', NULL, 'Canned Goods', 'canned-goods', 'Canned and preserved foods', 4, 1, '2026-05-23 03:13:58', '2026-05-23 03:13:58'),
('cdda158a-e600-4287-ae94-7c3712985e11', 'fee5a0aa-73ca-4947-ab88-4d15f80f62bb', '619ec75a-ba23-4252-a842-1bccb1ec75be', NULL, 'Sugar & Sweeteners', 'sugar-sweeteners', 'Sugar, honey, syrups', 2, 1, '2026-05-23 03:13:58', '2026-05-23 03:13:58'),
('d489e451-a058-4795-bb43-5dc17df97242', 'fee5a0aa-73ca-4947-ab88-4d15f80f62bb', 'e64dfa8d-e8ed-49d2-a331-54824e26072e', NULL, 'Soft Drinks', 'soft-drinks', 'Carbonated and non-carbonated drinks', 2, 1, '2026-05-23 03:13:58', '2026-05-23 03:13:58'),
('d4bf48f6-e142-46f1-a01b-a9875eb6969d', 'fee5a0aa-73ca-4947-ab88-4d15f80f62bb', 'b13053ed-eb65-49ce-8331-8fd74559d834', NULL, 'Beef', 'beef', 'Beef cuts and ground beef', 1, 1, '2026-05-23 03:13:58', '2026-05-23 03:13:58'),
('d9de3620-1497-4044-8a14-aab7c783a61d', 'fee5a0aa-73ca-4947-ab88-4d15f80f62bb', 'f2cda098-ea20-4aeb-a89d-5e3ebac5a26e', NULL, 'Herbs', 'herbs', 'Fresh herbs and aromatics', 3, 1, '2026-05-23 03:13:58', '2026-05-23 03:13:58'),
('e64dfa8d-e8ed-49d2-a331-54824e26072e', 'fee5a0aa-73ca-4947-ab88-4d15f80f62bb', NULL, NULL, 'Beverages', 'beverages', 'Drinks and beverage ingredients', 5, 1, '2026-05-23 03:13:58', '2026-05-23 03:13:58'),
('f2cda098-ea20-4aeb-a89d-5e3ebac5a26e', 'fee5a0aa-73ca-4947-ab88-4d15f80f62bb', NULL, NULL, 'Produce', 'produce', 'Fresh fruits and vegetables', 2, 1, '2026-05-23 03:13:58', '2026-05-23 03:13:58'),
('f817480e-539a-4f31-a6cc-ca4c35a13468', 'fee5a0aa-73ca-4947-ab88-4d15f80f62bb', NULL, NULL, 'Dairy & Eggs', 'dairy-eggs', 'Milk products and eggs', 3, 1, '2026-05-23 03:13:58', '2026-05-23 03:13:58');

-- --------------------------------------------------------

--
-- Table structure for table `inventory_items`
--

CREATE TABLE `inventory_items` (
  `id` char(36) NOT NULL,
  `tenant_id` char(36) NOT NULL,
  `category_id` char(36) DEFAULT NULL,
  `unit_id` char(36) NOT NULL,
  `purchase_unit_id` char(36) DEFAULT NULL,
  `sku` varchar(50) NOT NULL,
  `barcode` varchar(50) DEFAULT NULL,
  `name` varchar(255) NOT NULL,
  `type` varchar(30) NOT NULL DEFAULT 'raw_material',
  `description` text DEFAULT NULL,
  `image` varchar(255) DEFAULT NULL,
  `purchase_unit_conversion` decimal(12,4) NOT NULL DEFAULT 1.0000,
  `cost_price` decimal(15,2) NOT NULL DEFAULT 0.00,
  `min_stock` decimal(12,4) NOT NULL DEFAULT 0.0000,
  `max_stock` decimal(12,4) DEFAULT NULL,
  `reorder_point` decimal(12,4) NOT NULL DEFAULT 0.0000,
  `reorder_qty` decimal(12,4) NOT NULL DEFAULT 0.0000,
  `shelf_life_days` int(11) DEFAULT NULL,
  `storage_location` varchar(100) DEFAULT NULL,
  `is_perishable` tinyint(1) NOT NULL DEFAULT 0,
  `track_batches` tinyint(1) NOT NULL DEFAULT 0,
  `is_active` tinyint(1) NOT NULL DEFAULT 1,
  `created_at` timestamp NULL DEFAULT NULL,
  `updated_at` timestamp NULL DEFAULT NULL
) ENGINE=InnoDB DEFAULT CHARSET=utf8mb4 COLLATE=utf8mb4_unicode_ci;

--
-- Dumping data for table `inventory_items`
--

INSERT INTO `inventory_items` (`id`, `tenant_id`, `category_id`, `unit_id`, `purchase_unit_id`, `sku`, `barcode`, `name`, `type`, `description`, `image`, `purchase_unit_conversion`, `cost_price`, `min_stock`, `max_stock`, `reorder_point`, `reorder_qty`, `shelf_life_days`, `storage_location`, `is_perishable`, `track_batches`, `is_active`, `created_at`, `updated_at`) VALUES
('02f6bf02-c90b-4c40-a141-2cb51fa475a3', 'fee5a0aa-73ca-4947-ab88-4d15f80f62bb', 'b5302e62-9a99-409e-8af3-603f536c25ed', 'bacdb581-2cb1-41eb-91e7-ba71e367553b', NULL, 'DY-002', '8991234567072', 'Whipping Cream', 'raw_material', NULL, NULL, 1.0000, 65000.00, 10.0000, 100.0000, 20.0000, 50.0000, 14, NULL, 0, 1, 1, '2026-05-23 03:13:58', '2026-05-23 03:13:58'),
('08b1289b-80fb-43ad-ad09-7297baf82931', 'fee5a0aa-73ca-4947-ab88-4d15f80f62bb', 'ac9edb26-5d56-40af-aa14-11e0f31980e0', 'bacdb581-2cb1-41eb-91e7-ba71e367553b', NULL, 'OL-003', '8991234567193', 'Minyak Wijen', 'raw_material', NULL, NULL, 1.0000, 120000.00, 10.0000, 100.0000, 20.0000, 50.0000, 365, NULL, 0, 0, 1, '2026-05-23 03:13:59', '2026-05-23 03:13:59'),
('08e03421-4a39-40f3-b759-65017a25a9cd', 'fee5a0aa-73ca-4947-ab88-4d15f80f62bb', '08120607-b959-486e-a4e0-2ec8eceea6e0', '7ee4c650-fae3-4a85-a8cd-74e3049fa828', NULL, 'VG-008', '8991234567038', 'Selada Romaine', 'raw_material', NULL, NULL, 1.0000, 25000.00, 10.0000, 100.0000, 20.0000, 50.0000, 5, NULL, 0, 1, 1, '2026-05-23 03:13:58', '2026-05-23 03:13:58'),
('0ae6dd9b-b245-4bb8-80a7-fcd09070fd4e', 'fee5a0aa-73ca-4947-ab88-4d15f80f62bb', 'a893d76d-0616-4591-b61d-84665cbe6889', '135d56f1-e047-459a-a5e0-260ed2c646d9', NULL, 'JC-002', '8991234567172', 'Jus Apel 1L', 'raw_material', NULL, NULL, 1.0000, 32000.00, 10.0000, 100.0000, 20.0000, 50.0000, 14, NULL, 0, 1, 1, '2026-05-23 03:13:58', '2026-05-23 03:13:58'),
('0b679841-55cb-42f6-839b-e873e73120cf', 'fee5a0aa-73ca-4947-ab88-4d15f80f62bb', 'd9de3620-1497-4044-8a14-aab7c783a61d', '573ba895-1241-4235-8937-9958b7827d33', NULL, 'HB-005', '8991234567065', 'Daun Ketumbar', 'raw_material', NULL, NULL, 1.0000, 80.00, 10.0000, 100.0000, 20.0000, 50.0000, 5, NULL, 0, 1, 1, '2026-05-23 03:13:58', '2026-05-23 03:13:58'),
('0c3ddb0b-e4ce-41bc-9778-5d4c00ba2e1c', 'fee5a0aa-73ca-4947-ab88-4d15f80f62bb', 'c8d3ab32-b569-46fb-bff3-186cb41c8da6', '135d56f1-e047-459a-a5e0-260ed2c646d9', NULL, 'CN-001', '8991234567141', 'Tomat Kalengan Utuh', 'raw_material', NULL, NULL, 1.0000, 25000.00, 10.0000, 100.0000, 20.0000, 50.0000, 730, NULL, 0, 0, 1, '2026-05-23 03:13:58', '2026-05-23 03:13:58'),
('0f8e346d-8ee1-4f2a-82de-6ad0f9920f4a', 'fee5a0aa-73ca-4947-ab88-4d15f80f62bb', '8df24336-4916-411d-8376-b8fe866413b2', '7ee4c650-fae3-4a85-a8cd-74e3049fa828', NULL, 'FL-003', '8991234567113', 'Tepung Maizena', 'raw_material', NULL, NULL, 1.0000, 25000.00, 10.0000, 100.0000, 20.0000, 50.0000, 365, NULL, 0, 0, 1, '2026-05-23 03:13:58', '2026-05-23 03:13:58'),
('0fe42abe-ef9a-4c79-b26b-f72cf8f521ad', 'fee5a0aa-73ca-4947-ab88-4d15f80f62bb', 'd489e451-a058-4795-bb43-5dc17df97242', '135d56f1-e047-459a-a5e0-260ed2c646d9', NULL, 'SD-004', '8991234567164', 'Teh Botol 350ml', 'raw_material', NULL, NULL, 1.0000, 4000.00, 10.0000, 100.0000, 20.0000, 50.0000, 180, NULL, 0, 0, 1, '2026-05-23 03:13:58', '2026-05-23 03:13:58'),
('1142502a-749f-4a0c-9a52-1ab6c098a5fd', 'fee5a0aa-73ca-4947-ab88-4d15f80f62bb', '3f2dae54-08ad-4867-9712-e332993ce60a', 'bacdb581-2cb1-41eb-91e7-ba71e367553b', NULL, 'SC-006', '8991234567186', 'Saus Sambal', 'raw_material', NULL, NULL, 1.0000, 28000.00, 10.0000, 100.0000, 20.0000, 50.0000, 365, NULL, 0, 0, 1, '2026-05-23 03:13:58', '2026-05-23 03:13:58'),
('12bdf623-63d8-4c24-977c-f8ddf76bdc6c', 'fee5a0aa-73ca-4947-ab88-4d15f80f62bb', 'd9de3620-1497-4044-8a14-aab7c783a61d', '573ba895-1241-4235-8937-9958b7827d33', NULL, 'HB-002', '8991234567062', 'Daun Mint Segar', 'raw_material', NULL, NULL, 1.0000, 100.00, 10.0000, 100.0000, 20.0000, 50.0000, 5, NULL, 0, 1, 1, '2026-05-23 03:13:58', '2026-05-23 03:13:58'),
('12dea6c2-f310-446c-8ed4-e370186e0f80', 'fee5a0aa-73ca-4947-ab88-4d15f80f62bb', '70351fe3-4624-4203-a0e6-65967baee1bb', '7ee4c650-fae3-4a85-a8cd-74e3049fa828', NULL, 'SP-007', '8991234567137', 'MSG', 'raw_material', NULL, NULL, 1.0000, 28000.00, 10.0000, 100.0000, 20.0000, 50.0000, 730, NULL, 0, 0, 1, '2026-05-23 03:13:58', '2026-05-23 03:13:58'),
('143bfdf7-2d8a-44e6-adaa-b0c18d85c4ee', 'fee5a0aa-73ca-4947-ab88-4d15f80f62bb', '8df24336-4916-411d-8376-b8fe866413b2', '7ee4c650-fae3-4a85-a8cd-74e3049fa828', NULL, 'FL-005', '8991234567115', 'Pasta Spaghetti', 'raw_material', NULL, NULL, 1.0000, 35000.00, 10.0000, 100.0000, 20.0000, 50.0000, 365, NULL, 0, 0, 1, '2026-05-23 03:13:58', '2026-05-23 03:13:58'),
('1462554a-d08d-4da6-99d7-3b8434aeda4d', 'fee5a0aa-73ca-4947-ab88-4d15f80f62bb', '1db8a299-ea06-4c55-a583-bae1e4ab7e13', '7ee4c650-fae3-4a85-a8cd-74e3049fa828', NULL, 'FR-002', '8991234567052', 'Jeruk Nipis', 'raw_material', NULL, NULL, 1.0000, 20000.00, 10.0000, 100.0000, 20.0000, 50.0000, 14, NULL, 0, 1, 1, '2026-05-23 03:13:58', '2026-05-23 03:13:58'),
('196dab25-6699-49e8-aff8-853d49ca3dc5', 'fee5a0aa-73ca-4947-ab88-4d15f80f62bb', 'cdda158a-e600-4287-ae94-7c3712985e11', '7ee4c650-fae3-4a85-a8cd-74e3049fa828', NULL, 'SG-001', '8991234567121', 'Gula Pasir Putih', 'raw_material', NULL, NULL, 1.0000, 16000.00, 10.0000, 100.0000, 20.0000, 50.0000, 730, NULL, 0, 0, 1, '2026-05-23 03:13:58', '2026-05-23 03:13:58'),
('1a52da1f-0d52-4fcb-8a6b-39407115b8d8', 'fee5a0aa-73ca-4947-ab88-4d15f80f62bb', '70351fe3-4624-4203-a0e6-65967baee1bb', '7ee4c650-fae3-4a85-a8cd-74e3049fa828', NULL, 'SP-005', '8991234567135', 'Paprika Bubuk', 'raw_material', NULL, NULL, 1.0000, 180000.00, 10.0000, 100.0000, 20.0000, 50.0000, 365, NULL, 0, 0, 1, '2026-05-23 03:13:58', '2026-05-23 03:13:58'),
('1aa2b2f2-6035-4a61-932c-6a3c9742bad9', 'fee5a0aa-73ca-4947-ab88-4d15f80f62bb', 'a8849248-5aab-452c-b809-6374834e0b76', '7ee4c650-fae3-4a85-a8cd-74e3049fa828', NULL, 'CF-002', '8991234567152', 'Biji Kopi Robusta', 'raw_material', NULL, NULL, 1.0000, 95000.00, 10.0000, 100.0000, 20.0000, 50.0000, 180, NULL, 0, 0, 1, '2026-05-23 03:13:58', '2026-05-23 03:13:58'),
('22ad6310-d681-4cce-a353-214bb9aaf5b6', 'fee5a0aa-73ca-4947-ab88-4d15f80f62bb', 'ac9edb26-5d56-40af-aa14-11e0f31980e0', 'bacdb581-2cb1-41eb-91e7-ba71e367553b', NULL, 'OL-002', '8991234567192', 'Minyak Zaitun Extra Virgin', 'raw_material', NULL, NULL, 1.0000, 180000.00, 10.0000, 100.0000, 20.0000, 50.0000, 365, NULL, 0, 0, 1, '2026-05-23 03:13:59', '2026-05-23 03:13:59'),
('250ac775-be22-419c-a8e3-a82ef45a8232', 'fee5a0aa-73ca-4947-ab88-4d15f80f62bb', '3f2dae54-08ad-4867-9712-e332993ce60a', 'bacdb581-2cb1-41eb-91e7-ba71e367553b', NULL, 'SC-002', '8991234567182', 'Kecap Asin', 'raw_material', NULL, NULL, 1.0000, 18000.00, 10.0000, 100.0000, 20.0000, 50.0000, 365, NULL, 0, 0, 1, '2026-05-23 03:13:58', '2026-05-23 03:13:58'),
('25648899-ccc3-4a45-8fbf-e10cc4a87d66', 'fee5a0aa-73ca-4947-ab88-4d15f80f62bb', 'd4bf48f6-e142-46f1-a01b-a9875eb6969d', '7ee4c650-fae3-4a85-a8cd-74e3049fa828', NULL, 'BF-004', '8991234567004', 'Iga Sapi', 'raw_material', NULL, NULL, 1.0000, 120000.00, 10.0000, 100.0000, 20.0000, 50.0000, 5, NULL, 0, 1, 1, '2026-05-23 03:13:58', '2026-05-23 03:13:58'),
('26bdfd12-88f6-46b9-a28f-dbfe696a04e4', 'fee5a0aa-73ca-4947-ab88-4d15f80f62bb', '9bcceb0e-a2b5-4b8a-8de2-a91740a4fce7', '7ee4c650-fae3-4a85-a8cd-74e3049fa828', NULL, 'EG-001', '8991234567101', 'Telur Ayam Negeri', 'raw_material', NULL, NULL, 1.0000, 28000.00, 10.0000, 100.0000, 20.0000, 50.0000, 21, NULL, 0, 1, 1, '2026-05-23 03:13:58', '2026-05-23 03:13:58'),
('26c30409-cd63-4ab8-ba7d-e6ef140affd7', 'fee5a0aa-73ca-4947-ab88-4d15f80f62bb', '5d91ab1d-634f-410e-9dba-1ab55b37c293', '7ee4c650-fae3-4a85-a8cd-74e3049fa828', NULL, 'CH-001', '8991234567081', 'Keju Mozzarella', 'raw_material', NULL, NULL, 1.0000, 95000.00, 10.0000, 100.0000, 20.0000, 50.0000, 30, NULL, 0, 1, 1, '2026-05-23 03:13:58', '2026-05-23 03:13:58'),
('28922de4-43db-4c5c-8b8a-a6fa75a9a5d8', 'fee5a0aa-73ca-4947-ab88-4d15f80f62bb', '2b36a992-d69f-4d68-b609-b3e1cd8a1b68', '7ee4c650-fae3-4a85-a8cd-74e3049fa828', NULL, 'SF-003', '8991234567023', 'Ikan Dori Fillet', 'raw_material', NULL, NULL, 1.0000, 75000.00, 10.0000, 100.0000, 20.0000, 50.0000, 3, NULL, 0, 1, 1, '2026-05-23 03:13:58', '2026-05-23 03:13:58'),
('3028ccd7-7afc-47d2-8c46-78749ded1a37', 'fee5a0aa-73ca-4947-ab88-4d15f80f62bb', '6c0a02dc-6f36-40d2-a122-8742b7b1d969', '135d56f1-e047-459a-a5e0-260ed2c646d9', NULL, 'CL-006', '8991234567216', 'Lap Kain Dapur', 'raw_material', NULL, NULL, 1.0000, 8500.00, 10.0000, 100.0000, 20.0000, 50.0000, NULL, NULL, 0, 0, 1, '2026-05-23 03:13:59', '2026-05-23 03:13:59'),
('35f510f1-7150-42bf-87b1-85a66624f5ea', 'fee5a0aa-73ca-4947-ab88-4d15f80f62bb', '2b36a992-d69f-4d68-b609-b3e1cd8a1b68', '7ee4c650-fae3-4a85-a8cd-74e3049fa828', NULL, 'SF-002', '8991234567022', 'Ikan Salmon Fillet', 'raw_material', NULL, NULL, 1.0000, 220000.00, 10.0000, 100.0000, 20.0000, 50.0000, 3, NULL, 0, 1, 1, '2026-05-23 03:13:58', '2026-05-23 03:13:58'),
('374b03f3-91f2-4345-8806-d333e0dea68f', 'fee5a0aa-73ca-4947-ab88-4d15f80f62bb', '3657d71d-19e2-4997-99f2-6018ac4e4b86', '7ee4c650-fae3-4a85-a8cd-74e3049fa828', NULL, 'PL-004', '8991234567014', 'Sayap Ayam', 'raw_material', NULL, NULL, 1.0000, 35000.00, 10.0000, 100.0000, 20.0000, 50.0000, 3, NULL, 0, 1, 1, '2026-05-23 03:13:58', '2026-05-23 03:13:58'),
('3869962f-fdd4-4407-9f42-d6ead593a087', 'fee5a0aa-73ca-4947-ab88-4d15f80f62bb', '5d91ab1d-634f-410e-9dba-1ab55b37c293', '7ee4c650-fae3-4a85-a8cd-74e3049fa828', NULL, 'CH-002', '8991234567082', 'Keju Cheddar', 'raw_material', NULL, NULL, 1.0000, 85000.00, 10.0000, 100.0000, 20.0000, 50.0000, 60, NULL, 0, 0, 1, '2026-05-23 03:13:58', '2026-05-23 03:13:58'),
('3a4df2b2-32b5-469d-8d23-7c037463aed3', 'fee5a0aa-73ca-4947-ab88-4d15f80f62bb', '3657d71d-19e2-4997-99f2-6018ac4e4b86', '7ee4c650-fae3-4a85-a8cd-74e3049fa828', NULL, 'PL-001', '8991234567011', 'Ayam Utuh', 'raw_material', NULL, NULL, 1.0000, 38000.00, 10.0000, 100.0000, 20.0000, 50.0000, 3, NULL, 0, 1, 1, '2026-05-23 03:13:58', '2026-05-23 03:13:58'),
('3b5d64fc-719c-46b8-a0b0-6508caa31388', 'fee5a0aa-73ca-4947-ab88-4d15f80f62bb', 'd4bf48f6-e142-46f1-a01b-a9875eb6969d', '7ee4c650-fae3-4a85-a8cd-74e3049fa828', NULL, 'BF-003', '8991234567003', 'Daging Sapi Giling', 'raw_material', NULL, NULL, 1.0000, 95000.00, 10.0000, 100.0000, 20.0000, 50.0000, 3, NULL, 0, 1, 1, '2026-05-23 03:13:58', '2026-05-23 03:13:58'),
('4499d420-8ffc-4ee0-a55b-8ce5e7211729', 'fee5a0aa-73ca-4947-ab88-4d15f80f62bb', '8df24336-4916-411d-8376-b8fe866413b2', '7ee4c650-fae3-4a85-a8cd-74e3049fa828', NULL, 'FL-004', '8991234567114', 'Beras Putih Premium', 'raw_material', NULL, NULL, 1.0000, 15000.00, 10.0000, 100.0000, 20.0000, 50.0000, 180, NULL, 0, 0, 1, '2026-05-23 03:13:58', '2026-05-23 03:13:58'),
('45f30c5f-52d7-45a8-86cd-fc209983b7e7', 'fee5a0aa-73ca-4947-ab88-4d15f80f62bb', '3f2dae54-08ad-4867-9712-e332993ce60a', 'bacdb581-2cb1-41eb-91e7-ba71e367553b', NULL, 'SC-008', '8991234567188', 'BBQ Sauce', 'raw_material', NULL, NULL, 1.0000, 65000.00, 10.0000, 100.0000, 20.0000, 50.0000, 365, NULL, 0, 0, 1, '2026-05-23 03:13:59', '2026-05-23 03:13:59'),
('4a75e970-f153-4186-b969-d09c1c94820d', 'fee5a0aa-73ca-4947-ab88-4d15f80f62bb', '3657d71d-19e2-4997-99f2-6018ac4e4b86', '7ee4c650-fae3-4a85-a8cd-74e3049fa828', NULL, 'PL-005', '8991234567015', 'Ayam Cincang', 'raw_material', NULL, NULL, 1.0000, 48000.00, 10.0000, 100.0000, 20.0000, 50.0000, 2, NULL, 0, 1, 1, '2026-05-23 03:13:58', '2026-05-23 03:13:58'),
('4b0a0750-2dfc-426d-9380-878eee141971', 'fee5a0aa-73ca-4947-ab88-4d15f80f62bb', 'b96bba16-c9c0-4919-91fb-f1f951766ed4', '0a88de8a-d1ed-46cb-a659-5dea1a8581a6', NULL, 'PK-005', '8991234567205', 'Tisue Makan', 'raw_material', NULL, NULL, 1.0000, 35000.00, 10.0000, 100.0000, 20.0000, 50.0000, NULL, NULL, 0, 0, 1, '2026-05-23 03:13:59', '2026-05-23 03:13:59'),
('4b4ff6ba-9a6f-43c0-b09a-612e98e913d8', 'fee5a0aa-73ca-4947-ab88-4d15f80f62bb', 'd489e451-a058-4795-bb43-5dc17df97242', '135d56f1-e047-459a-a5e0-260ed2c646d9', NULL, 'SD-002', '8991234567162', 'Coca Cola 330ml', 'raw_material', NULL, NULL, 1.0000, 5500.00, 10.0000, 100.0000, 20.0000, 50.0000, 180, NULL, 0, 0, 1, '2026-05-23 03:13:58', '2026-05-23 03:13:58'),
('4faa2fd8-d144-4cbd-87a0-89e62f6cf254', 'fee5a0aa-73ca-4947-ab88-4d15f80f62bb', 'b5302e62-9a99-409e-8af3-603f536c25ed', 'bacdb581-2cb1-41eb-91e7-ba71e367553b', NULL, 'DY-004', '8991234567074', 'Susu UHT Full Cream', 'raw_material', NULL, NULL, 1.0000, 15000.00, 10.0000, 100.0000, 20.0000, 50.0000, 180, NULL, 0, 0, 1, '2026-05-23 03:13:58', '2026-05-23 03:13:58'),
('50227258-bde8-4585-82c3-24de0ec10c44', 'fee5a0aa-73ca-4947-ab88-4d15f80f62bb', '3657d71d-19e2-4997-99f2-6018ac4e4b86', '7ee4c650-fae3-4a85-a8cd-74e3049fa828', NULL, 'PL-006', '8991234567016', 'Bebek Utuh', 'raw_material', NULL, NULL, 1.0000, 65000.00, 10.0000, 100.0000, 20.0000, 50.0000, 3, NULL, 0, 1, 1, '2026-05-23 03:13:58', '2026-05-23 03:13:58'),
('50e4bdf2-d73b-415c-bd22-79f8477102d2', 'fee5a0aa-73ca-4947-ab88-4d15f80f62bb', '3657d71d-19e2-4997-99f2-6018ac4e4b86', '7ee4c650-fae3-4a85-a8cd-74e3049fa828', NULL, 'PL-002', '8991234567012', 'Dada Ayam Fillet', 'raw_material', NULL, NULL, 1.0000, 55000.00, 10.0000, 100.0000, 20.0000, 50.0000, 3, NULL, 0, 1, 1, '2026-05-23 03:13:58', '2026-05-23 03:13:58'),
('5269dc61-0e4d-4a32-82b3-3c662f9c4026', 'fee5a0aa-73ca-4947-ab88-4d15f80f62bb', '8df24336-4916-411d-8376-b8fe866413b2', '7ee4c650-fae3-4a85-a8cd-74e3049fa828', NULL, 'FL-007', '8991234567117', 'Mie Telur Kering', 'raw_material', NULL, NULL, 1.0000, 25000.00, 10.0000, 100.0000, 20.0000, 50.0000, 180, NULL, 0, 0, 1, '2026-05-23 03:13:58', '2026-05-23 03:13:58'),
('5339be37-d3ae-43f0-a586-af0a34946aa0', 'fee5a0aa-73ca-4947-ab88-4d15f80f62bb', '9ae0c7f7-9058-42cf-8c45-47fe928623dd', '7ee4c650-fae3-4a85-a8cd-74e3049fa828', NULL, 'BT-003', '8991234567093', 'Margarine', 'raw_material', NULL, NULL, 1.0000, 35000.00, 10.0000, 100.0000, 20.0000, 50.0000, 90, NULL, 0, 0, 1, '2026-05-23 03:13:58', '2026-05-23 03:13:58'),
('562a2b01-9d6f-4c2b-94ec-b8a7ea19bc74', 'fee5a0aa-73ca-4947-ab88-4d15f80f62bb', '6c0a02dc-6f36-40d2-a122-8742b7b1d969', 'bacdb581-2cb1-41eb-91e7-ba71e367553b', NULL, 'CL-003', '8991234567213', 'Hand Sanitizer', 'raw_material', NULL, NULL, 1.0000, 45000.00, 10.0000, 100.0000, 20.0000, 50.0000, 365, NULL, 0, 0, 1, '2026-05-23 03:13:59', '2026-05-23 03:13:59'),
('58217759-5292-40c1-abae-bd5a2dd71152', 'fee5a0aa-73ca-4947-ab88-4d15f80f62bb', 'ac9edb26-5d56-40af-aa14-11e0f31980e0', 'bacdb581-2cb1-41eb-91e7-ba71e367553b', NULL, 'OL-001', '8991234567191', 'Minyak Goreng Sawit', 'raw_material', NULL, NULL, 1.0000, 18000.00, 10.0000, 100.0000, 20.0000, 50.0000, 365, NULL, 0, 0, 1, '2026-05-23 03:13:59', '2026-05-23 03:13:59'),
('59ac9a43-7c4b-4a74-9358-b321df8e7d08', 'fee5a0aa-73ca-4947-ab88-4d15f80f62bb', '1db8a299-ea06-4c55-a583-bae1e4ab7e13', '7ee4c650-fae3-4a85-a8cd-74e3049fa828', NULL, 'FR-005', '8991234567055', 'Strawberry', 'raw_material', NULL, NULL, 1.0000, 85000.00, 10.0000, 100.0000, 20.0000, 50.0000, 5, NULL, 0, 1, 1, '2026-05-23 03:13:58', '2026-05-23 03:13:58'),
('5ee772ed-780d-44c7-80a3-22040ba3251c', 'fee5a0aa-73ca-4947-ab88-4d15f80f62bb', 'b96bba16-c9c0-4919-91fb-f1f951766ed4', '0a88de8a-d1ed-46cb-a659-5dea1a8581a6', NULL, 'PK-004', '8991234567204', 'Sedotan Kertas', 'raw_material', NULL, NULL, 1.0000, 25000.00, 10.0000, 100.0000, 20.0000, 50.0000, NULL, NULL, 0, 0, 1, '2026-05-23 03:13:59', '2026-05-23 03:13:59'),
('602b0eef-f478-4e05-83af-c7b9b1d9222e', 'fee5a0aa-73ca-4947-ab88-4d15f80f62bb', '1db8a299-ea06-4c55-a583-bae1e4ab7e13', '7ee4c650-fae3-4a85-a8cd-74e3049fa828', NULL, 'FR-001', '8991234567051', 'Lemon Import', 'raw_material', NULL, NULL, 1.0000, 35000.00, 10.0000, 100.0000, 20.0000, 50.0000, 14, NULL, 0, 1, 1, '2026-05-23 03:13:58', '2026-05-23 03:13:58'),
('60c0d6d0-df03-4f4f-8a8f-b5475524329c', 'fee5a0aa-73ca-4947-ab88-4d15f80f62bb', '2b36a992-d69f-4d68-b609-b3e1cd8a1b68', '7ee4c650-fae3-4a85-a8cd-74e3049fa828', NULL, 'SF-004', '8991234567024', 'Cumi-cumi Segar', 'raw_material', NULL, NULL, 1.0000, 85000.00, 10.0000, 100.0000, 20.0000, 50.0000, 2, NULL, 0, 1, 1, '2026-05-23 03:13:58', '2026-05-23 03:13:58'),
('613e8b12-e111-416b-83c6-573a105c0815', 'fee5a0aa-73ca-4947-ab88-4d15f80f62bb', '6c0a02dc-6f36-40d2-a122-8742b7b1d969', 'bacdb581-2cb1-41eb-91e7-ba71e367553b', NULL, 'CL-002', '8991234567212', 'Pembersih Lantai', 'raw_material', NULL, NULL, 1.0000, 18000.00, 10.0000, 100.0000, 20.0000, 50.0000, 730, NULL, 0, 0, 1, '2026-05-23 03:13:59', '2026-05-23 03:13:59'),
('681a4ae6-cc8b-40af-b2f8-11530be29b9f', 'fee5a0aa-73ca-4947-ab88-4d15f80f62bb', '8df24336-4916-411d-8376-b8fe866413b2', '7ee4c650-fae3-4a85-a8cd-74e3049fa828', NULL, 'FL-006', '8991234567116', 'Pasta Penne', 'raw_material', NULL, NULL, 1.0000, 35000.00, 10.0000, 100.0000, 20.0000, 50.0000, 365, NULL, 0, 0, 1, '2026-05-23 03:13:58', '2026-05-23 03:13:58'),
('6c31aa1f-53e9-4bdb-8b17-c0bfa31eb681', 'fee5a0aa-73ca-4947-ab88-4d15f80f62bb', '70351fe3-4624-4203-a0e6-65967baee1bb', '7ee4c650-fae3-4a85-a8cd-74e3049fa828', NULL, 'SP-002', '8991234567132', 'Merica Bubuk', 'raw_material', NULL, NULL, 1.0000, 150000.00, 10.0000, 100.0000, 20.0000, 50.0000, 365, NULL, 0, 0, 1, '2026-05-23 03:13:58', '2026-05-23 03:13:58'),
('6cbc2349-b9d1-45c0-8854-30dce14914da', 'fee5a0aa-73ca-4947-ab88-4d15f80f62bb', '3f2dae54-08ad-4867-9712-e332993ce60a', 'bacdb581-2cb1-41eb-91e7-ba71e367553b', NULL, 'SC-003', '8991234567183', 'Saus Tiram', 'raw_material', NULL, NULL, 1.0000, 45000.00, 10.0000, 100.0000, 20.0000, 50.0000, 365, NULL, 0, 0, 1, '2026-05-23 03:13:58', '2026-05-23 03:13:58'),
('6e16121e-48cf-49cd-b009-81d7a8f18c5b', 'fee5a0aa-73ca-4947-ab88-4d15f80f62bb', '2b36a992-d69f-4d68-b609-b3e1cd8a1b68', '7ee4c650-fae3-4a85-a8cd-74e3049fa828', NULL, 'SF-001', '8991234567021', 'Udang Vaname Ukuran 30', 'raw_material', NULL, NULL, 1.0000, 95000.00, 10.0000, 100.0000, 20.0000, 50.0000, 2, NULL, 0, 1, 1, '2026-05-23 03:13:58', '2026-05-23 03:13:58'),
('6e855b45-f21e-48c1-b317-0e6ee8dfdcdd', 'fee5a0aa-73ca-4947-ab88-4d15f80f62bb', 'd4bf48f6-e142-46f1-a01b-a9875eb6969d', '7ee4c650-fae3-4a85-a8cd-74e3049fa828', NULL, 'BF-001', '8991234567001', 'Daging Sapi Has Dalam (Tenderloin)', 'raw_material', NULL, NULL, 1.0000, 180000.00, 10.0000, 100.0000, 20.0000, 50.0000, 5, NULL, 0, 1, 1, '2026-05-23 03:13:58', '2026-05-23 03:13:58'),
('6fb1a2d9-0342-4939-9d76-46b69ac202e6', 'fee5a0aa-73ca-4947-ab88-4d15f80f62bb', '1db8a299-ea06-4c55-a583-bae1e4ab7e13', '7ee4c650-fae3-4a85-a8cd-74e3049fa828', NULL, 'FR-004', '8991234567054', 'Pisang Cavendish', 'raw_material', NULL, NULL, 1.0000, 18000.00, 10.0000, 100.0000, 20.0000, 50.0000, 7, NULL, 0, 1, 1, '2026-05-23 03:13:58', '2026-05-23 03:13:58'),
('7485d9ed-db53-42bc-a32d-62d50b99a65b', 'fee5a0aa-73ca-4947-ab88-4d15f80f62bb', 'b96bba16-c9c0-4919-91fb-f1f951766ed4', '0a88de8a-d1ed-46cb-a659-5dea1a8581a6', NULL, 'PK-008', '8991234567208', 'Garpu Plastik', 'raw_material', NULL, NULL, 1.0000, 12000.00, 10.0000, 100.0000, 20.0000, 50.0000, NULL, NULL, 0, 0, 1, '2026-05-23 03:13:59', '2026-05-23 03:13:59'),
('75bae00c-97d1-4abc-a8bf-a3550a003e63', 'fee5a0aa-73ca-4947-ab88-4d15f80f62bb', 'b96bba16-c9c0-4919-91fb-f1f951766ed4', '135d56f1-e047-459a-a5e0-260ed2c646d9', NULL, 'PK-006', '8991234567206', 'Cup Plastik 16oz', 'raw_material', NULL, NULL, 1.0000, 800.00, 10.0000, 100.0000, 20.0000, 50.0000, NULL, NULL, 0, 0, 1, '2026-05-23 03:13:59', '2026-05-23 03:13:59'),
('780055a4-ccdb-467a-afb7-a08339509140', 'fee5a0aa-73ca-4947-ab88-4d15f80f62bb', '70351fe3-4624-4203-a0e6-65967baee1bb', '7ee4c650-fae3-4a85-a8cd-74e3049fa828', NULL, 'SP-008', '8991234567138', 'Kaldu Ayam Bubuk', 'raw_material', NULL, NULL, 1.0000, 65000.00, 10.0000, 100.0000, 20.0000, 50.0000, 365, NULL, 0, 0, 1, '2026-05-23 03:13:58', '2026-05-23 03:13:58'),
('7b921f01-b00b-4775-9eb5-61644b91114f', 'fee5a0aa-73ca-4947-ab88-4d15f80f62bb', 'b96bba16-c9c0-4919-91fb-f1f951766ed4', '0a88de8a-d1ed-46cb-a659-5dea1a8581a6', NULL, 'PK-003', '8991234567203', 'Plastik Kresek Sedang', 'raw_material', NULL, NULL, 1.0000, 15000.00, 10.0000, 100.0000, 20.0000, 50.0000, NULL, NULL, 0, 0, 1, '2026-05-23 03:13:59', '2026-05-23 03:13:59'),
('7ec16d41-807e-43fc-a92f-32a6f16d0234', 'fee5a0aa-73ca-4947-ab88-4d15f80f62bb', '3657d71d-19e2-4997-99f2-6018ac4e4b86', '7ee4c650-fae3-4a85-a8cd-74e3049fa828', NULL, 'PL-003', '8991234567013', 'Paha Ayam', 'raw_material', NULL, NULL, 1.0000, 42000.00, 10.0000, 100.0000, 20.0000, 50.0000, 3, NULL, 0, 1, 1, '2026-05-23 03:13:58', '2026-05-23 03:13:58'),
('80adc244-40bf-4e5c-beb0-338474572b13', 'fee5a0aa-73ca-4947-ab88-4d15f80f62bb', 'd4bf48f6-e142-46f1-a01b-a9875eb6969d', '7ee4c650-fae3-4a85-a8cd-74e3049fa828', NULL, 'BF-005', '8991234567005', 'Daging Sapi Sandung Lamur', 'raw_material', NULL, NULL, 1.0000, 110000.00, 10.0000, 100.0000, 20.0000, 50.0000, 5, NULL, 0, 1, 1, '2026-05-23 03:13:58', '2026-05-23 03:13:58'),
('81d3c1eb-efa5-4e1f-bc7d-0b1fd8bb86cc', 'fee5a0aa-73ca-4947-ab88-4d15f80f62bb', '70351fe3-4624-4203-a0e6-65967baee1bb', '7ee4c650-fae3-4a85-a8cd-74e3049fa828', NULL, 'SP-003', '8991234567133', 'Kunyit Bubuk', 'raw_material', NULL, NULL, 1.0000, 85000.00, 10.0000, 100.0000, 20.0000, 50.0000, 365, NULL, 0, 0, 1, '2026-05-23 03:13:58', '2026-05-23 03:13:58'),
('8260fc52-f5fb-4154-9851-736cdbf8a257', 'fee5a0aa-73ca-4947-ab88-4d15f80f62bb', 'd9de3620-1497-4044-8a14-aab7c783a61d', '573ba895-1241-4235-8937-9958b7827d33', NULL, 'HB-004', '8991234567064', 'Thyme Segar', 'raw_material', NULL, NULL, 1.0000, 200.00, 10.0000, 100.0000, 20.0000, 50.0000, 7, NULL, 0, 1, 1, '2026-05-23 03:13:58', '2026-05-23 03:13:58'),
('8757ff98-056c-41a5-8e34-b7591bbc67d8', 'fee5a0aa-73ca-4947-ab88-4d15f80f62bb', 'b96bba16-c9c0-4919-91fb-f1f951766ed4', '135d56f1-e047-459a-a5e0-260ed2c646d9', NULL, 'PK-002', '8991234567202', 'Kotak Makan Kertas', 'raw_material', NULL, NULL, 1.0000, 2500.00, 10.0000, 100.0000, 20.0000, 50.0000, NULL, NULL, 0, 0, 1, '2026-05-23 03:13:59', '2026-05-23 03:13:59'),
('8cff6361-9336-43c4-be72-6110621e07e2', 'fee5a0aa-73ca-4947-ab88-4d15f80f62bb', 'a8849248-5aab-452c-b809-6374834e0b76', '7ee4c650-fae3-4a85-a8cd-74e3049fa828', NULL, 'CF-004', '8991234567154', 'Teh Hitam', 'raw_material', NULL, NULL, 1.0000, 120000.00, 10.0000, 100.0000, 20.0000, 50.0000, 365, NULL, 0, 0, 1, '2026-05-23 03:13:58', '2026-05-23 03:13:58'),
('8dbe9773-a8a0-45b4-a108-a5cb4f10b0ce', 'fee5a0aa-73ca-4947-ab88-4d15f80f62bb', '08120607-b959-486e-a4e0-2ec8eceea6e0', '7ee4c650-fae3-4a85-a8cd-74e3049fa828', NULL, 'VG-004', '8991234567034', 'Bawang Putih', 'raw_material', NULL, NULL, 1.0000, 35000.00, 10.0000, 100.0000, 20.0000, 50.0000, 30, NULL, 0, 1, 1, '2026-05-23 03:13:58', '2026-05-23 03:13:58'),
('8dce40bc-9e6a-46d3-83fb-5dfba5e2646b', 'fee5a0aa-73ca-4947-ab88-4d15f80f62bb', '08120607-b959-486e-a4e0-2ec8eceea6e0', '7ee4c650-fae3-4a85-a8cd-74e3049fa828', NULL, 'VG-009', '8991234567039', 'Brokoli', 'raw_material', NULL, NULL, 1.0000, 30000.00, 10.0000, 100.0000, 20.0000, 50.0000, 7, NULL, 0, 1, 1, '2026-05-23 03:13:58', '2026-05-23 03:13:58'),
('8f345d03-bb0d-4c61-b342-4a6ccc1235c4', 'fee5a0aa-73ca-4947-ab88-4d15f80f62bb', '9ae0c7f7-9058-42cf-8c45-47fe928623dd', '7ee4c650-fae3-4a85-a8cd-74e3049fa828', NULL, 'BT-002', '8991234567092', 'Butter Salted', 'raw_material', NULL, NULL, 1.0000, 90000.00, 10.0000, 100.0000, 20.0000, 50.0000, 60, NULL, 0, 0, 1, '2026-05-23 03:13:58', '2026-05-23 03:13:58'),
('91643558-1c23-4463-98d5-ea0ac9d5a765', 'fee5a0aa-73ca-4947-ab88-4d15f80f62bb', 'a8849248-5aab-452c-b809-6374834e0b76', '7ee4c650-fae3-4a85-a8cd-74e3049fa828', NULL, 'CF-003', '8991234567153', 'Teh Hijau Premium', 'raw_material', NULL, NULL, 1.0000, 250000.00, 10.0000, 100.0000, 20.0000, 50.0000, 365, NULL, 0, 0, 1, '2026-05-23 03:13:58', '2026-05-23 03:13:58'),
('94bbd6b1-8bed-411c-bc4d-557e0f50a8f1', 'fee5a0aa-73ca-4947-ab88-4d15f80f62bb', '2b36a992-d69f-4d68-b609-b3e1cd8a1b68', '7ee4c650-fae3-4a85-a8cd-74e3049fa828', NULL, 'SF-005', '8991234567025', 'Kerang Hijau', 'raw_material', NULL, NULL, 1.0000, 45000.00, 10.0000, 100.0000, 20.0000, 50.0000, 2, NULL, 0, 1, 1, '2026-05-23 03:13:58', '2026-05-23 03:13:58'),
('95159a4d-7f19-4382-a7de-ba70d4d08b65', 'fee5a0aa-73ca-4947-ab88-4d15f80f62bb', '08120607-b959-486e-a4e0-2ec8eceea6e0', '7ee4c650-fae3-4a85-a8cd-74e3049fa828', NULL, 'VG-001', '8991234567031', 'Wortel', 'raw_material', NULL, NULL, 1.0000, 15000.00, 10.0000, 100.0000, 20.0000, 50.0000, 14, NULL, 0, 1, 1, '2026-05-23 03:13:58', '2026-05-23 03:13:58'),
('95c4ee0c-09e0-4e4e-8f7b-36bf5a570eef', 'fee5a0aa-73ca-4947-ab88-4d15f80f62bb', '70351fe3-4624-4203-a0e6-65967baee1bb', '7ee4c650-fae3-4a85-a8cd-74e3049fa828', NULL, 'SP-004', '8991234567134', 'Ketumbar Bubuk', 'raw_material', NULL, NULL, 1.0000, 95000.00, 10.0000, 100.0000, 20.0000, 50.0000, 365, NULL, 0, 0, 1, '2026-05-23 03:13:58', '2026-05-23 03:13:58'),
('965cd683-8317-4768-ac8c-f4977dbe93a2', 'fee5a0aa-73ca-4947-ab88-4d15f80f62bb', 'c8d3ab32-b569-46fb-bff3-186cb41c8da6', '135d56f1-e047-459a-a5e0-260ed2c646d9', NULL, 'CN-004', '8991234567144', 'Jagung Manis Kalengan', 'raw_material', NULL, NULL, 1.0000, 15000.00, 10.0000, 100.0000, 20.0000, 50.0000, 730, NULL, 0, 0, 1, '2026-05-23 03:13:58', '2026-05-23 03:13:58'),
('9b0f1c92-7bc6-48dd-bfd3-f5c696ed99ec', 'fee5a0aa-73ca-4947-ab88-4d15f80f62bb', '9bcceb0e-a2b5-4b8a-8de2-a91740a4fce7', '135d56f1-e047-459a-a5e0-260ed2c646d9', NULL, 'EG-002', '8991234567102', 'Telur Ayam Kampung', 'raw_material', NULL, NULL, 1.0000, 3500.00, 10.0000, 100.0000, 20.0000, 50.0000, 21, NULL, 0, 1, 1, '2026-05-23 03:13:58', '2026-05-23 03:13:58'),
('9ff4762a-46d2-4f5b-a946-09e898d415f2', 'fee5a0aa-73ca-4947-ab88-4d15f80f62bb', '3f2dae54-08ad-4867-9712-e332993ce60a', '7ee4c650-fae3-4a85-a8cd-74e3049fa828', NULL, 'SC-005', '8991234567185', 'Mayonnaise', 'raw_material', NULL, NULL, 1.0000, 55000.00, 10.0000, 100.0000, 20.0000, 50.0000, 180, NULL, 0, 0, 1, '2026-05-23 03:13:58', '2026-05-23 03:13:58'),
('a30be0c2-6536-449c-8f42-49b9a706cf4d', 'fee5a0aa-73ca-4947-ab88-4d15f80f62bb', '8df24336-4916-411d-8376-b8fe866413b2', '7ee4c650-fae3-4a85-a8cd-74e3049fa828', NULL, 'FL-002', '8991234567112', 'Tepung Terigu Protein Sedang', 'raw_material', NULL, NULL, 1.0000, 12000.00, 10.0000, 100.0000, 20.0000, 50.0000, 180, NULL, 0, 0, 1, '2026-05-23 03:13:58', '2026-05-23 03:13:58'),
('a6c67f51-40f4-41b9-b060-3ccc81c4dc44', 'fee5a0aa-73ca-4947-ab88-4d15f80f62bb', '1db8a299-ea06-4c55-a583-bae1e4ab7e13', '7ee4c650-fae3-4a85-a8cd-74e3049fa828', NULL, 'FR-003', '8991234567053', 'Apel Fuji', 'raw_material', NULL, NULL, 1.0000, 35000.00, 10.0000, 100.0000, 20.0000, 50.0000, 21, NULL, 0, 1, 1, '2026-05-23 03:13:58', '2026-05-23 03:13:58'),
('a768fa94-81b8-43fd-9354-4f8c6dfe86ea', 'fee5a0aa-73ca-4947-ab88-4d15f80f62bb', 'd489e451-a058-4795-bb43-5dc17df97242', '135d56f1-e047-459a-a5e0-260ed2c646d9', NULL, 'SD-003', '8991234567163', 'Sprite 330ml', 'raw_material', NULL, NULL, 1.0000, 5500.00, 10.0000, 100.0000, 20.0000, 50.0000, 180, NULL, 0, 0, 1, '2026-05-23 03:13:58', '2026-05-23 03:13:58'),
('a8ce6ead-ceb8-4836-926c-59e06d8da4df', 'fee5a0aa-73ca-4947-ab88-4d15f80f62bb', '08120607-b959-486e-a4e0-2ec8eceea6e0', '7ee4c650-fae3-4a85-a8cd-74e3049fa828', NULL, 'VG-007', '8991234567037', 'Paprika Merah', 'raw_material', NULL, NULL, 1.0000, 45000.00, 10.0000, 100.0000, 20.0000, 50.0000, 10, NULL, 0, 1, 1, '2026-05-23 03:13:58', '2026-05-23 03:13:58'),
('add48938-8a33-41b6-b46b-7079e4e31bec', 'fee5a0aa-73ca-4947-ab88-4d15f80f62bb', '2b36a992-d69f-4d68-b609-b3e1cd8a1b68', '7ee4c650-fae3-4a85-a8cd-74e3049fa828', NULL, 'SF-006', '8991234567026', 'Kepiting Rajungan', 'raw_material', NULL, NULL, 1.0000, 150000.00, 10.0000, 100.0000, 20.0000, 50.0000, 2, NULL, 0, 1, 1, '2026-05-23 03:13:58', '2026-05-23 03:13:58'),
('ae08af5c-3d51-4931-a5c0-72814e2172f5', 'fee5a0aa-73ca-4947-ab88-4d15f80f62bb', 'cdda158a-e600-4287-ae94-7c3712985e11', 'bacdb581-2cb1-41eb-91e7-ba71e367553b', NULL, 'SG-004', '8991234567124', 'Sirup Maple', 'raw_material', NULL, NULL, 1.0000, 250000.00, 10.0000, 100.0000, 20.0000, 50.0000, 365, NULL, 0, 0, 1, '2026-05-23 03:13:58', '2026-05-23 03:13:58'),
('ae74846a-31fc-41f4-901a-74729ff714b1', 'fee5a0aa-73ca-4947-ab88-4d15f80f62bb', 'a893d76d-0616-4591-b61d-84665cbe6889', '135d56f1-e047-459a-a5e0-260ed2c646d9', NULL, 'JC-001', '8991234567171', 'Jus Jeruk 1L', 'raw_material', NULL, NULL, 1.0000, 28000.00, 10.0000, 100.0000, 20.0000, 50.0000, 14, NULL, 0, 1, 1, '2026-05-23 03:13:58', '2026-05-23 03:13:58'),
('b542502f-e31e-4ec1-a723-fb245315fa11', 'fee5a0aa-73ca-4947-ab88-4d15f80f62bb', '3f2dae54-08ad-4867-9712-e332993ce60a', 'bacdb581-2cb1-41eb-91e7-ba71e367553b', NULL, 'SC-001', '8991234567181', 'Kecap Manis', 'raw_material', NULL, NULL, 1.0000, 25000.00, 10.0000, 100.0000, 20.0000, 50.0000, 365, NULL, 0, 0, 1, '2026-05-23 03:13:58', '2026-05-23 03:13:58'),
('b6bb2924-53a6-4f80-9e1d-d5b11eee3545', 'fee5a0aa-73ca-4947-ab88-4d15f80f62bb', '08120607-b959-486e-a4e0-2ec8eceea6e0', '7ee4c650-fae3-4a85-a8cd-74e3049fa828', NULL, 'VG-005', '8991234567035', 'Bawang Merah', 'raw_material', NULL, NULL, 1.0000, 45000.00, 10.0000, 100.0000, 20.0000, 50.0000, 21, NULL, 0, 1, 1, '2026-05-23 03:13:58', '2026-05-23 03:13:58'),
('bbbf69aa-e712-4aa8-bc95-2edc3226376f', 'fee5a0aa-73ca-4947-ab88-4d15f80f62bb', 'b5302e62-9a99-409e-8af3-603f536c25ed', 'bacdb581-2cb1-41eb-91e7-ba71e367553b', NULL, 'DY-003', '8991234567073', 'Cooking Cream', 'raw_material', NULL, NULL, 1.0000, 45000.00, 10.0000, 100.0000, 20.0000, 50.0000, 30, NULL, 0, 1, 1, '2026-05-23 03:13:58', '2026-05-23 03:13:58'),
('c0e26b88-77b5-4a58-ac52-ddbf02482c62', 'fee5a0aa-73ca-4947-ab88-4d15f80f62bb', 'b5302e62-9a99-409e-8af3-603f536c25ed', 'bacdb581-2cb1-41eb-91e7-ba71e367553b', NULL, 'DY-001', '8991234567071', 'Susu Segar Full Cream', 'raw_material', NULL, NULL, 1.0000, 18000.00, 10.0000, 100.0000, 20.0000, 50.0000, 7, NULL, 0, 1, 1, '2026-05-23 03:13:58', '2026-05-23 03:13:58'),
('c187bd9b-554f-4614-b810-6416d9c155e5', 'fee5a0aa-73ca-4947-ab88-4d15f80f62bb', '9bcceb0e-a2b5-4b8a-8de2-a91740a4fce7', '7ee4c650-fae3-4a85-a8cd-74e3049fa828', NULL, 'EG-003', '8991234567103', 'Telur Puyuh', 'raw_material', NULL, NULL, 1.0000, 45000.00, 10.0000, 100.0000, 20.0000, 50.0000, 14, NULL, 0, 1, 1, '2026-05-23 03:13:58', '2026-05-23 03:13:58'),
('c55f2090-7bdf-4789-a9ef-eb3aa6f6a0ae', 'fee5a0aa-73ca-4947-ab88-4d15f80f62bb', '08120607-b959-486e-a4e0-2ec8eceea6e0', '7ee4c650-fae3-4a85-a8cd-74e3049fa828', NULL, 'VG-006', '8991234567036', 'Tomat', 'raw_material', NULL, NULL, 1.0000, 12000.00, 10.0000, 100.0000, 20.0000, 50.0000, 7, NULL, 0, 1, 1, '2026-05-23 03:13:58', '2026-05-23 03:13:58'),
('c8313166-6f5f-4402-bc57-6aeaded7eb49', 'fee5a0aa-73ca-4947-ab88-4d15f80f62bb', 'd9de3620-1497-4044-8a14-aab7c783a61d', '573ba895-1241-4235-8937-9958b7827d33', NULL, 'HB-001', '8991234567061', 'Daun Basil Segar', 'raw_material', NULL, NULL, 1.0000, 150.00, 10.0000, 100.0000, 20.0000, 50.0000, 5, NULL, 0, 1, 1, '2026-05-23 03:13:58', '2026-05-23 03:13:58'),
('c94a654a-f572-4326-8a1d-edaf43ba7a6c', 'fee5a0aa-73ca-4947-ab88-4d15f80f62bb', '6c0a02dc-6f36-40d2-a122-8742b7b1d969', '135d56f1-e047-459a-a5e0-260ed2c646d9', NULL, 'CL-005', '8991234567215', 'Spons Cuci Piring', 'raw_material', NULL, NULL, 1.0000, 3500.00, 10.0000, 100.0000, 20.0000, 50.0000, NULL, NULL, 0, 0, 1, '2026-05-23 03:13:59', '2026-05-23 03:13:59'),
('ce1c4f4d-92a7-40e8-bb33-842e5d3e9a65', 'fee5a0aa-73ca-4947-ab88-4d15f80f62bb', 'c8d3ab32-b569-46fb-bff3-186cb41c8da6', '135d56f1-e047-459a-a5e0-260ed2c646d9', NULL, 'CN-003', '8991234567143', 'Jamur Kalengan', 'raw_material', NULL, NULL, 1.0000, 22000.00, 10.0000, 100.0000, 20.0000, 50.0000, 730, NULL, 0, 0, 1, '2026-05-23 03:13:58', '2026-05-23 03:13:58'),
('d3bc63c7-348f-4d4e-bbfb-86454b9cbe4c', 'fee5a0aa-73ca-4947-ab88-4d15f80f62bb', 'd9de3620-1497-4044-8a14-aab7c783a61d', '573ba895-1241-4235-8937-9958b7827d33', NULL, 'HB-003', '8991234567063', 'Rosemary Segar', 'raw_material', NULL, NULL, 1.0000, 200.00, 10.0000, 100.0000, 20.0000, 50.0000, 7, NULL, 0, 1, 1, '2026-05-23 03:13:58', '2026-05-23 03:13:58'),
('d4412092-df4e-455e-9188-fd11c6dffcd5', 'fee5a0aa-73ca-4947-ab88-4d15f80f62bb', 'a8849248-5aab-452c-b809-6374834e0b76', '7ee4c650-fae3-4a85-a8cd-74e3049fa828', NULL, 'CF-001', '8991234567151', 'Biji Kopi Arabica', 'raw_material', NULL, NULL, 1.0000, 180000.00, 10.0000, 100.0000, 20.0000, 50.0000, 180, NULL, 0, 0, 1, '2026-05-23 03:13:58', '2026-05-23 03:13:58'),
('d4adb886-780a-4007-a7d9-d29fd0e9dec9', 'fee5a0aa-73ca-4947-ab88-4d15f80f62bb', '9ae0c7f7-9058-42cf-8c45-47fe928623dd', '7ee4c650-fae3-4a85-a8cd-74e3049fa828', NULL, 'BT-001', '8991234567091', 'Butter Unsalted', 'raw_material', NULL, NULL, 1.0000, 95000.00, 10.0000, 100.0000, 20.0000, 50.0000, 60, NULL, 0, 0, 1, '2026-05-23 03:13:58', '2026-05-23 03:13:58'),
('d772b9f5-c0a7-42d9-bbf4-146aff9cd079', 'fee5a0aa-73ca-4947-ab88-4d15f80f62bb', 'c8d3ab32-b569-46fb-bff3-186cb41c8da6', '135d56f1-e047-459a-a5e0-260ed2c646d9', NULL, 'CN-002', '8991234567142', 'Pasta Tomat', 'raw_material', NULL, NULL, 1.0000, 18000.00, 10.0000, 100.0000, 20.0000, 50.0000, 365, NULL, 0, 0, 1, '2026-05-23 03:13:58', '2026-05-23 03:13:58'),
('d7809427-bec1-4202-9f42-30981ab692d4', 'fee5a0aa-73ca-4947-ab88-4d15f80f62bb', '70351fe3-4624-4203-a0e6-65967baee1bb', '7ee4c650-fae3-4a85-a8cd-74e3049fa828', NULL, 'SP-006', '8991234567136', 'Oregano Kering', 'raw_material', NULL, NULL, 1.0000, 350000.00, 10.0000, 100.0000, 20.0000, 50.0000, 365, NULL, 0, 0, 1, '2026-05-23 03:13:58', '2026-05-23 03:13:58'),
('d7acf05f-2978-4d96-bf38-dae8cdef4f6a', 'fee5a0aa-73ca-4947-ab88-4d15f80f62bb', '3f2dae54-08ad-4867-9712-e332993ce60a', '7ee4c650-fae3-4a85-a8cd-74e3049fa828', NULL, 'SC-007', '8991234567187', 'Mustard', 'raw_material', NULL, NULL, 1.0000, 85000.00, 10.0000, 100.0000, 20.0000, 50.0000, 365, NULL, 0, 0, 1, '2026-05-23 03:13:58', '2026-05-23 03:13:58'),
('e8031ea4-90a3-4137-b63b-96c68fb775d2', 'fee5a0aa-73ca-4947-ab88-4d15f80f62bb', '6c0a02dc-6f36-40d2-a122-8742b7b1d969', 'bacdb581-2cb1-41eb-91e7-ba71e367553b', NULL, 'CL-001', '8991234567211', 'Sabun Cuci Piring', 'raw_material', NULL, NULL, 1.0000, 25000.00, 10.0000, 100.0000, 20.0000, 50.0000, 730, NULL, 0, 0, 1, '2026-05-23 03:13:59', '2026-05-23 03:13:59'),
('e8de376f-0808-4be3-ba0f-7792c4fbf5ea', 'fee5a0aa-73ca-4947-ab88-4d15f80f62bb', '3f2dae54-08ad-4867-9712-e332993ce60a', 'bacdb581-2cb1-41eb-91e7-ba71e367553b', NULL, 'SC-004', '8991234567184', 'Saus Tomat', 'raw_material', NULL, NULL, 1.0000, 22000.00, 10.0000, 100.0000, 20.0000, 50.0000, 365, NULL, 0, 0, 1, '2026-05-23 03:13:58', '2026-05-23 03:13:58'),
('eb332c72-7f29-4e61-bd07-6dd299ee7a90', 'fee5a0aa-73ca-4947-ab88-4d15f80f62bb', '08120607-b959-486e-a4e0-2ec8eceea6e0', '7ee4c650-fae3-4a85-a8cd-74e3049fa828', NULL, 'VG-010', '8991234567040', 'Jamur Champignon', 'raw_material', NULL, NULL, 1.0000, 55000.00, 10.0000, 100.0000, 20.0000, 50.0000, 5, NULL, 0, 1, 1, '2026-05-23 03:13:58', '2026-05-23 03:13:58'),
('ec5437de-944a-44e9-9ba1-47d0aa2075e7', 'fee5a0aa-73ca-4947-ab88-4d15f80f62bb', 'cdda158a-e600-4287-ae94-7c3712985e11', '7ee4c650-fae3-4a85-a8cd-74e3049fa828', NULL, 'SG-003', '8991234567123', 'Madu Murni', 'raw_material', NULL, NULL, 1.0000, 120000.00, 10.0000, 100.0000, 20.0000, 50.0000, 730, NULL, 0, 0, 1, '2026-05-23 03:13:58', '2026-05-23 03:13:58'),
('ecd6c8c0-eb6d-4842-bc89-2d49e2f4564d', 'fee5a0aa-73ca-4947-ab88-4d15f80f62bb', 'd9de3620-1497-4044-8a14-aab7c783a61d', '7ee4c650-fae3-4a85-a8cd-74e3049fa828', NULL, 'HB-007', '8991234567067', 'Jahe', 'raw_material', NULL, NULL, 1.0000, 35000.00, 10.0000, 100.0000, 20.0000, 50.0000, 30, NULL, 0, 1, 1, '2026-05-23 03:13:58', '2026-05-23 03:13:58'),
('ece8261c-292f-4650-8e52-eada4ab9f5cb', 'fee5a0aa-73ca-4947-ab88-4d15f80f62bb', 'd489e451-a058-4795-bb43-5dc17df97242', '135d56f1-e047-459a-a5e0-260ed2c646d9', NULL, 'SD-001', '8991234567161', 'Air Mineral 600ml', 'raw_material', NULL, NULL, 1.0000, 2500.00, 10.0000, 100.0000, 20.0000, 50.0000, 365, NULL, 0, 0, 1, '2026-05-23 03:13:58', '2026-05-23 03:13:58'),
('ee2e1070-2bc3-4c6d-bcde-7c6be8a12ed5', 'fee5a0aa-73ca-4947-ab88-4d15f80f62bb', '08120607-b959-486e-a4e0-2ec8eceea6e0', '7ee4c650-fae3-4a85-a8cd-74e3049fa828', NULL, 'VG-002', '8991234567032', 'Kentang', 'raw_material', NULL, NULL, 1.0000, 18000.00, 10.0000, 100.0000, 20.0000, 50.0000, 21, NULL, 0, 1, 1, '2026-05-23 03:13:58', '2026-05-23 03:13:58'),
('f1a251f8-abea-4798-b680-bb094dcd53e1', 'fee5a0aa-73ca-4947-ab88-4d15f80f62bb', '08120607-b959-486e-a4e0-2ec8eceea6e0', '7ee4c650-fae3-4a85-a8cd-74e3049fa828', NULL, 'VG-003', '8991234567033', 'Bawang Bombay', 'raw_material', NULL, NULL, 1.0000, 25000.00, 10.0000, 100.0000, 20.0000, 50.0000, 30, NULL, 0, 1, 1, '2026-05-23 03:13:58', '2026-05-23 03:13:58'),
('f419cbbd-285e-4c95-a257-5a17f35aca95', 'fee5a0aa-73ca-4947-ab88-4d15f80f62bb', '6c0a02dc-6f36-40d2-a122-8742b7b1d969', 'bacdb581-2cb1-41eb-91e7-ba71e367553b', NULL, 'CL-004', '8991234567214', 'Sabun Cuci Tangan', 'raw_material', NULL, NULL, 1.0000, 28000.00, 10.0000, 100.0000, 20.0000, 50.0000, 730, NULL, 0, 0, 1, '2026-05-23 03:13:59', '2026-05-23 03:13:59'),
('f7e69a23-b5e3-4054-b039-5502c76313fc', 'fee5a0aa-73ca-4947-ab88-4d15f80f62bb', '5d91ab1d-634f-410e-9dba-1ab55b37c293', '7ee4c650-fae3-4a85-a8cd-74e3049fa828', NULL, 'CH-004', '8991234567084', 'Cream Cheese', 'raw_material', NULL, NULL, 1.0000, 120000.00, 10.0000, 100.0000, 20.0000, 50.0000, 30, NULL, 0, 1, 1, '2026-05-23 03:13:58', '2026-05-23 03:13:58'),
('fa1fccf7-ef0d-4865-88ec-ed5cd852aa29', 'fee5a0aa-73ca-4947-ab88-4d15f80f62bb', '8df24336-4916-411d-8376-b8fe866413b2', '7ee4c650-fae3-4a85-a8cd-74e3049fa828', NULL, 'FL-001', '8991234567111', 'Tepung Terigu Protein Tinggi', 'raw_material', NULL, NULL, 1.0000, 14000.00, 10.0000, 100.0000, 20.0000, 50.0000, 180, NULL, 0, 0, 1, '2026-05-23 03:13:58', '2026-05-23 03:13:58'),
('fa762fd6-3198-4212-951a-fc113214b5b3', 'fee5a0aa-73ca-4947-ab88-4d15f80f62bb', '70351fe3-4624-4203-a0e6-65967baee1bb', '7ee4c650-fae3-4a85-a8cd-74e3049fa828', NULL, 'SP-001', '8991234567131', 'Garam Halus', 'raw_material', NULL, NULL, 1.0000, 8000.00, 10.0000, 100.0000, 20.0000, 50.0000, 730, NULL, 0, 0, 1, '2026-05-23 03:13:58', '2026-05-23 03:13:58'),
('fab316b9-5bb9-4701-bf42-2664a6195dae', 'fee5a0aa-73ca-4947-ab88-4d15f80f62bb', 'ac9edb26-5d56-40af-aa14-11e0f31980e0', 'bacdb581-2cb1-41eb-91e7-ba71e367553b', NULL, 'OL-004', '8991234567194', 'Minyak Kelapa', 'raw_material', NULL, NULL, 1.0000, 45000.00, 10.0000, 100.0000, 20.0000, 50.0000, 365, NULL, 0, 0, 1, '2026-05-23 03:13:59', '2026-05-23 03:13:59'),
('fc4ddb91-4934-4d69-9014-3fc95821a5c7', 'fee5a0aa-73ca-4947-ab88-4d15f80f62bb', 'b96bba16-c9c0-4919-91fb-f1f951766ed4', '0a88de8a-d1ed-46cb-a659-5dea1a8581a6', NULL, 'PK-007', '8991234567207', 'Sendok Plastik', 'raw_material', NULL, NULL, 1.0000, 12000.00, 10.0000, 100.0000, 20.0000, 50.0000, NULL, NULL, 0, 0, 1, '2026-05-23 03:13:59', '2026-05-23 03:13:59'),
('fcac6fd2-4ef5-46c5-9abb-cfef0a5562e7', 'fee5a0aa-73ca-4947-ab88-4d15f80f62bb', 'b96bba16-c9c0-4919-91fb-f1f951766ed4', '135d56f1-e047-459a-a5e0-260ed2c646d9', NULL, 'PK-001', '8991234567201', 'Kotak Makan Styrofoam Besar', 'raw_material', NULL, NULL, 1.0000, 1500.00, 10.0000, 100.0000, 20.0000, 50.0000, NULL, NULL, 0, 0, 1, '2026-05-23 03:13:59', '2026-05-23 03:13:59'),
('fcca06b4-4841-4891-ae01-a75f662b6968', 'fee5a0aa-73ca-4947-ab88-4d15f80f62bb', 'cdda158a-e600-4287-ae94-7c3712985e11', '7ee4c650-fae3-4a85-a8cd-74e3049fa828', NULL, 'SG-002', '8991234567122', 'Gula Aren', 'raw_material', NULL, NULL, 1.0000, 45000.00, 10.0000, 100.0000, 20.0000, 50.0000, 365, NULL, 0, 0, 1, '2026-05-23 03:13:58', '2026-05-23 03:13:58'),
('fd8045ed-53fc-4b7c-acc6-f9da2b95aafb', 'fee5a0aa-73ca-4947-ab88-4d15f80f62bb', 'd4bf48f6-e142-46f1-a01b-a9875eb6969d', '7ee4c650-fae3-4a85-a8cd-74e3049fa828', NULL, 'BF-002', '8991234567002', 'Daging Sapi Has Luar (Sirloin)', 'raw_material', NULL, NULL, 1.0000, 150000.00, 10.0000, 100.0000, 20.0000, 50.0000, 5, NULL, 0, 1, 1, '2026-05-23 03:13:58', '2026-05-23 03:13:58'),
('fe611b7c-26fb-4dd5-98d0-c071277d3603', 'fee5a0aa-73ca-4947-ab88-4d15f80f62bb', '5d91ab1d-634f-410e-9dba-1ab55b37c293', '7ee4c650-fae3-4a85-a8cd-74e3049fa828', NULL, 'CH-003', '8991234567083', 'Keju Parmesan', 'raw_material', NULL, NULL, 1.0000, 250000.00, 10.0000, 100.0000, 20.0000, 50.0000, 90, NULL, 0, 0, 1, '2026-05-23 03:13:58', '2026-05-23 03:13:58'),
('ffff33ea-09d2-4834-950b-b9f96e7ebdbd', 'fee5a0aa-73ca-4947-ab88-4d15f80f62bb', 'd9de3620-1497-4044-8a14-aab7c783a61d', '7ee4c650-fae3-4a85-a8cd-74e3049fa828', NULL, 'HB-006', '8991234567066', 'Serai', 'raw_material', NULL, NULL, 1.0000, 20000.00, 10.0000, 100.0000, 20.0000, 50.0000, 14, NULL, 0, 1, 1, '2026-05-23 03:13:58', '2026-05-23 03:13:58');

-- --------------------------------------------------------

--
-- Table structure for table `inventory_stocks`
--

CREATE TABLE `inventory_stocks` (
  `id` char(36) NOT NULL,
  `outlet_id` char(36) NOT NULL,
  `inventory_item_id` char(36) NOT NULL,
  `quantity` decimal(15,4) NOT NULL DEFAULT 0.0000,
  `reserved_qty` decimal(15,4) NOT NULL DEFAULT 0.0000,
  `avg_cost` decimal(15,2) NOT NULL DEFAULT 0.00,
  `last_cost` decimal(15,2) NOT NULL DEFAULT 0.00,
  `last_received_at` timestamp NULL DEFAULT NULL,
  `last_issued_at` timestamp NULL DEFAULT NULL,
  `created_at` timestamp NULL DEFAULT NULL,
  `updated_at` timestamp NULL DEFAULT NULL
) ENGINE=InnoDB DEFAULT CHARSET=utf8mb4 COLLATE=utf8mb4_unicode_ci;

--
-- Dumping data for table `inventory_stocks`
--

INSERT INTO `inventory_stocks` (`id`, `outlet_id`, `inventory_item_id`, `quantity`, `reserved_qty`, `avg_cost`, `last_cost`, `last_received_at`, `last_issued_at`, `created_at`, `updated_at`) VALUES
('02650228-4a82-4a99-80b9-8c7acecad7ab', 'e5eda2e6-be39-4d86-abb0-eb5723d6af40', '0b679841-55cb-42f6-839b-e873e73120cf', 81.8100, 0.0000, 80.00, 80.00, '2026-05-23 03:14:00', NULL, '2026-05-23 03:14:00', '2026-05-23 03:14:00'),
('0305e9da-bcc1-4c32-8273-6b7e5beff51a', 'e5eda2e6-be39-4d86-abb0-eb5723d6af40', '8dce40bc-9e6a-46d3-83fb-5dfba5e2646b', 95.8000, 0.0000, 30000.00, 30000.00, '2026-05-23 03:14:00', NULL, '2026-05-23 03:14:00', '2026-05-23 03:14:00'),
('03db3550-cae6-46bb-983d-be2d191af159', '8c8265f8-8c1c-4921-942f-b20ce24be7b0', 'd4412092-df4e-455e-9188-fd11c6dffcd5', 97.8700, 0.6800, 174600.00, 165600.00, '2026-05-11 20:42:10', '2026-05-21 09:17:00', '2026-05-23 03:13:59', '2026-05-23 03:13:59'),
('04d097e5-bafb-4466-8660-2e1729556e8f', 'e5eda2e6-be39-4d86-abb0-eb5723d6af40', 'f7e69a23-b5e3-4054-b039-5502c76313fc', 39.3400, 0.0000, 120000.00, 120000.00, '2026-05-23 03:14:01', NULL, '2026-05-23 03:14:01', '2026-05-23 03:14:01'),
('04e31f95-cc20-467d-8f2f-b55ebe365600', '8c8265f8-8c1c-4921-942f-b20ce24be7b0', 'fe611b7c-26fb-4dd5-98d0-c071277d3603', 23.6600, 1.1800, 262500.00, 240000.00, '2026-04-23 16:03:18', NULL, '2026-05-23 03:13:59', '2026-05-23 03:13:59'),
('0618746c-e1fc-4708-9194-ba834be21ac7', '8c8265f8-8c1c-4921-942f-b20ce24be7b0', 'fd8045ed-53fc-4b7c-acc6-f9da2b95aafb', 19.0900, 0.6400, 147000.00, 139500.00, '2026-05-10 20:23:02', '2026-05-19 05:16:19', '2026-05-23 03:13:59', '2026-05-23 03:13:59'),
('06b4ace2-5e5a-40ae-890c-2cb36a02b6a8', 'e5eda2e6-be39-4d86-abb0-eb5723d6af40', '613e8b12-e111-416b-83c6-573a105c0815', 70.8800, 0.0000, 18000.00, 18000.00, '2026-05-23 03:14:00', NULL, '2026-05-23 03:14:00', '2026-05-23 03:14:00'),
('072fc143-d60d-4563-95af-4fb15395fdda', '8c8265f8-8c1c-4921-942f-b20ce24be7b0', '250ac775-be22-419c-a8e3-a82ef45a8232', 5.4000, 0.0000, 17460.00, 18900.00, '2026-05-01 04:28:18', NULL, '2026-05-23 03:13:59', '2026-05-23 03:13:59'),
('0873f576-d2fb-4b84-a5e1-f9bea694b265', 'e5eda2e6-be39-4d86-abb0-eb5723d6af40', '50e4bdf2-d73b-415c-bd22-79f8477102d2', 59.4800, 0.0000, 55000.00, 55000.00, '2026-05-23 03:14:00', NULL, '2026-05-23 03:14:00', '2026-05-23 03:14:00'),
('09fcb727-3bab-4130-8977-de6e7fc9647e', 'e5eda2e6-be39-4d86-abb0-eb5723d6af40', '143bfdf7-2d8a-44e6-adaa-b0c18d85c4ee', 39.0500, 0.0000, 35000.00, 35000.00, '2026-05-23 03:14:00', NULL, '2026-05-23 03:14:00', '2026-05-23 03:14:00'),
('0a52731c-82ab-452f-84dd-48848f2428d4', 'e5eda2e6-be39-4d86-abb0-eb5723d6af40', '75bae00c-97d1-4abc-a8bf-a3550a003e63', 59.2700, 0.0000, 800.00, 800.00, '2026-05-23 03:14:00', NULL, '2026-05-23 03:14:00', '2026-05-23 03:14:00'),
('0a845e94-6c25-4263-b915-c23a905ad617', '8c8265f8-8c1c-4921-942f-b20ce24be7b0', '681a4ae6-cc8b-40af-b2f8-11530be29b9f', 69.6900, 1.6000, 33950.00, 33600.00, '2026-05-05 05:06:12', NULL, '2026-05-23 03:13:59', '2026-05-23 03:13:59'),
('0af3cdef-a798-4210-a9ad-65fe64545d2c', '8c8265f8-8c1c-4921-942f-b20ce24be7b0', '562a2b01-9d6f-4c2b-94ec-b8a7ea19bc74', 72.7600, 0.5900, 46350.00, 45450.00, '2026-05-04 19:04:52', NULL, '2026-05-23 03:13:59', '2026-05-23 03:13:59'),
('0b9b456a-670e-4737-9f46-b1c231720bcb', '8c8265f8-8c1c-4921-942f-b20ce24be7b0', '28922de4-43db-4c5c-8b8a-a6fa75a9a5d8', 13.5200, 0.9200, 78750.00, 71250.00, '2026-05-04 09:10:11', '2026-05-17 06:57:00', '2026-05-23 03:13:59', '2026-05-23 03:13:59'),
('0c091c00-9c32-4157-946c-2e873b50b691', '8c8265f8-8c1c-4921-942f-b20ce24be7b0', 'd3bc63c7-348f-4d4e-bbfb-86454b9cbe4c', 68.8100, 0.3800, 202.00, 184.00, '2026-05-21 15:40:12', '2026-05-20 06:07:39', '2026-05-23 03:13:59', '2026-05-23 03:13:59'),
('0d368334-04ca-4ed5-b57e-0f4d2c9fa8e2', 'e5eda2e6-be39-4d86-abb0-eb5723d6af40', 'a30be0c2-6536-449c-8f42-49b9a706cf4d', 74.2100, 0.0000, 12000.00, 12000.00, '2026-05-23 03:14:00', NULL, '2026-05-23 03:14:00', '2026-05-23 03:14:00'),
('0d40e8dd-a8c6-48a8-baed-9fed2ad174bc', 'e5eda2e6-be39-4d86-abb0-eb5723d6af40', '60c0d6d0-df03-4f4f-8a8f-b5475524329c', 49.8200, 0.0000, 85000.00, 85000.00, '2026-05-23 03:14:00', NULL, '2026-05-23 03:14:00', '2026-05-23 03:14:00'),
('11d9bb9c-44a4-45a5-8485-dcc67843b219', 'e5eda2e6-be39-4d86-abb0-eb5723d6af40', '1a52da1f-0d52-4fcb-8a6b-39407115b8d8', 55.7000, 0.0000, 180000.00, 180000.00, '2026-05-23 03:14:00', NULL, '2026-05-23 03:14:00', '2026-05-23 03:14:00'),
('1788802b-05fc-41bd-93a4-47ce5f5cbd73', 'e5eda2e6-be39-4d86-abb0-eb5723d6af40', 'add48938-8a33-41b6-b46b-7079e4e31bec', 18.7400, 0.0000, 150000.00, 150000.00, '2026-05-23 03:14:00', NULL, '2026-05-23 03:14:00', '2026-05-23 03:14:00'),
('189a48c7-928a-4281-8745-1dc9e300a932', '8c8265f8-8c1c-4921-942f-b20ce24be7b0', '75bae00c-97d1-4abc-a8bf-a3550a003e63', 19.9100, 1.0800, 824.00, 776.00, '2026-05-04 01:56:55', NULL, '2026-05-23 03:13:59', '2026-05-23 03:13:59'),
('1974bdc8-9bfe-42ce-a1bd-411ae598353b', 'e5eda2e6-be39-4d86-abb0-eb5723d6af40', 'e8031ea4-90a3-4137-b63b-96c68fb775d2', 15.3300, 0.0000, 25000.00, 25000.00, '2026-05-23 03:14:00', NULL, '2026-05-23 03:14:00', '2026-05-23 03:14:00'),
('1c4dbeab-6fe9-4cd4-a306-b2c9339db814', '8c8265f8-8c1c-4921-942f-b20ce24be7b0', '3a4df2b2-32b5-469d-8d23-7c037463aed3', 10.9200, 0.8000, 39140.00, 39140.00, '2026-05-21 21:56:49', '2026-05-19 18:11:05', '2026-05-23 03:13:59', '2026-05-23 03:13:59'),
('1d0e19f2-c151-4429-a130-92cbf221d16f', 'e5eda2e6-be39-4d86-abb0-eb5723d6af40', '28922de4-43db-4c5c-8b8a-a6fa75a9a5d8', 64.9700, 0.0000, 75000.00, 75000.00, '2026-05-23 03:14:00', NULL, '2026-05-23 03:14:00', '2026-05-23 03:14:00'),
('1d411c9d-57db-4230-8e73-86bbda755842', '8c8265f8-8c1c-4921-942f-b20ce24be7b0', '0c3ddb0b-e4ce-41bc-9778-5d4c00ba2e1c', 7.3600, 0.0000, 24000.00, 26000.00, '2026-05-16 06:44:01', '2026-05-18 05:33:15', '2026-05-23 03:13:59', '2026-05-23 03:13:59'),
('1d92b70e-1289-4052-b910-b5e0586c0634', 'e5eda2e6-be39-4d86-abb0-eb5723d6af40', 'd7809427-bec1-4202-9f42-30981ab692d4', 14.7800, 0.0000, 350000.00, 350000.00, '2026-05-23 03:14:00', NULL, '2026-05-23 03:14:00', '2026-05-23 03:14:00'),
('1ddc0e3e-9ce8-46d3-b2cf-e0ea5dfd62aa', 'e5eda2e6-be39-4d86-abb0-eb5723d6af40', 'a8ce6ead-ceb8-4836-926c-59e06d8da4df', 87.5700, 0.0000, 45000.00, 45000.00, '2026-05-23 03:14:00', NULL, '2026-05-23 03:14:00', '2026-05-23 03:14:00'),
('1e1192b6-f673-46eb-932f-8f10e5fdf5d0', '8c8265f8-8c1c-4921-942f-b20ce24be7b0', 'c187bd9b-554f-4614-b810-6416d9c155e5', 38.6600, 2.5500, 46350.00, 43200.00, '2026-05-14 18:56:29', NULL, '2026-05-23 03:13:59', '2026-05-23 03:13:59'),
('1e6a9fb2-f55b-4a6e-bd10-c22d7590c8cd', 'e5eda2e6-be39-4d86-abb0-eb5723d6af40', '4b0a0750-2dfc-426d-9380-878eee141971', 29.7500, 0.0000, 35000.00, 35000.00, '2026-05-23 03:14:00', NULL, '2026-05-23 03:14:00', '2026-05-23 03:14:00'),
('1ed9d5cc-3468-41f2-a9b5-080c5b8292c4', '8c8265f8-8c1c-4921-942f-b20ce24be7b0', '08b1289b-80fb-43ad-ad09-7297baf82931', 22.1700, 1.6100, 116400.00, 129600.00, '2026-05-02 18:06:40', '2026-05-21 17:13:50', '2026-05-23 03:13:59', '2026-05-23 03:13:59'),
('211afefe-b49e-44a9-ae7e-e77002e9b857', 'e5eda2e6-be39-4d86-abb0-eb5723d6af40', '3a4df2b2-32b5-469d-8d23-7c037463aed3', 38.0400, 0.0000, 38000.00, 38000.00, '2026-05-23 03:14:00', NULL, '2026-05-23 03:14:00', '2026-05-23 03:14:00'),
('220e748a-fc09-4021-88ef-d1a4bd61e626', '8c8265f8-8c1c-4921-942f-b20ce24be7b0', '12bdf623-63d8-4c24-977c-f8ddf76bdc6c', 65.9400, 1.7600, 101.00, 105.00, '2026-05-11 01:46:01', NULL, '2026-05-23 03:13:59', '2026-05-23 03:13:59'),
('227c288a-1c61-4eb2-9989-0bcc234d5ed3', '8c8265f8-8c1c-4921-942f-b20ce24be7b0', '4499d420-8ffc-4ee0-a55b-8ce5e7211729', 28.8700, 2.8500, 15150.00, 14100.00, '2026-04-25 10:54:03', '2026-05-18 08:35:39', '2026-05-23 03:13:59', '2026-05-23 03:13:59'),
('298ebff2-74f5-41b9-89d3-192741911217', 'e5eda2e6-be39-4d86-abb0-eb5723d6af40', '02f6bf02-c90b-4c40-a141-2cb51fa475a3', 51.6900, 0.0000, 65000.00, 65000.00, '2026-05-23 03:14:00', NULL, '2026-05-23 03:14:00', '2026-05-23 03:14:00'),
('29d10a7f-829a-4b36-9e7f-e64c8e6d81ac', 'e5eda2e6-be39-4d86-abb0-eb5723d6af40', 'ec5437de-944a-44e9-9ba1-47d0aa2075e7', 18.1500, 0.0000, 120000.00, 120000.00, '2026-05-23 03:14:01', NULL, '2026-05-23 03:14:01', '2026-05-23 03:14:01'),
('2b5faaad-9694-4c10-8db4-385a1cf7e54d', '8c8265f8-8c1c-4921-942f-b20ce24be7b0', '6e855b45-f21e-48c1-b317-0e6ee8dfdcdd', 19.6900, 0.3400, 185400.00, 172800.00, '2026-05-05 15:59:50', NULL, '2026-05-23 03:13:59', '2026-05-23 03:13:59'),
('2bac7677-60a0-4d53-a0dc-1ef81f57a8cf', 'e5eda2e6-be39-4d86-abb0-eb5723d6af40', '3b5d64fc-719c-46b8-a0b0-6508caa31388', 76.6200, 0.0000, 95000.00, 95000.00, '2026-05-23 03:14:00', NULL, '2026-05-23 03:14:00', '2026-05-23 03:14:00'),
('2c6ea3b7-46b9-4175-96a8-5de341ad983e', 'e5eda2e6-be39-4d86-abb0-eb5723d6af40', '6cbc2349-b9d1-45c0-8854-30dce14914da', 98.5400, 0.0000, 45000.00, 45000.00, '2026-05-23 03:14:00', NULL, '2026-05-23 03:14:00', '2026-05-23 03:14:00'),
('2ceb4e17-4b0e-4229-8d03-d356fbcd5861', 'e5eda2e6-be39-4d86-abb0-eb5723d6af40', '562a2b01-9d6f-4c2b-94ec-b8a7ea19bc74', 35.6000, 0.0000, 45000.00, 45000.00, '2026-05-23 03:14:00', NULL, '2026-05-23 03:14:00', '2026-05-23 03:14:00'),
('2f03d706-2b03-400c-ba95-9111c763fe7d', '8c8265f8-8c1c-4921-942f-b20ce24be7b0', '3028ccd7-7afc-47d2-8c46-78749ded1a37', 3.2500, 0.0000, 8415.00, 9265.00, '2026-05-09 03:19:45', '2026-05-16 11:48:37', '2026-05-23 03:13:59', '2026-05-23 03:13:59'),
('2f3aa4dc-fa53-4d4d-8a2d-98a1748f3016', 'e5eda2e6-be39-4d86-abb0-eb5723d6af40', 'fa1fccf7-ef0d-4865-88ec-ed5cd852aa29', 97.3100, 0.0000, 14000.00, 14000.00, '2026-05-23 03:14:01', NULL, '2026-05-23 03:14:01', '2026-05-23 03:14:01'),
('3136efcb-615c-45c1-bb36-5d4993330e06', 'e5eda2e6-be39-4d86-abb0-eb5723d6af40', '8cff6361-9336-43c4-be72-6110621e07e2', 69.1000, 0.0000, 120000.00, 120000.00, '2026-05-23 03:14:00', NULL, '2026-05-23 03:14:00', '2026-05-23 03:14:00'),
('318726be-2cc8-44e1-a4cb-2c041ffcfd24', 'e5eda2e6-be39-4d86-abb0-eb5723d6af40', 'c8313166-6f5f-4402-bc57-6aeaded7eb49', 71.2300, 0.0000, 150.00, 150.00, '2026-05-23 03:14:00', NULL, '2026-05-23 03:14:00', '2026-05-23 03:14:00'),
('3244cb93-94e4-4540-a163-b60e4ec05b4d', '8c8265f8-8c1c-4921-942f-b20ce24be7b0', 'b6bb2924-53a6-4f80-9e1d-d5b11eee3545', 57.4500, 3.4100, 42750.00, 44100.00, '2026-04-30 15:30:02', '2026-05-19 01:52:17', '2026-05-23 03:13:59', '2026-05-23 03:13:59'),
('35ad1b1b-2971-4b22-af9d-123e1859d5a3', '8c8265f8-8c1c-4921-942f-b20ce24be7b0', 'd772b9f5-c0a7-42d9-bbf4-146aff9cd079', 10.6900, 1.0600, 17280.00, 16740.00, '2026-05-15 08:14:57', '2026-05-18 23:55:04', '2026-05-23 03:13:59', '2026-05-23 03:13:59'),
('37c3b79a-7530-4b7b-a6fd-9ba2fd69d4a6', '8c8265f8-8c1c-4921-942f-b20ce24be7b0', '3b5d64fc-719c-46b8-a0b0-6508caa31388', 53.2200, 1.8300, 99750.00, 93100.00, '2026-05-21 19:10:36', '2026-05-20 10:12:18', '2026-05-23 03:13:59', '2026-05-23 03:13:59'),
('3c57bacf-1dfe-4218-bee1-e7c01522502b', '8c8265f8-8c1c-4921-942f-b20ce24be7b0', '25648899-ccc3-4a45-8fbf-e10cc4a87d66', 16.0400, 0.8100, 118800.00, 115200.00, '2026-05-02 06:23:31', NULL, '2026-05-23 03:13:59', '2026-05-23 03:13:59'),
('3cade9a4-023c-4c6b-921b-f177ed7a3fac', '8c8265f8-8c1c-4921-942f-b20ce24be7b0', '7ec16d41-807e-43fc-a92f-32a6f16d0234', 91.8800, 4.2900, 43260.00, 40320.00, '2026-05-11 22:39:24', NULL, '2026-05-23 03:13:59', '2026-05-23 03:13:59'),
('3d39ae29-bc8c-438c-972c-d10a4dd1c167', '8c8265f8-8c1c-4921-942f-b20ce24be7b0', 'f7e69a23-b5e3-4054-b039-5502c76313fc', 28.1200, 0.3800, 124800.00, 110400.00, '2026-04-26 09:45:23', '2026-05-18 01:59:56', '2026-05-23 03:13:59', '2026-05-23 03:13:59'),
('3e3262e8-a015-4493-808c-5e80526bf39a', '8c8265f8-8c1c-4921-942f-b20ce24be7b0', '3869962f-fdd4-4407-9f42-d6ead593a087', 55.4100, 2.6100, 82450.00, 78200.00, '2026-05-03 15:03:10', '2026-05-21 09:40:42', '2026-05-23 03:13:59', '2026-05-23 03:13:59'),
('3edb0f3d-8b0e-4016-995a-d90298f86615', 'e5eda2e6-be39-4d86-abb0-eb5723d6af40', '8757ff98-056c-41a5-8e34-b7591bbc67d8', 71.2500, 0.0000, 2500.00, 2500.00, '2026-05-23 03:14:00', NULL, '2026-05-23 03:14:00', '2026-05-23 03:14:00'),
('3eebfc4a-19e8-40ae-a4f8-8d266c8b9c1e', '8c8265f8-8c1c-4921-942f-b20ce24be7b0', '58217759-5292-40c1-abae-bd5a2dd71152', 15.3500, 0.6700, 18360.00, 18180.00, '2026-05-19 04:22:39', '2026-05-19 19:55:39', '2026-05-23 03:13:59', '2026-05-23 03:13:59'),
('3f175afe-233c-4213-abc5-97ecfbbe06e0', 'e5eda2e6-be39-4d86-abb0-eb5723d6af40', '6fb1a2d9-0342-4939-9d76-46b69ac202e6', 58.4400, 0.0000, 18000.00, 18000.00, '2026-05-23 03:14:00', NULL, '2026-05-23 03:14:00', '2026-05-23 03:14:00'),
('3f3468ba-0a16-46ab-941f-d676fd59be59', 'e5eda2e6-be39-4d86-abb0-eb5723d6af40', '59ac9a43-7c4b-4a74-9358-b321df8e7d08', 15.8600, 0.0000, 85000.00, 85000.00, '2026-05-23 03:14:00', NULL, '2026-05-23 03:14:00', '2026-05-23 03:14:00'),
('41073e3d-d4b8-4ba9-9b7c-6d98be825f33', '8c8265f8-8c1c-4921-942f-b20ce24be7b0', 'ce1c4f4d-92a7-40e8-bb33-842e5d3e9a65', 49.6500, 0.2400, 21340.00, 22880.00, '2026-05-10 07:31:42', '2026-05-18 12:41:49', '2026-05-23 03:13:59', '2026-05-23 03:13:59'),
('417045ae-c822-48c2-a492-3aca6f90209a', 'e5eda2e6-be39-4d86-abb0-eb5723d6af40', '0f8e346d-8ee1-4f2a-82de-6ad0f9920f4a', 74.0000, 0.0000, 25000.00, 25000.00, '2026-05-23 03:14:00', NULL, '2026-05-23 03:14:00', '2026-05-23 03:14:00'),
('425a167d-0706-441e-8f5a-f346e5214ac9', '8c8265f8-8c1c-4921-942f-b20ce24be7b0', '35f510f1-7150-42bf-87b1-85a66624f5ea', 16.5100, 0.3200, 217800.00, 200200.00, '2026-05-21 13:29:31', '2026-05-17 16:49:53', '2026-05-23 03:13:59', '2026-05-23 03:13:59'),
('43fe5089-1b6d-4aaa-a0d4-e334d7cc6ca7', '8c8265f8-8c1c-4921-942f-b20ce24be7b0', '0f8e346d-8ee1-4f2a-82de-6ad0f9920f4a', 56.3600, 3.7600, 24750.00, 25000.00, '2026-05-07 13:19:04', '2026-05-22 00:38:20', '2026-05-23 03:13:59', '2026-05-23 03:13:59'),
('4402fbac-37a8-45a0-b964-21071bbb3305', '8c8265f8-8c1c-4921-942f-b20ce24be7b0', '8dbe9773-a8a0-45b4-a108-a5cb4f10b0ce', 89.0300, 1.0200, 33600.00, 37450.00, '2026-05-02 17:51:11', NULL, '2026-05-23 03:13:59', '2026-05-23 03:13:59'),
('44867580-018f-413c-aac0-c089f5d96d2e', 'e5eda2e6-be39-4d86-abb0-eb5723d6af40', '26c30409-cd63-4ab8-ba7d-e6ef140affd7', 97.6500, 0.0000, 95000.00, 95000.00, '2026-05-23 03:14:00', NULL, '2026-05-23 03:14:00', '2026-05-23 03:14:00'),
('457f5821-51e6-4c74-a82f-aa0f4e8edee8', '8c8265f8-8c1c-4921-942f-b20ce24be7b0', 'c94a654a-f572-4326-8a1d-edaf43ba7a6c', 77.3300, 3.0100, 3360.00, 3220.00, '2026-05-11 17:47:02', '2026-05-20 07:30:13', '2026-05-23 03:13:59', '2026-05-23 03:13:59'),
('46a8f5a3-dbcf-4466-956f-a11564aa30d0', 'e5eda2e6-be39-4d86-abb0-eb5723d6af40', '5339be37-d3ae-43f0-a586-af0a34946aa0', 15.5500, 0.0000, 35000.00, 35000.00, '2026-05-23 03:14:00', NULL, '2026-05-23 03:14:00', '2026-05-23 03:14:00'),
('486a4528-724d-4430-aaa7-296435fc6f9a', '8c8265f8-8c1c-4921-942f-b20ce24be7b0', 'f1a251f8-abea-4798-b680-bb094dcd53e1', 58.4300, 0.3500, 24750.00, 26000.00, '2026-05-01 14:53:23', NULL, '2026-05-23 03:13:59', '2026-05-23 03:13:59'),
('492b74b0-1b94-4d73-b801-a481f1811ee0', '8c8265f8-8c1c-4921-942f-b20ce24be7b0', 'd7acf05f-2978-4d96-bf38-dae8cdef4f6a', 13.1200, 0.0400, 81600.00, 81600.00, '2026-05-21 01:40:01', '2026-05-21 00:45:03', '2026-05-23 03:13:59', '2026-05-23 03:13:59'),
('49edb3f2-f368-403e-a790-8db3dbd2c451', '8c8265f8-8c1c-4921-942f-b20ce24be7b0', '1aa2b2f2-6035-4a61-932c-6a3c9742bad9', 61.4400, 0.4100, 97850.00, 90250.00, '2026-05-18 17:47:16', '2026-05-16 16:23:18', '2026-05-23 03:13:59', '2026-05-23 03:13:59'),
('4a4f485d-2c7a-4d11-a9ff-4da46f098696', '8c8265f8-8c1c-4921-942f-b20ce24be7b0', 'ec5437de-944a-44e9-9ba1-47d0aa2075e7', 53.3900, 4.9000, 116400.00, 116400.00, '2026-05-08 19:17:35', '2026-05-19 22:01:16', '2026-05-23 03:13:59', '2026-05-23 03:13:59'),
('4cecd5cd-3e5c-4e42-a9ce-75449a6f26ba', '8c8265f8-8c1c-4921-942f-b20ce24be7b0', '613e8b12-e111-416b-83c6-573a105c0815', 52.3100, 2.4700, 18000.00, 19440.00, '2026-05-01 23:15:27', '2026-05-21 13:11:11', '2026-05-23 03:13:59', '2026-05-23 03:13:59'),
('4d360340-5aa1-413e-8048-2b5064454776', 'e5eda2e6-be39-4d86-abb0-eb5723d6af40', '35f510f1-7150-42bf-87b1-85a66624f5ea', 58.0200, 0.0000, 220000.00, 220000.00, '2026-05-23 03:14:00', NULL, '2026-05-23 03:14:00', '2026-05-23 03:14:00'),
('4fbec9fb-82eb-4b94-bc30-be6bc249b939', 'e5eda2e6-be39-4d86-abb0-eb5723d6af40', '12bdf623-63d8-4c24-977c-f8ddf76bdc6c', 39.0200, 0.0000, 100.00, 100.00, '2026-05-23 03:14:00', NULL, '2026-05-23 03:14:00', '2026-05-23 03:14:00'),
('50f25c15-4823-4958-97d9-28e699ddc252', 'e5eda2e6-be39-4d86-abb0-eb5723d6af40', '4499d420-8ffc-4ee0-a55b-8ce5e7211729', 93.7500, 0.0000, 15000.00, 15000.00, '2026-05-23 03:14:00', NULL, '2026-05-23 03:14:00', '2026-05-23 03:14:00'),
('50f3bf50-9402-4e1c-913d-13a8df6eff19', '8c8265f8-8c1c-4921-942f-b20ce24be7b0', 'c8313166-6f5f-4402-bc57-6aeaded7eb49', 9.7000, 0.0000, 153.00, 151.50, '2026-05-13 17:00:37', '2026-05-19 10:33:41', '2026-05-23 03:13:59', '2026-05-23 03:13:59'),
('51cab3a5-19a1-40ba-941f-8c507c0b5535', '8c8265f8-8c1c-4921-942f-b20ce24be7b0', 'e8de376f-0808-4be3-ba0f-7792c4fbf5ea', 19.9000, 1.3400, 21560.00, 20240.00, '2026-05-10 08:12:00', '2026-05-20 20:55:51', '2026-05-23 03:13:59', '2026-05-23 03:13:59'),
('52475b50-3969-489b-abcd-236713afc115', 'e5eda2e6-be39-4d86-abb0-eb5723d6af40', 'c55f2090-7bdf-4789-a9ef-eb3aa6f6a0ae', 95.0400, 0.0000, 12000.00, 12000.00, '2026-05-23 03:14:00', NULL, '2026-05-23 03:14:00', '2026-05-23 03:14:00'),
('526e82c5-d622-45d3-8d31-d456feea1730', '8c8265f8-8c1c-4921-942f-b20ce24be7b0', '0b679841-55cb-42f6-839b-e873e73120cf', 63.2400, 1.1400, 82.40, 79.20, '2026-05-18 13:56:10', NULL, '2026-05-23 03:13:59', '2026-05-23 03:13:59'),
('53a76aab-66f1-4697-bfac-84f2d47427f9', '8c8265f8-8c1c-4921-942f-b20ce24be7b0', '1142502a-749f-4a0c-9a52-1ab6c098a5fd', 66.3100, 1.7200, 27440.00, 26880.00, '2026-05-07 18:20:13', NULL, '2026-05-23 03:13:59', '2026-05-23 03:13:59'),
('53ec74df-4897-4dee-bc16-19494ff485e8', '8c8265f8-8c1c-4921-942f-b20ce24be7b0', 'ffff33ea-09d2-4834-950b-b9f96e7ebdbd', 0.1900, 0.0000, 21000.00, 20200.00, '2026-05-20 02:24:39', '2026-05-18 21:06:39', '2026-05-23 03:13:59', '2026-05-23 03:13:59'),
('55cf4b98-06e9-427b-a78e-98fc01198953', 'e5eda2e6-be39-4d86-abb0-eb5723d6af40', '45f30c5f-52d7-45a8-86cd-fc209983b7e7', 89.2400, 0.0000, 65000.00, 65000.00, '2026-05-23 03:14:00', NULL, '2026-05-23 03:14:00', '2026-05-23 03:14:00'),
('563404d9-c571-4faa-a159-206820ba8ea2', '8c8265f8-8c1c-4921-942f-b20ce24be7b0', '80adc244-40bf-4e5c-beb0-338474572b13', 23.6200, 2.2900, 111100.00, 112200.00, '2026-05-18 08:55:54', NULL, '2026-05-23 03:13:59', '2026-05-23 03:13:59'),
('59669b6a-3594-473d-9d3c-f49edc6643c6', 'e5eda2e6-be39-4d86-abb0-eb5723d6af40', '08b1289b-80fb-43ad-ad09-7297baf82931', 64.2100, 0.0000, 120000.00, 120000.00, '2026-05-23 03:14:00', NULL, '2026-05-23 03:14:00', '2026-05-23 03:14:00'),
('597f85bd-c898-4f3d-a6ad-0f383fe009a0', '8c8265f8-8c1c-4921-942f-b20ce24be7b0', '8260fc52-f5fb-4154-9851-736cdbf8a257', 92.6100, 1.1200, 200.00, 192.00, '2026-04-30 21:07:08', '2026-05-17 14:22:31', '2026-05-23 03:13:59', '2026-05-23 03:13:59'),
('59cd6d40-b23c-4dac-8910-e842188a2063', '8c8265f8-8c1c-4921-942f-b20ce24be7b0', '95c4ee0c-09e0-4e4e-8f7b-36bf5a570eef', 1.3700, 0.0000, 98800.00, 89300.00, '2026-04-23 07:44:03', NULL, '2026-05-23 03:13:59', '2026-05-23 03:13:59'),
('5a43b568-e9e4-487f-9c67-65e77887e65d', '8c8265f8-8c1c-4921-942f-b20ce24be7b0', '1462554a-d08d-4da6-99d7-3b8434aeda4d', 14.8300, 0.8500, 20800.00, 19400.00, '2026-05-09 02:09:06', NULL, '2026-05-23 03:13:59', '2026-05-23 03:13:59'),
('5ad09825-37ec-4f8e-9707-db129b1aadb2', '8c8265f8-8c1c-4921-942f-b20ce24be7b0', '26c30409-cd63-4ab8-ba7d-e6ef140affd7', 9.5700, 0.0000, 96900.00, 97850.00, '2026-05-17 11:41:57', '2026-05-17 07:52:19', '2026-05-23 03:13:59', '2026-05-23 03:13:59'),
('5b8e2e48-bd7b-4f6e-9c66-73dd9a13cc62', 'e5eda2e6-be39-4d86-abb0-eb5723d6af40', '91643558-1c23-4463-98d5-ea0ac9d5a765', 90.2900, 0.0000, 250000.00, 250000.00, '2026-05-23 03:14:00', NULL, '2026-05-23 03:14:00', '2026-05-23 03:14:00'),
('5bf7cb9b-a7fd-4ad5-a01d-34f197b9ca4a', '8c8265f8-8c1c-4921-942f-b20ce24be7b0', '6fb1a2d9-0342-4939-9d76-46b69ac202e6', 91.2000, 1.6800, 17280.00, 17460.00, '2026-05-09 11:37:24', '2026-05-16 12:30:55', '2026-05-23 03:13:59', '2026-05-23 03:13:59'),
('5cecd4c9-0345-4210-ab5d-d23960f15eb9', 'e5eda2e6-be39-4d86-abb0-eb5723d6af40', 'bbbf69aa-e712-4aa8-bc95-2edc3226376f', 10.6300, 0.0000, 45000.00, 45000.00, '2026-05-23 03:14:00', NULL, '2026-05-23 03:14:00', '2026-05-23 03:14:00'),
('5d821835-c03b-491d-9fde-cf42596dfb85', 'e5eda2e6-be39-4d86-abb0-eb5723d6af40', '25648899-ccc3-4a45-8fbf-e10cc4a87d66', 12.1700, 0.0000, 120000.00, 120000.00, '2026-05-23 03:14:00', NULL, '2026-05-23 03:14:00', '2026-05-23 03:14:00'),
('5da86975-49a2-49d3-8846-1d0403630d9a', 'e5eda2e6-be39-4d86-abb0-eb5723d6af40', 'c94a654a-f572-4326-8a1d-edaf43ba7a6c', 37.6800, 0.0000, 3500.00, 3500.00, '2026-05-23 03:14:00', NULL, '2026-05-23 03:14:00', '2026-05-23 03:14:00'),
('5e1b0e1a-23da-4090-8aa1-ecb40a3ef0a1', 'e5eda2e6-be39-4d86-abb0-eb5723d6af40', '7ec16d41-807e-43fc-a92f-32a6f16d0234', 88.8500, 0.0000, 42000.00, 42000.00, '2026-05-23 03:14:00', NULL, '2026-05-23 03:14:00', '2026-05-23 03:14:00'),
('5e4a8d3d-d6ac-4776-b55b-9ebce6470d1d', 'e5eda2e6-be39-4d86-abb0-eb5723d6af40', '0ae6dd9b-b245-4bb8-80a7-fcd09070fd4e', 50.0900, 0.0000, 32000.00, 32000.00, '2026-05-23 03:14:00', NULL, '2026-05-23 03:14:00', '2026-05-23 03:14:00'),
('62645841-d397-4706-92fa-bd653540224c', 'e5eda2e6-be39-4d86-abb0-eb5723d6af40', '374b03f3-91f2-4345-8806-d333e0dea68f', 36.7800, 0.0000, 35000.00, 35000.00, '2026-05-23 03:14:00', NULL, '2026-05-23 03:14:00', '2026-05-23 03:14:00'),
('62c1fc4e-c070-45ce-9131-4ede5dbe8be1', 'e5eda2e6-be39-4d86-abb0-eb5723d6af40', 'f419cbbd-285e-4c95-a257-5a17f35aca95', 93.9400, 0.0000, 28000.00, 28000.00, '2026-05-23 03:14:01', NULL, '2026-05-23 03:14:01', '2026-05-23 03:14:01'),
('62f32d47-f7be-41ed-8f53-abfba60edcab', '8c8265f8-8c1c-4921-942f-b20ce24be7b0', '22ad6310-d681-4cce-a353-214bb9aaf5b6', 57.6500, 3.0600, 185400.00, 189000.00, '2026-05-05 00:39:51', '2026-05-21 06:28:49', '2026-05-23 03:13:59', '2026-05-23 03:13:59'),
('63a4b53a-452e-47d6-99df-428476c88d23', '8c8265f8-8c1c-4921-942f-b20ce24be7b0', '374b03f3-91f2-4345-8806-d333e0dea68f', 51.1000, 3.1800, 34300.00, 32200.00, '2026-05-10 04:40:46', '2026-05-19 02:37:53', '2026-05-23 03:13:59', '2026-05-23 03:13:59'),
('640f2d25-75d6-48d6-a790-9dfe59b1188b', 'e5eda2e6-be39-4d86-abb0-eb5723d6af40', 'eb332c72-7f29-4e61-bd07-6dd299ee7a90', 12.8000, 0.0000, 55000.00, 55000.00, '2026-05-23 03:14:01', NULL, '2026-05-23 03:14:01', '2026-05-23 03:14:01'),
('64424d81-ccca-4df6-9930-1023da623e89', '8c8265f8-8c1c-4921-942f-b20ce24be7b0', '9b0f1c92-7bc6-48dd-bfd3-f5c696ed99ec', 32.3900, 1.6600, 3570.00, 3360.00, '2026-05-06 01:29:05', '2026-05-21 10:47:36', '2026-05-23 03:13:59', '2026-05-23 03:13:59'),
('650be227-24ed-437f-8836-3e8759220cd1', '8c8265f8-8c1c-4921-942f-b20ce24be7b0', '8dce40bc-9e6a-46d3-83fb-5dfba5e2646b', 11.8100, 0.8200, 30900.00, 32400.00, '2026-04-30 15:44:54', '2026-05-19 13:33:39', '2026-05-23 03:13:59', '2026-05-23 03:13:59'),
('66c5a14a-6417-4780-8361-aebee3ee3285', '8c8265f8-8c1c-4921-942f-b20ce24be7b0', 'fc4ddb91-4934-4d69-9014-3fc95821a5c7', 33.4100, 0.3000, 11880.00, 12600.00, '2026-05-22 03:04:27', NULL, '2026-05-23 03:13:59', '2026-05-23 03:13:59'),
('67215711-66b3-4721-9c9a-3fe02187c75b', 'e5eda2e6-be39-4d86-abb0-eb5723d6af40', '1462554a-d08d-4da6-99d7-3b8434aeda4d', 61.2900, 0.0000, 20000.00, 20000.00, '2026-05-23 03:14:00', NULL, '2026-05-23 03:14:00', '2026-05-23 03:14:00'),
('6760befc-c97e-4ce4-8d90-768ddd9c89f2', '8c8265f8-8c1c-4921-942f-b20ce24be7b0', 'd7809427-bec1-4202-9f42-30981ab692d4', 45.5200, 4.3500, 336000.00, 367500.00, '2026-05-13 14:47:39', '2026-05-16 09:15:43', '2026-05-23 03:13:59', '2026-05-23 03:13:59'),
('67e742ee-ffff-413a-b70f-0e72c81a86f2', '8c8265f8-8c1c-4921-942f-b20ce24be7b0', '95159a4d-7f19-4382-a7de-ba70d4d08b65', 67.0900, 4.1800, 15150.00, 14700.00, '2026-05-12 22:49:39', NULL, '2026-05-23 03:13:59', '2026-05-23 03:13:59'),
('6821678e-83ec-44e3-930b-66b0bd22fe7a', '8c8265f8-8c1c-4921-942f-b20ce24be7b0', '0ae6dd9b-b245-4bb8-80a7-fcd09070fd4e', 21.8200, 0.1400, 33280.00, 33280.00, '2026-05-20 23:01:11', '2026-05-22 18:17:44', '2026-05-23 03:13:59', '2026-05-23 03:13:59'),
('69cb4f73-aed8-4cf9-be5a-6e71996b1984', 'e5eda2e6-be39-4d86-abb0-eb5723d6af40', 'f1a251f8-abea-4798-b680-bb094dcd53e1', 62.3000, 0.0000, 25000.00, 25000.00, '2026-05-23 03:14:01', NULL, '2026-05-23 03:14:01', '2026-05-23 03:14:01'),
('6a212277-0d5e-4df2-abfa-0eb65d905ca3', 'e5eda2e6-be39-4d86-abb0-eb5723d6af40', 'ae74846a-31fc-41f4-901a-74729ff714b1', 42.7200, 0.0000, 28000.00, 28000.00, '2026-05-23 03:14:00', NULL, '2026-05-23 03:14:00', '2026-05-23 03:14:00'),
('6c6161c0-a0ae-45c5-9608-eaceeed7f219', '8c8265f8-8c1c-4921-942f-b20ce24be7b0', '50e4bdf2-d73b-415c-bd22-79f8477102d2', 54.4400, 3.7000, 55550.00, 52250.00, '2026-04-23 16:38:46', '2026-05-17 19:18:41', '2026-05-23 03:13:59', '2026-05-23 03:13:59'),
('6c8336f6-469c-4471-8c93-52deb139bfa6', '8c8265f8-8c1c-4921-942f-b20ce24be7b0', 'add48938-8a33-41b6-b46b-7079e4e31bec', 37.6700, 2.5600, 151500.00, 147000.00, '2026-04-30 23:58:32', '2026-05-23 01:42:37', '2026-05-23 03:13:59', '2026-05-23 03:13:59'),
('6da7c379-e4b4-4eb3-832a-43c064589976', 'e5eda2e6-be39-4d86-abb0-eb5723d6af40', 'b542502f-e31e-4ec1-a723-fb245315fa11', 65.6100, 0.0000, 25000.00, 25000.00, '2026-05-23 03:14:00', NULL, '2026-05-23 03:14:00', '2026-05-23 03:14:00'),
('6fc53998-72b7-4769-927c-b6358702644b', '8c8265f8-8c1c-4921-942f-b20ce24be7b0', '965cd683-8317-4768-ac8c-f4977dbe93a2', 49.4800, 2.0900, 15300.00, 13800.00, '2026-05-19 00:07:12', '2026-05-19 21:17:13', '2026-05-23 03:13:59', '2026-05-23 03:13:59'),
('70a734b0-8976-4427-bf86-8a40498ab6a8', 'e5eda2e6-be39-4d86-abb0-eb5723d6af40', 'ee2e1070-2bc3-4c6d-bcde-7c6be8a12ed5', 91.7000, 0.0000, 18000.00, 18000.00, '2026-05-23 03:14:01', NULL, '2026-05-23 03:14:01', '2026-05-23 03:14:01'),
('71668488-2509-4dc7-97fd-3a619ac96f81', 'e5eda2e6-be39-4d86-abb0-eb5723d6af40', '94bbd6b1-8bed-411c-bc4d-557e0f50a8f1', 12.1300, 0.0000, 45000.00, 45000.00, '2026-05-23 03:14:00', NULL, '2026-05-23 03:14:00', '2026-05-23 03:14:00'),
('727c5569-40ff-4887-be30-3216bbfa8ae5', 'e5eda2e6-be39-4d86-abb0-eb5723d6af40', '6e855b45-f21e-48c1-b317-0e6ee8dfdcdd', 26.2700, 0.0000, 180000.00, 180000.00, '2026-05-23 03:14:00', NULL, '2026-05-23 03:14:00', '2026-05-23 03:14:00'),
('736921d2-22f9-4886-97b9-29d3ced89b2c', '8c8265f8-8c1c-4921-942f-b20ce24be7b0', '1a52da1f-0d52-4fcb-8a6b-39407115b8d8', 42.5500, 4.2300, 174600.00, 178200.00, '2026-05-07 10:00:16', '2026-05-17 08:52:42', '2026-05-23 03:13:59', '2026-05-23 03:13:59'),
('76251071-e974-49c9-a2b1-54f699969b52', 'e5eda2e6-be39-4d86-abb0-eb5723d6af40', '681a4ae6-cc8b-40af-b2f8-11530be29b9f', 63.8600, 0.0000, 35000.00, 35000.00, '2026-05-23 03:14:00', NULL, '2026-05-23 03:14:00', '2026-05-23 03:14:00'),
('78bcd11a-036f-4bc5-a35d-0375ae08f78a', 'e5eda2e6-be39-4d86-abb0-eb5723d6af40', 'd3bc63c7-348f-4d4e-bbfb-86454b9cbe4c', 32.2800, 0.0000, 200.00, 200.00, '2026-05-23 03:14:00', NULL, '2026-05-23 03:14:00', '2026-05-23 03:14:00'),
('79f7557a-a1db-4c6a-9aeb-62493a54a81d', '8c8265f8-8c1c-4921-942f-b20ce24be7b0', 'fcca06b4-4841-4891-ae01-a75f662b6968', 2.1000, 0.0000, 45450.00, 43650.00, '2026-05-18 06:06:38', '2026-05-17 18:40:07', '2026-05-23 03:13:59', '2026-05-23 03:13:59'),
('7bb8053f-d167-4527-b84b-bb327dfc33b2', 'e5eda2e6-be39-4d86-abb0-eb5723d6af40', 'ffff33ea-09d2-4834-950b-b9f96e7ebdbd', 62.8400, 0.0000, 20000.00, 20000.00, '2026-05-23 03:14:01', NULL, '2026-05-23 03:14:01', '2026-05-23 03:14:01'),
('7d95a3cc-1a8b-453f-909a-ea678c80836a', '8c8265f8-8c1c-4921-942f-b20ce24be7b0', '5339be37-d3ae-43f0-a586-af0a34946aa0', 16.3600, 1.3900, 35350.00, 34650.00, '2026-04-29 21:31:14', '2026-05-19 02:02:56', '2026-05-23 03:13:59', '2026-05-23 03:13:59'),
('800e17c5-2b64-475b-8693-b86b9803fabe', '8c8265f8-8c1c-4921-942f-b20ce24be7b0', 'e8031ea4-90a3-4137-b63b-96c68fb775d2', 41.0300, 1.4300, 26000.00, 22750.00, '2026-04-30 10:39:41', NULL, '2026-05-23 03:13:59', '2026-05-23 03:13:59'),
('8131a5c9-80cf-4fe7-bc09-25fa5be95868', 'e5eda2e6-be39-4d86-abb0-eb5723d6af40', '602b0eef-f478-4e05-83af-c7b9b1d9222e', 17.2900, 0.0000, 35000.00, 35000.00, '2026-05-23 03:14:00', NULL, '2026-05-23 03:14:00', '2026-05-23 03:14:00'),
('83437b24-c4df-4e1b-b891-5367c885ebea', '8c8265f8-8c1c-4921-942f-b20ce24be7b0', '8757ff98-056c-41a5-8e34-b7591bbc67d8', 40.8700, 1.1300, 2425.00, 2325.00, '2026-04-26 15:59:08', NULL, '2026-05-23 03:13:59', '2026-05-23 03:13:59'),
('8378ad50-1327-4f6d-b9aa-d673c2593383', '8c8265f8-8c1c-4921-942f-b20ce24be7b0', 'f419cbbd-285e-4c95-a257-5a17f35aca95', 73.1900, 2.8400, 28560.00, 28000.00, '2026-05-16 23:52:02', '2026-05-20 11:57:33', '2026-05-23 03:13:59', '2026-05-23 03:13:59'),
('83f692cb-fb1d-4636-aca6-fb460503b542', '8c8265f8-8c1c-4921-942f-b20ce24be7b0', 'fa762fd6-3198-4212-951a-fc113214b5b3', 7.5900, 0.0000, 7760.00, 8800.00, '2026-05-09 02:34:43', '2026-05-17 13:23:43', '2026-05-23 03:13:59', '2026-05-23 03:13:59'),
('844895a3-38b8-4db5-84d9-7473d99bcc77', 'e5eda2e6-be39-4d86-abb0-eb5723d6af40', '08e03421-4a39-40f3-b759-65017a25a9cd', 59.6900, 0.0000, 25000.00, 25000.00, '2026-05-23 03:14:00', NULL, '2026-05-23 03:14:00', '2026-05-23 03:14:00'),
('859200db-ff11-4c64-bd2e-7d6ab604071f', 'e5eda2e6-be39-4d86-abb0-eb5723d6af40', '58217759-5292-40c1-abae-bd5a2dd71152', 67.8200, 0.0000, 18000.00, 18000.00, '2026-05-23 03:14:00', NULL, '2026-05-23 03:14:00', '2026-05-23 03:14:00'),
('875a5f95-0dd7-48b2-b10b-6b83143a4ca9', '8c8265f8-8c1c-4921-942f-b20ce24be7b0', '45f30c5f-52d7-45a8-86cd-fc209983b7e7', 65.6800, 2.3600, 64350.00, 70850.00, '2026-05-04 13:57:15', '2026-05-20 12:59:47', '2026-05-23 03:13:59', '2026-05-23 03:13:59'),
('88eabf10-c766-4b32-845b-0ca3f75a5c4d', '8c8265f8-8c1c-4921-942f-b20ce24be7b0', '6c31aa1f-53e9-4bdb-8b17-c0bfa31eb681', 37.7800, 0.5800, 148500.00, 136500.00, '2026-05-16 16:42:12', '2026-05-19 12:52:40', '2026-05-23 03:13:59', '2026-05-23 03:13:59'),
('8ac154eb-04f5-401d-ba31-1717391b86d1', '8c8265f8-8c1c-4921-942f-b20ce24be7b0', 'ecd6c8c0-eb6d-4842-bc89-2d49e2f4564d', 3.2200, 0.0000, 35350.00, 33950.00, '2026-05-06 19:31:05', '2026-05-20 04:02:45', '2026-05-23 03:13:59', '2026-05-23 03:13:59'),
('8c7859b2-a755-41e2-8ef3-bca14d6831e3', 'e5eda2e6-be39-4d86-abb0-eb5723d6af40', '8dbe9773-a8a0-45b4-a108-a5cb4f10b0ce', 49.3900, 0.0000, 35000.00, 35000.00, '2026-05-23 03:14:00', NULL, '2026-05-23 03:14:00', '2026-05-23 03:14:00'),
('8cc3928a-b7e3-44cc-b149-07188c4ad810', 'e5eda2e6-be39-4d86-abb0-eb5723d6af40', 'e8de376f-0808-4be3-ba0f-7792c4fbf5ea', 90.2000, 0.0000, 22000.00, 22000.00, '2026-05-23 03:14:01', NULL, '2026-05-23 03:14:01', '2026-05-23 03:14:01'),
('8f5ad539-6a7b-446d-8db3-54b1b94a9ea1', '8c8265f8-8c1c-4921-942f-b20ce24be7b0', 'a8ce6ead-ceb8-4836-926c-59e06d8da4df', 15.1900, 0.5900, 45000.00, 42750.00, '2026-05-17 22:38:59', NULL, '2026-05-23 03:13:59', '2026-05-23 03:13:59'),
('904fb075-5576-452e-a489-4b100902d238', 'e5eda2e6-be39-4d86-abb0-eb5723d6af40', 'ae08af5c-3d51-4931-a5c0-72814e2172f5', 39.0600, 0.0000, 250000.00, 250000.00, '2026-05-23 03:14:00', NULL, '2026-05-23 03:14:00', '2026-05-23 03:14:00'),
('916623ad-ebdb-464b-8f3e-32ce42a6d331', '8c8265f8-8c1c-4921-942f-b20ce24be7b0', '9ff4762a-46d2-4f5b-a946-09e898d415f2', 19.6700, 1.3100, 57200.00, 55000.00, '2026-04-28 00:42:01', '2026-05-21 09:47:32', '2026-05-23 03:13:59', '2026-05-23 03:13:59'),
('928b0800-5474-4f89-b726-0e2b8917f9fe', '8c8265f8-8c1c-4921-942f-b20ce24be7b0', 'a768fa94-81b8-43fd-9354-4f8c6dfe86ea', 58.0800, 2.2700, 5665.00, 5115.00, '2026-05-17 06:12:16', NULL, '2026-05-23 03:13:59', '2026-05-23 03:13:59'),
('948a6b8b-adb9-4420-94e6-55c4e39bac00', 'e5eda2e6-be39-4d86-abb0-eb5723d6af40', '7b921f01-b00b-4775-9eb5-61644b91114f', 37.6600, 0.0000, 15000.00, 15000.00, '2026-05-23 03:14:00', NULL, '2026-05-23 03:14:00', '2026-05-23 03:14:00'),
('962baa00-d6c5-44a7-83c1-1e43b523f3be', 'e5eda2e6-be39-4d86-abb0-eb5723d6af40', '5269dc61-0e4d-4a32-82b3-3c662f9c4026', 71.8200, 0.0000, 25000.00, 25000.00, '2026-05-23 03:14:00', NULL, '2026-05-23 03:14:00', '2026-05-23 03:14:00'),
('96361f4e-c529-4c58-aab1-29b7aaa19b82', 'e5eda2e6-be39-4d86-abb0-eb5723d6af40', 'ece8261c-292f-4650-8e52-eada4ab9f5cb', 26.9400, 0.0000, 2500.00, 2500.00, '2026-05-23 03:14:01', NULL, '2026-05-23 03:14:01', '2026-05-23 03:14:01'),
('96b1bc2d-4f3b-4bdc-b7b2-7d6860a3d7dd', 'e5eda2e6-be39-4d86-abb0-eb5723d6af40', '3028ccd7-7afc-47d2-8c46-78749ded1a37', 21.5500, 0.0000, 8500.00, 8500.00, '2026-05-23 03:14:00', NULL, '2026-05-23 03:14:00', '2026-05-23 03:14:00'),
('96c58c77-ce65-403a-9e7f-e03ccafbe7d3', '8c8265f8-8c1c-4921-942f-b20ce24be7b0', '5269dc61-0e4d-4a32-82b3-3c662f9c4026', 46.0900, 4.5100, 25000.00, 25750.00, '2026-05-02 06:28:29', '2026-05-23 00:06:25', '2026-05-23 03:13:59', '2026-05-23 03:13:59'),
('9a19ef8c-e836-4c61-ae70-605f84d2c005', '8c8265f8-8c1c-4921-942f-b20ce24be7b0', '60c0d6d0-df03-4f4f-8a8f-b5475524329c', 1.7800, 0.0000, 84150.00, 87550.00, '2026-04-28 01:23:31', '2026-05-18 01:24:12', '2026-05-23 03:13:59', '2026-05-23 03:13:59'),
('9b0c8be9-eff5-4bb7-930d-4045fd386a53', 'e5eda2e6-be39-4d86-abb0-eb5723d6af40', 'c0e26b88-77b5-4a58-ac52-ddbf02482c62', 17.2200, 0.0000, 18000.00, 18000.00, '2026-05-23 03:14:00', NULL, '2026-05-23 03:14:00', '2026-05-23 03:14:00'),
('9b6ad2e1-2091-42bb-b97b-5beb748c839d', 'e5eda2e6-be39-4d86-abb0-eb5723d6af40', '81d3c1eb-efa5-4e1f-bc7d-0b1fd8bb86cc', 66.4900, 0.0000, 85000.00, 85000.00, '2026-05-23 03:14:00', NULL, '2026-05-23 03:14:00', '2026-05-23 03:14:00'),
('9b759733-7395-4cf9-9804-a87a41f3fb02', '8c8265f8-8c1c-4921-942f-b20ce24be7b0', '91643558-1c23-4463-98d5-ea0ac9d5a765', 28.9200, 2.1600, 257500.00, 255000.00, '2026-04-27 01:17:57', NULL, '2026-05-23 03:13:59', '2026-05-23 03:13:59'),
('9b8f83ba-5f63-4a0f-a58f-f2b5ccacd5fb', 'e5eda2e6-be39-4d86-abb0-eb5723d6af40', '4b4ff6ba-9a6f-43c0-b09a-612e98e913d8', 33.5400, 0.0000, 5500.00, 5500.00, '2026-05-23 03:14:00', NULL, '2026-05-23 03:14:00', '2026-05-23 03:14:00'),
('9c1cf9a5-dc7d-473c-9b0d-51f72f654d9b', 'e5eda2e6-be39-4d86-abb0-eb5723d6af40', 'fcac6fd2-4ef5-46c5-9abb-cfef0a5562e7', 42.7200, 0.0000, 1500.00, 1500.00, '2026-05-23 03:14:01', NULL, '2026-05-23 03:14:01', '2026-05-23 03:14:01'),
('9c47f1c4-e888-4375-ab42-4cf43b31721c', '8c8265f8-8c1c-4921-942f-b20ce24be7b0', '5ee772ed-780d-44c7-80a3-22040ba3251c', 7.9900, 0.0000, 24750.00, 25500.00, '2026-05-17 09:06:54', '2026-05-17 09:29:43', '2026-05-23 03:13:59', '2026-05-23 03:13:59'),
('9c847435-88fd-4487-9d70-9ac44515de40', '8c8265f8-8c1c-4921-942f-b20ce24be7b0', 'a6c67f51-40f4-41b9-b060-3ccc81c4dc44', 60.0900, 1.9500, 36400.00, 32550.00, '2026-05-13 17:49:56', '2026-05-16 09:31:12', '2026-05-23 03:13:59', '2026-05-23 03:13:59'),
('9d87f383-0b2a-4b67-83b7-fbdb72ebdfc7', 'e5eda2e6-be39-4d86-abb0-eb5723d6af40', '965cd683-8317-4768-ac8c-f4977dbe93a2', 34.2400, 0.0000, 15000.00, 15000.00, '2026-05-23 03:14:00', NULL, '2026-05-23 03:14:00', '2026-05-23 03:14:00'),
('9ffa99cc-30b0-4aca-b156-2e49b079a690', '8c8265f8-8c1c-4921-942f-b20ce24be7b0', '4b0a0750-2dfc-426d-9380-878eee141971', 67.2800, 4.2400, 36050.00, 33250.00, '2026-05-12 13:58:05', '2026-05-20 12:29:11', '2026-05-23 03:13:59', '2026-05-23 03:13:59'),
('a268cc4e-f603-4fb8-a767-372ae7ae0f78', 'e5eda2e6-be39-4d86-abb0-eb5723d6af40', 'ecd6c8c0-eb6d-4842-bc89-2d49e2f4564d', 20.3600, 0.0000, 35000.00, 35000.00, '2026-05-23 03:14:01', NULL, '2026-05-23 03:14:01', '2026-05-23 03:14:01'),
('a67294a6-14a6-40f5-b5d9-fa5367e4e5cd', 'e5eda2e6-be39-4d86-abb0-eb5723d6af40', 'd772b9f5-c0a7-42d9-bbf4-146aff9cd079', 91.1400, 0.0000, 18000.00, 18000.00, '2026-05-23 03:14:00', NULL, '2026-05-23 03:14:00', '2026-05-23 03:14:00'),
('a7879192-217a-4d50-9290-1434d5562a21', '8c8265f8-8c1c-4921-942f-b20ce24be7b0', '12dea6c2-f310-446c-8ed4-e370186e0f80', 54.2500, 3.2400, 27720.00, 29680.00, '2026-05-20 05:06:02', NULL, '2026-05-23 03:13:59', '2026-05-23 03:13:59'),
('ab0700ee-7189-4707-9f65-e1e32af92cbb', 'e5eda2e6-be39-4d86-abb0-eb5723d6af40', 'ce1c4f4d-92a7-40e8-bb33-842e5d3e9a65', 95.9900, 0.0000, 22000.00, 22000.00, '2026-05-23 03:14:00', NULL, '2026-05-23 03:14:00', '2026-05-23 03:14:00'),
('ab8bbc3a-bca9-4f25-848a-bce37760ed3b', 'e5eda2e6-be39-4d86-abb0-eb5723d6af40', '12dea6c2-f310-446c-8ed4-e370186e0f80', 17.1100, 0.0000, 28000.00, 28000.00, '2026-05-23 03:14:00', NULL, '2026-05-23 03:14:00', '2026-05-23 03:14:00'),
('ada9c85c-9b1c-4367-9177-0f485a59f632', '8c8265f8-8c1c-4921-942f-b20ce24be7b0', '143bfdf7-2d8a-44e6-adaa-b0c18d85c4ee', 6.1200, 0.0000, 33950.00, 31850.00, '2026-05-09 00:09:14', '2026-05-22 04:32:28', '2026-05-23 03:13:59', '2026-05-23 03:13:59'),
('ae553f59-4277-4ddc-a47d-24011ca8b365', 'e5eda2e6-be39-4d86-abb0-eb5723d6af40', '80adc244-40bf-4e5c-beb0-338474572b13', 55.5000, 0.0000, 110000.00, 110000.00, '2026-05-23 03:14:00', NULL, '2026-05-23 03:14:00', '2026-05-23 03:14:00'),
('aec5c33c-20ae-4b24-b489-cfae223255f0', '8c8265f8-8c1c-4921-942f-b20ce24be7b0', '6cbc2349-b9d1-45c0-8854-30dce14914da', 30.3700, 0.0300, 43650.00, 42300.00, '2026-05-13 01:10:11', NULL, '2026-05-23 03:13:59', '2026-05-23 03:13:59'),
('b1124477-1926-49b6-ab26-80df23c964a6', '8c8265f8-8c1c-4921-942f-b20ce24be7b0', '4faa2fd8-d144-4cbd-87a0-89e62f6cf254', 15.6100, 0.9500, 15750.00, 14850.00, '2026-05-03 19:42:05', '2026-05-19 18:09:16', '2026-05-23 03:13:59', '2026-05-23 03:13:59'),
('b178c544-b2b2-4501-8820-3ec875cf4551', 'e5eda2e6-be39-4d86-abb0-eb5723d6af40', '780055a4-ccdb-467a-afb7-a08339509140', 97.2200, 0.0000, 65000.00, 65000.00, '2026-05-23 03:14:00', NULL, '2026-05-23 03:14:00', '2026-05-23 03:14:00'),
('b1bea398-4fe8-44e2-8229-096069c82ee5', 'e5eda2e6-be39-4d86-abb0-eb5723d6af40', 'fe611b7c-26fb-4dd5-98d0-c071277d3603', 20.2200, 0.0000, 250000.00, 250000.00, '2026-05-23 03:14:01', NULL, '2026-05-23 03:14:01', '2026-05-23 03:14:01'),
('b3a3e44c-36a5-400b-add4-0010f200bc2e', 'e5eda2e6-be39-4d86-abb0-eb5723d6af40', '7485d9ed-db53-42bc-a32d-62d50b99a65b', 43.0800, 0.0000, 12000.00, 12000.00, '2026-05-23 03:14:00', NULL, '2026-05-23 03:14:00', '2026-05-23 03:14:00'),
('b3b369d1-f2d6-4db9-9568-b93a11447e8a', '8c8265f8-8c1c-4921-942f-b20ce24be7b0', '59ac9a43-7c4b-4a74-9358-b321df8e7d08', 57.3400, 4.6800, 88400.00, 85000.00, '2026-05-04 07:03:08', NULL, '2026-05-23 03:13:59', '2026-05-23 03:13:59'),
('b3d1ff75-3941-4058-834a-a1f62da5e712', '8c8265f8-8c1c-4921-942f-b20ce24be7b0', '7485d9ed-db53-42bc-a32d-62d50b99a65b', 42.0200, 2.2400, 12240.00, 12960.00, '2026-05-08 18:27:58', '2026-05-16 17:16:50', '2026-05-23 03:13:59', '2026-05-23 03:13:59'),
('b5d4f955-92e4-42ad-a6f5-938de7295014', '8c8265f8-8c1c-4921-942f-b20ce24be7b0', '602b0eef-f478-4e05-83af-c7b9b1d9222e', 25.6700, 0.6300, 36400.00, 32900.00, '2026-04-27 16:08:44', NULL, '2026-05-23 03:13:59', '2026-05-23 03:13:59'),
('b6bf9991-9a3e-4cbc-b946-0a4eed39b198', '8c8265f8-8c1c-4921-942f-b20ce24be7b0', 'fa1fccf7-ef0d-4865-88ec-ed5cd852aa29', 16.0600, 0.0100, 14560.00, 15260.00, '2026-04-23 20:24:12', '2026-05-18 14:59:33', '2026-05-23 03:13:59', '2026-05-23 03:13:59'),
('b91fb9a4-5074-468a-a53d-1cfadf6980d3', 'e5eda2e6-be39-4d86-abb0-eb5723d6af40', '0fe42abe-ef9a-4c79-b26b-f72cf8f521ad', 66.6600, 0.0000, 4000.00, 4000.00, '2026-05-23 03:14:00', NULL, '2026-05-23 03:14:00', '2026-05-23 03:14:00'),
('b95d8a2f-a1f2-49c3-9e32-b01bb262aba1', '8c8265f8-8c1c-4921-942f-b20ce24be7b0', '0fe42abe-ef9a-4c79-b26b-f72cf8f521ad', 26.0800, 0.2600, 4040.00, 4320.00, '2026-04-24 08:35:14', '2026-05-17 16:13:44', '2026-05-23 03:13:59', '2026-05-23 03:13:59'),
('b9611cf8-238b-4521-b19e-0d464981f449', 'e5eda2e6-be39-4d86-abb0-eb5723d6af40', '3869962f-fdd4-4407-9f42-d6ead593a087', 86.2500, 0.0000, 85000.00, 85000.00, '2026-05-23 03:14:00', NULL, '2026-05-23 03:14:00', '2026-05-23 03:14:00'),
('bb26dc5c-7aff-4acd-8dd4-f78cbee95946', 'e5eda2e6-be39-4d86-abb0-eb5723d6af40', '95c4ee0c-09e0-4e4e-8f7b-36bf5a570eef', 88.0700, 0.0000, 95000.00, 95000.00, '2026-05-23 03:14:00', NULL, '2026-05-23 03:14:00', '2026-05-23 03:14:00'),
('bb6566e1-7911-48a9-b19b-339d4934fa1f', 'e5eda2e6-be39-4d86-abb0-eb5723d6af40', '50227258-bde8-4585-82c3-24de0ec10c44', 12.8100, 0.0000, 65000.00, 65000.00, '2026-05-23 03:14:00', NULL, '2026-05-23 03:14:00', '2026-05-23 03:14:00'),
('bb960c5b-e8a8-4327-8e4d-60296201a40c', 'e5eda2e6-be39-4d86-abb0-eb5723d6af40', 'a6c67f51-40f4-41b9-b060-3ccc81c4dc44', 24.1800, 0.0000, 35000.00, 35000.00, '2026-05-23 03:14:00', NULL, '2026-05-23 03:14:00', '2026-05-23 03:14:00'),
('bcafd5c8-73d1-41bb-b5ab-918a71cf8097', '8c8265f8-8c1c-4921-942f-b20ce24be7b0', '7b921f01-b00b-4775-9eb5-61644b91114f', 85.1800, 1.3900, 14550.00, 14850.00, '2026-05-21 13:59:24', '2026-05-20 07:19:00', '2026-05-23 03:13:59', '2026-05-23 03:13:59'),
('bd56406a-d645-4932-b1a1-645d242762f3', '8c8265f8-8c1c-4921-942f-b20ce24be7b0', 'fcac6fd2-4ef5-46c5-9abb-cfef0a5562e7', 77.5700, 4.0600, 1485.00, 1440.00, '2026-05-01 11:49:47', '2026-05-16 23:17:50', '2026-05-23 03:13:59', '2026-05-23 03:13:59'),
('bdc72467-03cd-4c45-ba0e-dcc3e334d1f4', 'e5eda2e6-be39-4d86-abb0-eb5723d6af40', '196dab25-6699-49e8-aff8-853d49ca3dc5', 53.8300, 0.0000, 16000.00, 16000.00, '2026-05-23 03:14:00', NULL, '2026-05-23 03:14:00', '2026-05-23 03:14:00'),
('be634280-3da0-4ca7-a9da-8b68df1b8ebe', '8c8265f8-8c1c-4921-942f-b20ce24be7b0', '8cff6361-9336-43c4-be72-6110621e07e2', 23.1500, 2.0200, 124800.00, 126000.00, '2026-04-24 08:53:15', '2026-05-20 06:31:02', '2026-05-23 03:13:59', '2026-05-23 03:13:59'),
('bec1c192-eca6-4824-bba4-8ee8cfcb605e', 'e5eda2e6-be39-4d86-abb0-eb5723d6af40', '8f345d03-bb0d-4c61-b342-4a6ccc1235c4', 42.0700, 0.0000, 90000.00, 90000.00, '2026-05-23 03:14:00', NULL, '2026-05-23 03:14:00', '2026-05-23 03:14:00'),
('c090694f-856e-4aae-9759-bb374d928e83', '8c8265f8-8c1c-4921-942f-b20ce24be7b0', 'ae74846a-31fc-41f4-901a-74729ff714b1', 78.8200, 0.3400, 29400.00, 29120.00, '2026-05-04 04:19:05', '2026-05-17 07:52:19', '2026-05-23 03:13:59', '2026-05-23 03:13:59'),
('c0939741-e1b1-42af-a461-badc2509b204', '8c8265f8-8c1c-4921-942f-b20ce24be7b0', 'bbbf69aa-e712-4aa8-bc95-2edc3226376f', 2.2000, 0.0000, 43650.00, 49500.00, '2026-04-25 13:34:22', NULL, '2026-05-23 03:13:59', '2026-05-23 03:13:59'),
('c213f990-7539-4ca4-82b7-3cee6f412f17', 'e5eda2e6-be39-4d86-abb0-eb5723d6af40', '22ad6310-d681-4cce-a353-214bb9aaf5b6', 40.4900, 0.0000, 180000.00, 180000.00, '2026-05-23 03:14:00', NULL, '2026-05-23 03:14:00', '2026-05-23 03:14:00'),
('c2d0f813-87da-4b73-8d6c-c0a8e0330b2e', 'e5eda2e6-be39-4d86-abb0-eb5723d6af40', '9b0f1c92-7bc6-48dd-bfd3-f5c696ed99ec', 65.7000, 0.0000, 3500.00, 3500.00, '2026-05-23 03:14:00', NULL, '2026-05-23 03:14:00', '2026-05-23 03:14:00'),
('c3111af1-d949-46aa-a9e8-17b60bc71e58', '8c8265f8-8c1c-4921-942f-b20ce24be7b0', 'c55f2090-7bdf-4789-a9ef-eb3aa6f6a0ae', 50.2500, 4.3700, 11520.00, 10800.00, '2026-04-24 13:52:17', NULL, '2026-05-23 03:13:59', '2026-05-23 03:13:59'),
('c6254585-7a5e-42ee-a3b8-ab36e1a76930', 'e5eda2e6-be39-4d86-abb0-eb5723d6af40', '26bdfd12-88f6-46b9-a28f-dbfe696a04e4', 48.3400, 0.0000, 28000.00, 28000.00, '2026-05-23 03:14:00', NULL, '2026-05-23 03:14:00', '2026-05-23 03:14:00'),
('c658925d-05d9-4535-85d8-b1bc64ec1369', 'e5eda2e6-be39-4d86-abb0-eb5723d6af40', '4a75e970-f153-4186-b969-d09c1c94820d', 70.7100, 0.0000, 48000.00, 48000.00, '2026-05-23 03:14:00', NULL, '2026-05-23 03:14:00', '2026-05-23 03:14:00'),
('c745d8ce-d18d-4fb9-ae62-447c2e3988ab', 'e5eda2e6-be39-4d86-abb0-eb5723d6af40', '8260fc52-f5fb-4154-9851-736cdbf8a257', 85.7700, 0.0000, 200.00, 200.00, '2026-05-23 03:14:00', NULL, '2026-05-23 03:14:00', '2026-05-23 03:14:00'),
('ca9c96c1-744d-4953-877d-6d67da097d5f', '8c8265f8-8c1c-4921-942f-b20ce24be7b0', '4a75e970-f153-4186-b969-d09c1c94820d', 72.0200, 3.6300, 47040.00, 44640.00, '2026-04-25 04:06:57', NULL, '2026-05-23 03:13:59', '2026-05-23 03:13:59'),
('ce52e12e-c34b-4862-93c0-b243e83864f3', 'e5eda2e6-be39-4d86-abb0-eb5723d6af40', '250ac775-be22-419c-a8e3-a82ef45a8232', 49.9200, 0.0000, 18000.00, 18000.00, '2026-05-23 03:14:00', NULL, '2026-05-23 03:14:00', '2026-05-23 03:14:00'),
('ce9968a1-e190-4191-b1bd-06eb44533306', 'e5eda2e6-be39-4d86-abb0-eb5723d6af40', '0c3ddb0b-e4ce-41bc-9778-5d4c00ba2e1c', 21.1600, 0.0000, 25000.00, 25000.00, '2026-05-23 03:14:00', NULL, '2026-05-23 03:14:00', '2026-05-23 03:14:00'),
('cf0781a9-1c65-492d-916d-4deac231092f', 'e5eda2e6-be39-4d86-abb0-eb5723d6af40', '6c31aa1f-53e9-4bdb-8b17-c0bfa31eb681', 42.9200, 0.0000, 150000.00, 150000.00, '2026-05-23 03:14:00', NULL, '2026-05-23 03:14:00', '2026-05-23 03:14:00'),
('cfbfb207-828e-4a57-9923-a9187fe49eb4', '8c8265f8-8c1c-4921-942f-b20ce24be7b0', '50227258-bde8-4585-82c3-24de0ec10c44', 66.3300, 4.3100, 65650.00, 68900.00, '2026-05-07 16:34:42', NULL, '2026-05-23 03:13:59', '2026-05-23 03:13:59'),
('cffcb2e5-c666-46a4-8fad-73aac4464ba8', '8c8265f8-8c1c-4921-942f-b20ce24be7b0', 'ae08af5c-3d51-4931-a5c0-72814e2172f5', 82.3300, 2.1100, 250000.00, 272500.00, '2026-05-17 03:58:54', '2026-05-20 06:47:20', '2026-05-23 03:13:59', '2026-05-23 03:13:59'),
('d0d3dc20-eebf-40fe-a09b-7eb8c473f0fe', 'e5eda2e6-be39-4d86-abb0-eb5723d6af40', 'c187bd9b-554f-4614-b810-6416d9c155e5', 99.7400, 0.0000, 45000.00, 45000.00, '2026-05-23 03:14:00', NULL, '2026-05-23 03:14:00', '2026-05-23 03:14:00'),
('d3197046-7a9e-4638-93c7-64649073155e', '8c8265f8-8c1c-4921-942f-b20ce24be7b0', '6e16121e-48cf-49cd-b009-81d7a8f18c5b', 47.8800, 3.9500, 91200.00, 97850.00, '2026-05-18 01:38:00', NULL, '2026-05-23 03:13:59', '2026-05-23 03:13:59'),
('d32a2cdc-2347-4f71-8c62-3cdb300bde15', 'e5eda2e6-be39-4d86-abb0-eb5723d6af40', 'fab316b9-5bb9-4701-bf42-2664a6195dae', 58.7900, 0.0000, 45000.00, 45000.00, '2026-05-23 03:14:01', NULL, '2026-05-23 03:14:01', '2026-05-23 03:14:01'),
('d38a531d-5fa7-40dd-a7a7-72e8d298e5f0', '8c8265f8-8c1c-4921-942f-b20ce24be7b0', 'b542502f-e31e-4ec1-a723-fb245315fa11', 68.7700, 4.0600, 24250.00, 23500.00, '2026-05-03 04:00:50', '2026-05-16 08:55:27', '2026-05-23 03:13:59', '2026-05-23 03:13:59'),
('d479b750-b87a-4861-887d-4e00f8ab6320', '8c8265f8-8c1c-4921-942f-b20ce24be7b0', '94bbd6b1-8bed-411c-bc4d-557e0f50a8f1', 69.1700, 1.4000, 46350.00, 45000.00, '2026-04-25 19:35:26', NULL, '2026-05-23 03:13:59', '2026-05-23 03:13:59'),
('d5d1f236-cd30-4758-8528-eaf3ebb89417', '8c8265f8-8c1c-4921-942f-b20ce24be7b0', 'd4adb886-780a-4007-a7d9-d29fd0e9dec9', 16.2000, 1.2100, 92150.00, 90250.00, '2026-05-12 16:23:49', NULL, '2026-05-23 03:13:59', '2026-05-23 03:13:59'),
('d67c612b-180e-4106-8e70-a91170a12795', 'e5eda2e6-be39-4d86-abb0-eb5723d6af40', 'fd8045ed-53fc-4b7c-acc6-f9da2b95aafb', 13.1200, 0.0000, 150000.00, 150000.00, '2026-05-23 03:14:01', NULL, '2026-05-23 03:14:01', '2026-05-23 03:14:01'),
('d78ac463-eeb7-46f4-a01a-64aeb70c5aa7', '8c8265f8-8c1c-4921-942f-b20ce24be7b0', 'ee2e1070-2bc3-4c6d-bcde-7c6be8a12ed5', 4.9500, 0.0000, 17460.00, 16380.00, '2026-05-09 04:15:09', '2026-05-17 23:39:34', '2026-05-23 03:13:59', '2026-05-23 03:13:59'),
('db75b509-dd4c-4e21-873a-936428170e48', 'e5eda2e6-be39-4d86-abb0-eb5723d6af40', '4faa2fd8-d144-4cbd-87a0-89e62f6cf254', 92.9600, 0.0000, 15000.00, 15000.00, '2026-05-23 03:14:00', NULL, '2026-05-23 03:14:00', '2026-05-23 03:14:00'),
('dbff4cc1-eee7-4cd3-a3e4-b25553967453', 'e5eda2e6-be39-4d86-abb0-eb5723d6af40', 'fa762fd6-3198-4212-951a-fc113214b5b3', 70.2800, 0.0000, 8000.00, 8000.00, '2026-05-23 03:14:01', NULL, '2026-05-23 03:14:01', '2026-05-23 03:14:01'),
('de951f17-ef79-48ea-9ccd-54bf6a442f6d', 'e5eda2e6-be39-4d86-abb0-eb5723d6af40', '6e16121e-48cf-49cd-b009-81d7a8f18c5b', 30.7600, 0.0000, 95000.00, 95000.00, '2026-05-23 03:14:00', NULL, '2026-05-23 03:14:00', '2026-05-23 03:14:00'),
('df36ed91-c8ee-47af-9cab-ae2e1d4ec3c0', 'e5eda2e6-be39-4d86-abb0-eb5723d6af40', '95159a4d-7f19-4382-a7de-ba70d4d08b65', 81.9000, 0.0000, 15000.00, 15000.00, '2026-05-23 03:14:00', NULL, '2026-05-23 03:14:00', '2026-05-23 03:14:00'),
('e353381c-9694-4876-bec2-61d5837ffad5', 'e5eda2e6-be39-4d86-abb0-eb5723d6af40', 'fc4ddb91-4934-4d69-9014-3fc95821a5c7', 34.0300, 0.0000, 12000.00, 12000.00, '2026-05-23 03:14:01', NULL, '2026-05-23 03:14:01', '2026-05-23 03:14:01'),
('e4271906-e3fc-4906-b69e-7b0c736db960', '8c8265f8-8c1c-4921-942f-b20ce24be7b0', '8f345d03-bb0d-4c61-b342-4a6ccc1235c4', 12.9100, 0.8300, 91800.00, 95400.00, '2026-04-23 17:37:39', NULL, '2026-05-23 03:13:59', '2026-05-23 03:13:59'),
('e50595eb-96cd-49b0-bb81-2642bd8eddb0', '8c8265f8-8c1c-4921-942f-b20ce24be7b0', '26bdfd12-88f6-46b9-a28f-dbfe696a04e4', 51.3100, 1.1000, 27720.00, 30240.00, '2026-04-25 22:31:45', NULL, '2026-05-23 03:13:59', '2026-05-23 03:13:59'),
('e780c193-60db-4265-a8d7-05ce305644d2', '8c8265f8-8c1c-4921-942f-b20ce24be7b0', '02f6bf02-c90b-4c40-a141-2cb51fa475a3', 47.0400, 0.6000, 67600.00, 63700.00, '2026-05-01 07:56:40', '2026-05-16 06:45:24', '2026-05-23 03:13:59', '2026-05-23 03:13:59'),
('e86ba1bf-6313-4c87-bcb7-be610a0ea411', 'e5eda2e6-be39-4d86-abb0-eb5723d6af40', '1142502a-749f-4a0c-9a52-1ab6c098a5fd', 63.3500, 0.0000, 28000.00, 28000.00, '2026-05-23 03:14:00', NULL, '2026-05-23 03:14:00', '2026-05-23 03:14:00'),
('e8c78576-43d9-4666-80b3-51545ea376b5', '8c8265f8-8c1c-4921-942f-b20ce24be7b0', 'a30be0c2-6536-449c-8f42-49b9a706cf4d', 57.8600, 0.0300, 11760.00, 12360.00, '2026-05-10 02:16:38', '2026-05-20 17:03:07', '2026-05-23 03:13:59', '2026-05-23 03:13:59'),
('e9a55e46-d8df-483d-81b1-0e8fd2b0d3ab', 'e5eda2e6-be39-4d86-abb0-eb5723d6af40', 'b6bb2924-53a6-4f80-9e1d-d5b11eee3545', 90.3400, 0.0000, 45000.00, 45000.00, '2026-05-23 03:14:00', NULL, '2026-05-23 03:14:00', '2026-05-23 03:14:00'),
('e9f3ca04-4ca4-4a9f-b57e-cc13e6038ccb', 'e5eda2e6-be39-4d86-abb0-eb5723d6af40', 'fcca06b4-4841-4891-ae01-a75f662b6968', 59.3100, 0.0000, 45000.00, 45000.00, '2026-05-23 03:14:01', NULL, '2026-05-23 03:14:01', '2026-05-23 03:14:01'),
('eabbcf97-e974-44f8-85a7-0eaa617a5c11', 'e5eda2e6-be39-4d86-abb0-eb5723d6af40', 'd4412092-df4e-455e-9188-fd11c6dffcd5', 67.2800, 0.0000, 180000.00, 180000.00, '2026-05-23 03:14:00', NULL, '2026-05-23 03:14:00', '2026-05-23 03:14:00');
INSERT INTO `inventory_stocks` (`id`, `outlet_id`, `inventory_item_id`, `quantity`, `reserved_qty`, `avg_cost`, `last_cost`, `last_received_at`, `last_issued_at`, `created_at`, `updated_at`) VALUES
('eb039abf-9d85-4a8b-9d9a-836c771929b5', '8c8265f8-8c1c-4921-942f-b20ce24be7b0', '81d3c1eb-efa5-4e1f-bc7d-0b1fd8bb86cc', 7.5600, 0.0000, 86700.00, 83300.00, '2026-04-26 15:20:36', '2026-05-20 03:47:29', '2026-05-23 03:13:59', '2026-05-23 03:13:59'),
('eb48fd8a-0526-467c-bdad-1f8588b11568', 'e5eda2e6-be39-4d86-abb0-eb5723d6af40', 'd7acf05f-2978-4d96-bf38-dae8cdef4f6a', 82.9200, 0.0000, 85000.00, 85000.00, '2026-05-23 03:14:00', NULL, '2026-05-23 03:14:00', '2026-05-23 03:14:00'),
('eb7baa9b-2106-413d-bc59-8e4dcb112d2a', '8c8265f8-8c1c-4921-942f-b20ce24be7b0', '780055a4-ccdb-467a-afb7-a08339509140', 29.6600, 1.1800, 63700.00, 69550.00, '2026-04-30 14:12:26', '2026-05-17 14:58:05', '2026-05-23 03:13:59', '2026-05-23 03:13:59'),
('ec21687b-e3c7-4252-bd92-7708a9368794', 'e5eda2e6-be39-4d86-abb0-eb5723d6af40', '5ee772ed-780d-44c7-80a3-22040ba3251c', 43.9500, 0.0000, 25000.00, 25000.00, '2026-05-23 03:14:00', NULL, '2026-05-23 03:14:00', '2026-05-23 03:14:00'),
('efe44c69-f811-4bb3-8b29-5f6860823758', '8c8265f8-8c1c-4921-942f-b20ce24be7b0', '4b4ff6ba-9a6f-43c0-b09a-612e98e913d8', 13.6400, 0.6600, 5500.00, 5335.00, '2026-05-06 09:01:25', '2026-05-20 19:58:19', '2026-05-23 03:13:59', '2026-05-23 03:13:59'),
('f148d466-e822-4e4c-b1fb-4bb16ddf768e', '8c8265f8-8c1c-4921-942f-b20ce24be7b0', '08e03421-4a39-40f3-b759-65017a25a9cd', 32.3000, 2.8700, 24750.00, 25000.00, '2026-05-02 12:33:37', NULL, '2026-05-23 03:13:59', '2026-05-23 03:13:59'),
('f3869664-bac0-4f70-94a1-859d8a0824bd', '8c8265f8-8c1c-4921-942f-b20ce24be7b0', 'fab316b9-5bb9-4701-bf42-2664a6195dae', 14.0100, 1.2700, 45000.00, 47250.00, '2026-04-26 02:00:15', '2026-05-18 15:12:17', '2026-05-23 03:13:59', '2026-05-23 03:13:59'),
('f49a324f-ee0c-4612-a7c8-d69ad74468c5', 'e5eda2e6-be39-4d86-abb0-eb5723d6af40', 'a768fa94-81b8-43fd-9354-4f8c6dfe86ea', 82.5700, 0.0000, 5500.00, 5500.00, '2026-05-23 03:14:00', NULL, '2026-05-23 03:14:00', '2026-05-23 03:14:00'),
('f4b2b0e2-805c-444d-bb11-6369c2dd9163', '8c8265f8-8c1c-4921-942f-b20ce24be7b0', 'c0e26b88-77b5-4a58-ac52-ddbf02482c62', 19.5000, 1.0700, 17460.00, 19620.00, '2026-05-01 21:17:25', '2026-05-19 07:53:34', '2026-05-23 03:13:59', '2026-05-23 03:13:59'),
('f5bc5d5b-4c39-4ff0-8ad8-b5e8492b3639', '8c8265f8-8c1c-4921-942f-b20ce24be7b0', 'ece8261c-292f-4650-8e52-eada4ab9f5cb', 80.2800, 0.4600, 2450.00, 2400.00, '2026-05-10 00:39:05', '2026-05-22 21:28:33', '2026-05-23 03:13:59', '2026-05-23 03:13:59'),
('f5bd6bd3-c936-49ad-9408-6eab7b2eea1e', 'e5eda2e6-be39-4d86-abb0-eb5723d6af40', '1aa2b2f2-6035-4a61-932c-6a3c9742bad9', 66.2000, 0.0000, 95000.00, 95000.00, '2026-05-23 03:14:00', NULL, '2026-05-23 03:14:00', '2026-05-23 03:14:00'),
('f7160911-fc1d-478d-9cf9-0d639966054e', '8c8265f8-8c1c-4921-942f-b20ce24be7b0', 'eb332c72-7f29-4e61-bd07-6dd299ee7a90', 59.5600, 3.8400, 54450.00, 59950.00, '2026-04-28 12:50:02', NULL, '2026-05-23 03:13:59', '2026-05-23 03:13:59'),
('f8771fce-d448-4c0c-9ef0-079abe4e4a25', 'e5eda2e6-be39-4d86-abb0-eb5723d6af40', 'd4adb886-780a-4007-a7d9-d29fd0e9dec9', 71.0900, 0.0000, 95000.00, 95000.00, '2026-05-23 03:14:00', NULL, '2026-05-23 03:14:00', '2026-05-23 03:14:00'),
('fa480992-70d2-4061-b8ef-162c56b9b409', '8c8265f8-8c1c-4921-942f-b20ce24be7b0', '196dab25-6699-49e8-aff8-853d49ca3dc5', 63.7600, 3.1800, 16480.00, 14720.00, '2026-05-21 15:02:38', '2026-05-18 18:03:22', '2026-05-23 03:13:59', '2026-05-23 03:13:59'),
('fc952f68-1b95-4104-8e7e-43e8c6dcdd6f', 'e5eda2e6-be39-4d86-abb0-eb5723d6af40', '9ff4762a-46d2-4f5b-a946-09e898d415f2', 58.0800, 0.0000, 55000.00, 55000.00, '2026-05-23 03:14:00', NULL, '2026-05-23 03:14:00', '2026-05-23 03:14:00');

-- --------------------------------------------------------

--
-- Table structure for table `jobs`
--

CREATE TABLE `jobs` (
  `id` bigint(20) UNSIGNED NOT NULL,
  `queue` varchar(255) NOT NULL,
  `payload` longtext NOT NULL,
  `attempts` tinyint(3) UNSIGNED NOT NULL,
  `reserved_at` int(10) UNSIGNED DEFAULT NULL,
  `available_at` int(10) UNSIGNED NOT NULL,
  `created_at` int(10) UNSIGNED NOT NULL
) ENGINE=InnoDB DEFAULT CHARSET=utf8mb4 COLLATE=utf8mb4_unicode_ci;

-- --------------------------------------------------------

--
-- Table structure for table `job_batches`
--

CREATE TABLE `job_batches` (
  `id` varchar(255) NOT NULL,
  `name` varchar(255) NOT NULL,
  `total_jobs` int(11) NOT NULL,
  `pending_jobs` int(11) NOT NULL,
  `failed_jobs` int(11) NOT NULL,
  `failed_job_ids` longtext NOT NULL,
  `options` mediumtext DEFAULT NULL,
  `cancelled_at` int(11) DEFAULT NULL,
  `created_at` int(11) NOT NULL,
  `finished_at` int(11) DEFAULT NULL
) ENGINE=InnoDB DEFAULT CHARSET=utf8mb4 COLLATE=utf8mb4_unicode_ci;

-- --------------------------------------------------------

--
-- Table structure for table `kitchen_orders`
--

CREATE TABLE `kitchen_orders` (
  `id` char(36) NOT NULL,
  `tenant_id` char(36) NOT NULL,
  `outlet_id` char(36) NOT NULL,
  `transaction_id` char(36) DEFAULT NULL,
  `station_id` char(36) DEFAULT NULL,
  `table_id` char(36) DEFAULT NULL,
  `order_number` varchar(255) NOT NULL,
  `order_type` varchar(20) NOT NULL DEFAULT 'dine_in',
  `table_name` varchar(255) DEFAULT NULL,
  `customer_name` varchar(255) DEFAULT NULL,
  `status` enum('pending','preparing','ready','served','cancelled') NOT NULL DEFAULT 'pending',
  `priority` enum('normal','rush','vip') NOT NULL DEFAULT 'normal',
  `notes` text DEFAULT NULL,
  `cancel_reason` text DEFAULT NULL,
  `started_at` timestamp NULL DEFAULT NULL,
  `completed_at` timestamp NULL DEFAULT NULL,
  `served_at` timestamp NULL DEFAULT NULL,
  `created_at` timestamp NULL DEFAULT NULL,
  `updated_at` timestamp NULL DEFAULT NULL
) ENGINE=InnoDB DEFAULT CHARSET=utf8mb4 COLLATE=utf8mb4_unicode_ci;

-- --------------------------------------------------------

--
-- Table structure for table `kitchen_order_items`
--

CREATE TABLE `kitchen_order_items` (
  `id` char(36) NOT NULL,
  `kitchen_order_id` char(36) NOT NULL,
  `transaction_item_id` char(36) DEFAULT NULL,
  `station_id` char(36) DEFAULT NULL,
  `item_name` varchar(255) NOT NULL,
  `quantity` decimal(10,4) NOT NULL,
  `modifiers` longtext CHARACTER SET utf8mb4 COLLATE utf8mb4_bin DEFAULT NULL CHECK (json_valid(`modifiers`)),
  `notes` text DEFAULT NULL,
  `status` enum('pending','preparing','ready','cancelled') NOT NULL DEFAULT 'pending',
  `started_at` timestamp NULL DEFAULT NULL,
  `completed_at` timestamp NULL DEFAULT NULL,
  `created_at` timestamp NULL DEFAULT NULL,
  `updated_at` timestamp NULL DEFAULT NULL
) ENGINE=InnoDB DEFAULT CHARSET=utf8mb4 COLLATE=utf8mb4_unicode_ci;

-- --------------------------------------------------------

--
-- Table structure for table `kitchen_stations`
--

CREATE TABLE `kitchen_stations` (
  `id` char(36) NOT NULL,
  `tenant_id` char(36) NOT NULL,
  `outlet_id` char(36) NOT NULL,
  `name` varchar(255) NOT NULL,
  `code` varchar(20) DEFAULT NULL,
  `color` varchar(10) NOT NULL DEFAULT '#3B82F6',
  `description` text DEFAULT NULL,
  `is_active` tinyint(1) NOT NULL DEFAULT 1,
  `sort_order` int(10) UNSIGNED NOT NULL DEFAULT 0,
  `created_at` timestamp NULL DEFAULT NULL,
  `updated_at` timestamp NULL DEFAULT NULL,
  `deleted_at` timestamp NULL DEFAULT NULL
) ENGINE=InnoDB DEFAULT CHARSET=utf8mb4 COLLATE=utf8mb4_unicode_ci;

--
-- Dumping data for table `kitchen_stations`
--

INSERT INTO `kitchen_stations` (`id`, `tenant_id`, `outlet_id`, `name`, `code`, `color`, `description`, `is_active`, `sort_order`, `created_at`, `updated_at`, `deleted_at`) VALUES
('1103172a-5c21-4957-9ec6-2cba4881d8a7', '3645870b-a5b6-4e70-bfa6-0fb17f258ba3', 'b986207a-24a6-425e-8a7d-8347755cd291', 'Cold Station', 'COLD', '#3B82F6', 'Salads, desserts, cold beverages', 1, 3, '2026-05-23 03:14:09', '2026-05-23 03:14:09', NULL),
('38e7ef00-8c55-4988-ae58-cd4a0d42b9f2', '3645870b-a5b6-4e70-bfa6-0fb17f258ba3', 'b986207a-24a6-425e-8a7d-8347755cd291', 'Beverage Station', 'BEV', '#10B981', 'All beverages and drinks', 1, 4, '2026-05-23 03:14:09', '2026-05-23 03:14:09', NULL),
('89cafeac-6637-4699-b18b-b9a30436e71f', '3645870b-a5b6-4e70-bfa6-0fb17f258ba3', 'b986207a-24a6-425e-8a7d-8347755cd291', 'Main Kitchen', 'MAIN', '#EF4444', 'Main kitchen for hot dishes', 1, 1, '2026-05-23 03:14:08', '2026-05-23 03:14:08', NULL),
('e7c0363d-ab13-4f93-bb53-c6cc08d70ed8', '3645870b-a5b6-4e70-bfa6-0fb17f258ba3', 'b986207a-24a6-425e-8a7d-8347755cd291', 'Grill Station', 'GRILL', '#F97316', 'Grilled items and steaks', 1, 2, '2026-05-23 03:14:08', '2026-05-23 03:14:08', NULL);

-- --------------------------------------------------------

--
-- Table structure for table `migrations`
--

CREATE TABLE `migrations` (
  `id` int(10) UNSIGNED NOT NULL,
  `migration` varchar(255) NOT NULL,
  `batch` int(11) NOT NULL
) ENGINE=InnoDB DEFAULT CHARSET=utf8mb4 COLLATE=utf8mb4_unicode_ci;

--
-- Dumping data for table `migrations`
--

INSERT INTO `migrations` (`id`, `migration`, `batch`) VALUES
(1, '0001_01_01_000000_create_tenants_table', 1),
(2, '0001_01_01_000001_create_users_table', 1),
(3, '0001_01_01_000002_create_outlets_table', 1),
(4, '0001_01_01_000003_create_roles_table', 1),
(5, '0001_01_01_000004_create_permissions_table', 1),
(6, '0001_01_01_000005_create_role_permissions_table', 1),
(7, '0001_01_01_000006_create_user_roles_table', 1),
(8, '0001_01_01_000007_create_user_outlets_table', 1),
(9, '0001_01_01_000010_create_cache_table', 1),
(10, '0001_01_01_000011_create_jobs_table', 1),
(11, '2026_01_14_033636_create_suppliers_table', 1),
(12, '2026_01_14_033636_create_units_table', 1),
(13, '2026_01_14_033637_create_inventory_categories_table', 1),
(14, '2026_01_14_033637_create_inventory_items_table', 1),
(15, '2026_01_14_033643_create_inventory_stocks_table', 1),
(16, '2026_01_14_033643_create_stock_batches_table', 1),
(17, '2026_01_14_033643_create_supplier_items_table', 1),
(18, '2026_01_14_033644_create_stock_movements_table', 1),
(19, '2026_01_14_033650_create_recipes_table', 1),
(20, '2026_01_14_033651_create_purchase_orders_table', 1),
(21, '2026_01_14_033651_create_recipe_items_table', 1),
(22, '2026_01_14_033652_create_purchase_order_items_table', 1),
(23, '2026_01_14_033657_create_goods_receives_table', 1),
(24, '2026_01_14_033658_create_goods_receive_items_table', 1),
(25, '2026_01_14_033659_create_stock_adjustments_table', 1),
(26, '2026_01_14_033661_create_stock_adjustment_items_table', 1),
(27, '2026_01_14_033704_create_stock_transfers_table', 1),
(28, '2026_01_14_033705_create_waste_logs_table', 1),
(29, '2026_01_14_033706_create_stock_transfer_items_table', 1),
(30, '2026_01_14_102420_create_customers_table', 1),
(31, '2026_01_14_102421_create_customer_points_table', 1),
(32, '2026_01_14_102422_create_payment_methods_table', 1),
(33, '2026_01_14_102423_create_prices_table', 1),
(34, '2026_01_14_102424_create_discounts_table', 1),
(35, '2026_01_14_102425_create_pos_sessions_table', 1),
(36, '2026_01_14_102426_create_transactions_table', 1),
(37, '2026_01_14_102427_create_transaction_items_table', 1),
(38, '2026_01_14_102428_create_transaction_payments_table', 1),
(39, '2026_01_14_102429_create_transaction_discounts_table', 1),
(40, '2026_01_15_140716_create_product_categories_table', 1),
(41, '2026_01_15_140717_create_products_table', 1),
(42, '2026_01_15_140718_create_variant_groups_table', 1),
(43, '2026_01_15_140719_create_variant_options_table', 1),
(44, '2026_01_15_140720_create_product_variants_table', 1),
(45, '2026_01_15_140721_create_modifier_groups_table', 1),
(46, '2026_01_15_140722_create_modifiers_table', 1),
(47, '2026_01_15_140723_create_product_modifier_groups_table', 1),
(48, '2026_01_15_140724_create_combos_table', 1),
(49, '2026_01_15_140725_create_combo_items_table', 1),
(50, '2026_01_15_140726_create_product_outlets_table', 1),
(51, '2026_01_20_133254_create_held_orders_table', 1),
(52, '2026_01_20_133255_create_cash_drawer_logs_table', 1),
(53, '2026_01_20_143639_create_authorization_tables', 1),
(54, '2026_01_21_141758_add_code_to_inventory_categories_table', 1),
(55, '2026_01_21_143526_add_type_and_storage_fields_to_inventory_items_table', 1),
(56, '2026_01_21_145246_add_locale_to_users_table', 1),
(57, '2026_01_30_153616_add_missing_columns_to_stock_batches_table', 1),
(58, '2026_01_30_153830_rename_qty_columns_in_stock_batches_table', 1),
(59, '2026_01_31_012850_create_subscription_plans_table', 1),
(60, '2026_01_31_012851_create_subscriptions_table', 1),
(61, '2026_01_31_012852_create_subscription_invoices_table', 1),
(62, '2026_02_03_134506_add_product_columns_to_transaction_items_table', 1),
(63, '2026_02_03_140331_make_inventory_item_id_nullable_in_transaction_items_table', 1),
(64, '2026_02_04_132259_create_floors_table', 1),
(65, '2026_02_04_132260_create_tables_table', 1),
(66, '2026_02_04_132261_create_table_sessions_table', 1),
(67, '2026_02_04_132262_add_table_columns_to_transactions_table', 1),
(68, '2026_02_04_134327_create_personal_access_tokens_table', 1),
(69, '2026_02_04_142900_modify_held_orders_to_use_uuid_primary_key', 1),
(70, '2026_02_10_153725_add_max_products_to_subscription_plans_table', 1),
(71, '2026_02_10_153849_add_trial_and_frozen_status_to_subscriptions_table', 1),
(72, '2026_02_10_153907_add_trial_used_to_tenants_table', 1),
(73, '2026_02_10_160310_add_onboarding_completed_at_to_tenants_table', 1),
(74, '2026_02_10_231619_add_notification_tracking_columns_to_tenants_table', 1),
(75, '2026_02_11_135334_modify_cash_drawer_logs_to_use_uuid_primary_key', 1),
(76, '2026_02_11_140653_enhance_subscriptions_for_api', 1),
(77, '2026_02_12_135129_add_tax_enabled_fields_to_tenants_and_outlets', 1),
(78, '2026_02_12_141449_add_tax_mode_to_tenants_outlets_and_transactions', 1),
(79, '2026_02_20_000001_create_kitchen_tables', 1),
(80, '2026_02_21_023010_add_tenant_id_to_pos_sessions_table', 1),
(81, '2026_03_02_232718_add_qr_fields_to_tables_table', 1),
(82, '2026_03_02_232722_create_qr_orders_table', 1),
(83, '2026_03_02_232723_create_qr_order_items_table', 1),
(84, '2026_03_02_234721_make_kitchen_orders_transaction_id_nullable', 1),
(85, '2026_03_06_141950_fix_demo_tenant_subscription', 1);

-- --------------------------------------------------------

--
-- Table structure for table `modifiers`
--

CREATE TABLE `modifiers` (
  `id` char(36) NOT NULL,
  `modifier_group_id` char(36) NOT NULL,
  `inventory_item_id` char(36) DEFAULT NULL,
  `name` varchar(255) NOT NULL,
  `display_name` varchar(255) DEFAULT NULL,
  `price` decimal(15,2) NOT NULL DEFAULT 0.00,
  `cost_price` decimal(15,2) NOT NULL DEFAULT 0.00,
  `quantity_used` decimal(10,4) NOT NULL DEFAULT 1.0000 COMMENT 'Qty of inventory item used',
  `is_default` tinyint(1) NOT NULL DEFAULT 0,
  `is_active` tinyint(1) NOT NULL DEFAULT 1,
  `sort_order` int(11) NOT NULL DEFAULT 0,
  `created_at` timestamp NULL DEFAULT NULL,
  `updated_at` timestamp NULL DEFAULT NULL
) ENGINE=InnoDB DEFAULT CHARSET=utf8mb4 COLLATE=utf8mb4_unicode_ci;

--
-- Dumping data for table `modifiers`
--

INSERT INTO `modifiers` (`id`, `modifier_group_id`, `inventory_item_id`, `name`, `display_name`, `price`, `cost_price`, `quantity_used`, `is_default`, `is_active`, `sort_order`, `created_at`, `updated_at`) VALUES
('08a0270d-121b-4c2a-8571-3beb3f2ec98e', '23db257f-cdfa-447f-aa7c-5ff510343524', NULL, 'Extra Chicken', NULL, 10000.00, 0.00, 1.0000, 0, 1, 4, '2026-05-23 03:14:02', '2026-05-23 03:14:02'),
('128692ea-18f1-4293-9c10-ba338f0b1fad', 'f60e6c07-b96d-40a8-ba66-335e8d1e43ea', NULL, 'Caramel Drizzle', NULL, 3000.00, 0.00, 1.0000, 0, 1, 3, '2026-05-23 03:14:02', '2026-05-23 03:14:02'),
('196398c2-3f1f-4256-8259-5dcb15dd2783', 'f60e6c07-b96d-40a8-ba66-335e8d1e43ea', NULL, 'Cocoa Powder', NULL, 2000.00, 0.00, 1.0000, 0, 1, 5, '2026-05-23 03:14:02', '2026-05-23 03:14:02'),
('1a8dbb39-9cc6-4e6d-86eb-99d90b4d979d', 'f60e6c07-b96d-40a8-ba66-335e8d1e43ea', NULL, 'Chocolate Drizzle', NULL, 3000.00, 0.00, 1.0000, 0, 1, 2, '2026-05-23 03:14:02', '2026-05-23 03:14:02'),
('21c25086-2c50-4118-a8b8-d668c9fd8c24', 'f60e6c07-b96d-40a8-ba66-335e8d1e43ea', NULL, 'Cinnamon Powder', NULL, 2000.00, 0.00, 1.0000, 0, 1, 4, '2026-05-23 03:14:02', '2026-05-23 03:14:02'),
('2a505d4a-bb57-4dc6-a6aa-b23802342386', 'ab1ba21f-6103-4b84-9c00-6eb052ac0311', NULL, 'Dine In', NULL, 0.00, 0.00, 1.0000, 0, 1, 1, '2026-05-23 03:14:02', '2026-05-23 03:14:02'),
('32353fd8-1d10-4765-b68d-2880c1537386', '72cf5bf2-d8ba-4439-8304-1065b1c4fa80', NULL, 'Caramel Shot', NULL, 5000.00, 0.00, 1.0000, 0, 1, 4, '2026-05-23 03:14:02', '2026-05-23 03:14:02'),
('373749cf-8ea6-470d-97d6-2fbc7bb5b4f1', 'eeabd619-23dc-4030-b281-6ce45a75df08', NULL, 'Chili Sauce', NULL, 0.00, 0.00, 1.0000, 0, 1, 5, '2026-05-23 03:14:02', '2026-05-23 03:14:02'),
('38e69b91-7e24-4943-a2d5-212d33558a52', '72cf5bf2-d8ba-4439-8304-1065b1c4fa80', NULL, 'Double Shot Espresso', NULL, 10000.00, 0.00, 1.0000, 0, 1, 2, '2026-05-23 03:14:02', '2026-05-23 03:14:02'),
('3f315ac4-c2d5-435a-aa5f-5ae9e1c915ad', '72cf5bf2-d8ba-4439-8304-1065b1c4fa80', NULL, 'Hazelnut Shot', NULL, 5000.00, 0.00, 1.0000, 0, 1, 5, '2026-05-23 03:14:02', '2026-05-23 03:14:02'),
('4ea9cb03-51ae-4712-b933-788b5e2541c8', 'eeabd619-23dc-4030-b281-6ce45a75df08', NULL, 'Ketchup', NULL, 0.00, 0.00, 1.0000, 0, 1, 3, '2026-05-23 03:14:02', '2026-05-23 03:14:02'),
('528f3cff-d617-4609-a2e9-39e600303039', '23db257f-cdfa-447f-aa7c-5ff510343524', NULL, 'Avocado', NULL, 12000.00, 0.00, 1.0000, 0, 1, 5, '2026-05-23 03:14:02', '2026-05-23 03:14:02'),
('5b84b43e-7d87-4657-8cfb-d857b5acfee9', 'eeabd619-23dc-4030-b281-6ce45a75df08', NULL, 'Mayo', NULL, 0.00, 0.00, 1.0000, 0, 1, 2, '2026-05-23 03:14:02', '2026-05-23 03:14:02'),
('62594fbc-2736-4b26-b2e6-0f8f49dd95c4', 'f60e6c07-b96d-40a8-ba66-335e8d1e43ea', NULL, 'Grass Jelly', NULL, 6000.00, 0.00, 1.0000, 0, 1, 7, '2026-05-23 03:14:02', '2026-05-23 03:14:02'),
('69945dbb-e4e5-4bd3-91d9-a8dc331eafac', 'eeabd619-23dc-4030-b281-6ce45a75df08', NULL, 'Mustard', NULL, 0.00, 0.00, 1.0000, 0, 1, 4, '2026-05-23 03:14:02', '2026-05-23 03:14:02'),
('7868f708-a20a-465f-970f-962e187cf953', '72cf5bf2-d8ba-4439-8304-1065b1c4fa80', NULL, 'Single Shot Espresso', NULL, 5000.00, 0.00, 1.0000, 0, 1, 1, '2026-05-23 03:14:02', '2026-05-23 03:14:02'),
('78976105-f32f-4f2e-bb2d-aba23aab7874', 'f60e6c07-b96d-40a8-ba66-335e8d1e43ea', NULL, 'Whipped Cream', NULL, 5000.00, 0.00, 1.0000, 0, 1, 1, '2026-05-23 03:14:02', '2026-05-23 03:14:02'),
('99c30a98-6297-4481-a997-8041a099cb39', 'ab1ba21f-6103-4b84-9c00-6eb052ac0311', NULL, 'Take Away', NULL, 2000.00, 0.00, 1.0000, 0, 1, 2, '2026-05-23 03:14:02', '2026-05-23 03:14:02'),
('9c82b355-884e-43ae-9eef-6a5062c8471b', 'f60e6c07-b96d-40a8-ba66-335e8d1e43ea', NULL, 'Boba Pearls', NULL, 8000.00, 0.00, 1.0000, 0, 1, 6, '2026-05-23 03:14:02', '2026-05-23 03:14:02'),
('a7b3866b-94f8-4ed3-ab06-15eb26249815', '23db257f-cdfa-447f-aa7c-5ff510343524', NULL, 'Extra Bacon', NULL, 8000.00, 0.00, 1.0000, 0, 1, 3, '2026-05-23 03:14:02', '2026-05-23 03:14:02'),
('b3f8662d-97e4-4fbd-a8a3-483babc9818c', '23db257f-cdfa-447f-aa7c-5ff510343524', NULL, 'Extra Cheese', NULL, 5000.00, 0.00, 1.0000, 0, 1, 1, '2026-05-23 03:14:02', '2026-05-23 03:14:02'),
('cb4eb0fc-365d-4eb7-bcdb-fb14d4412322', '72cf5bf2-d8ba-4439-8304-1065b1c4fa80', NULL, 'Vanilla Shot', NULL, 5000.00, 0.00, 1.0000, 0, 1, 3, '2026-05-23 03:14:02', '2026-05-23 03:14:02'),
('e1ee7e52-0509-4e18-9eb5-f80b7c3053c8', '23db257f-cdfa-447f-aa7c-5ff510343524', NULL, 'Extra Egg', NULL, 5000.00, 0.00, 1.0000, 0, 1, 2, '2026-05-23 03:14:02', '2026-05-23 03:14:02'),
('e36aece3-70bf-4c1d-9d75-31defb341de6', 'eeabd619-23dc-4030-b281-6ce45a75df08', NULL, 'BBQ Sauce', NULL, 0.00, 0.00, 1.0000, 0, 1, 1, '2026-05-23 03:14:02', '2026-05-23 03:14:02');

-- --------------------------------------------------------

--
-- Table structure for table `modifier_groups`
--

CREATE TABLE `modifier_groups` (
  `id` char(36) NOT NULL,
  `tenant_id` char(36) NOT NULL,
  `name` varchar(255) NOT NULL,
  `display_name` varchar(255) DEFAULT NULL,
  `description` text DEFAULT NULL,
  `selection_type` enum('single','multiple') NOT NULL DEFAULT 'multiple',
  `min_selections` int(11) NOT NULL DEFAULT 0,
  `max_selections` int(11) DEFAULT NULL COMMENT 'Null = unlimited',
  `is_required` tinyint(1) NOT NULL DEFAULT 0,
  `is_active` tinyint(1) NOT NULL DEFAULT 1,
  `sort_order` int(11) NOT NULL DEFAULT 0,
  `created_at` timestamp NULL DEFAULT NULL,
  `updated_at` timestamp NULL DEFAULT NULL
) ENGINE=InnoDB DEFAULT CHARSET=utf8mb4 COLLATE=utf8mb4_unicode_ci;

--
-- Dumping data for table `modifier_groups`
--

INSERT INTO `modifier_groups` (`id`, `tenant_id`, `name`, `display_name`, `description`, `selection_type`, `min_selections`, `max_selections`, `is_required`, `is_active`, `sort_order`, `created_at`, `updated_at`) VALUES
('23db257f-cdfa-447f-aa7c-5ff510343524', 'fee5a0aa-73ca-4947-ab88-4d15f80f62bb', 'Extra Add-ons (Food)', NULL, 'Add extras to your food', 'multiple', 0, 5, 0, 1, 4, '2026-05-23 03:14:02', '2026-05-23 03:14:02'),
('72cf5bf2-d8ba-4439-8304-1065b1c4fa80', 'fee5a0aa-73ca-4947-ab88-4d15f80f62bb', 'Extra Shots', NULL, 'Add espresso shots to your drink', 'multiple', 0, 3, 0, 1, 1, '2026-05-23 03:14:02', '2026-05-23 03:14:02'),
('ab1ba21f-6103-4b84-9c00-6eb052ac0311', 'fee5a0aa-73ca-4947-ab88-4d15f80f62bb', 'Packaging', NULL, 'Choose packaging type', 'single', 1, 1, 0, 1, 5, '2026-05-23 03:14:02', '2026-05-23 03:14:02'),
('eeabd619-23dc-4030-b281-6ce45a75df08', 'fee5a0aa-73ca-4947-ab88-4d15f80f62bb', 'Sauce', NULL, 'Choose your sauce', 'single', 0, 1, 0, 1, 3, '2026-05-23 03:14:02', '2026-05-23 03:14:02'),
('f60e6c07-b96d-40a8-ba66-335e8d1e43ea', 'fee5a0aa-73ca-4947-ab88-4d15f80f62bb', 'Toppings', NULL, 'Add toppings to your drink', 'multiple', 0, 5, 0, 1, 2, '2026-05-23 03:14:02', '2026-05-23 03:14:02');

-- --------------------------------------------------------

--
-- Table structure for table `outlets`
--

CREATE TABLE `outlets` (
  `id` char(36) NOT NULL,
  `tenant_id` char(36) NOT NULL,
  `code` varchar(50) NOT NULL,
  `name` varchar(255) NOT NULL,
  `address` text DEFAULT NULL,
  `city` varchar(100) DEFAULT NULL,
  `province` varchar(100) DEFAULT NULL,
  `postal_code` varchar(10) DEFAULT NULL,
  `latitude` decimal(10,8) DEFAULT NULL,
  `longitude` decimal(11,8) DEFAULT NULL,
  `phone` varchar(20) DEFAULT NULL,
  `email` varchar(255) DEFAULT NULL,
  `opening_time` time NOT NULL DEFAULT '08:00:00',
  `closing_time` time NOT NULL DEFAULT '22:00:00',
  `tax_percentage` decimal(5,2) DEFAULT NULL,
  `tax_enabled` tinyint(1) DEFAULT NULL,
  `tax_mode` enum('exclusive','inclusive') DEFAULT NULL COMMENT 'null = inherit from tenant',
  `service_charge_percentage` decimal(5,2) DEFAULT NULL,
  `service_charge_enabled` tinyint(1) DEFAULT NULL,
  `receipt_header` text DEFAULT NULL,
  `receipt_footer` text DEFAULT NULL,
  `receipt_show_logo` tinyint(1) NOT NULL DEFAULT 1,
  `is_active` tinyint(1) NOT NULL DEFAULT 1,
  `created_at` timestamp NULL DEFAULT NULL,
  `updated_at` timestamp NULL DEFAULT NULL
) ENGINE=InnoDB DEFAULT CHARSET=utf8mb4 COLLATE=utf8mb4_unicode_ci;

--
-- Dumping data for table `outlets`
--

INSERT INTO `outlets` (`id`, `tenant_id`, `code`, `name`, `address`, `city`, `province`, `postal_code`, `latitude`, `longitude`, `phone`, `email`, `opening_time`, `closing_time`, `tax_percentage`, `tax_enabled`, `tax_mode`, `service_charge_percentage`, `service_charge_enabled`, `receipt_header`, `receipt_footer`, `receipt_show_logo`, `is_active`, `created_at`, `updated_at`) VALUES
('01386b69-b9e8-4261-808d-f47f155f8604', 'dd26a475-5821-4af2-8dfc-23145ba0b321', 'GRO', 'Cafe Growth - Cabang 1', '11680 Travis Pine Apt. 766\nSchmidtview, ME 63868', NULL, NULL, NULL, NULL, NULL, '+1 (351) 419-5038', NULL, '08:00:00', '22:00:00', NULL, NULL, NULL, NULL, NULL, NULL, NULL, 1, 1, '2026-05-23 03:14:08', '2026-05-23 03:14:08'),
('5cb76f41-8005-47c2-8ed6-6d55b9dad5b1', 'f00c6132-72db-41f2-b0a5-7a46d60c4c83', 'STA', 'Warung Kopi Starter - Pusat', '40830 Turner Cove\nLennyfort, OH 88690', NULL, NULL, NULL, NULL, NULL, '+1-573-526-0085', NULL, '08:00:00', '22:00:00', NULL, NULL, NULL, NULL, NULL, NULL, NULL, 1, 1, '2026-05-23 03:14:08', '2026-05-23 03:14:08'),
('8c8265f8-8c1c-4921-942f-b20ce24be7b0', 'fee5a0aa-73ca-4947-ab88-4d15f80f62bb', 'MAIN', 'Main Branch', 'Jl. Sudirman No. 123', 'Jakarta', 'DKI Jakarta', '12190', NULL, NULL, '021-1234567', 'main@restaurant.com', '08:00:00', '22:00:00', NULL, NULL, NULL, NULL, NULL, NULL, NULL, 1, 1, '2026-05-23 03:13:56', '2026-05-23 03:13:56'),
('a2c17677-f897-4d98-8684-e3154d49f19d', '6ce03976-d6e9-4cfb-8012-f0e7e896e593', 'PRO', 'Restaurant Professional - Main', '18071 Johnston Island Apt. 767\nWest Mandyside, TX 60061', NULL, NULL, NULL, NULL, NULL, '+1.701.475.5496', NULL, '08:00:00', '22:00:00', NULL, NULL, NULL, NULL, NULL, NULL, NULL, 1, 1, '2026-05-23 03:14:08', '2026-05-23 03:14:08'),
('b986207a-24a6-425e-8a7d-8347755cd291', '3645870b-a5b6-4e70-bfa6-0fb17f258ba3', 'ENT', 'Enterprise Food Chain - HQ', '731 Aaliyah Estate\nRyleyport, LA 75962-3460', NULL, NULL, NULL, NULL, NULL, '+1 (423) 739-9383', NULL, '08:00:00', '22:00:00', NULL, NULL, NULL, NULL, NULL, NULL, NULL, 1, 1, '2026-05-23 03:14:08', '2026-05-23 03:14:08'),
('e5eda2e6-be39-4d86-abb0-eb5723d6af40', 'fee5a0aa-73ca-4947-ab88-4d15f80f62bb', 'OUT-02', 'Demo Outlet - Branch 2', 'Jl. Sudirman No. 456', 'Jakarta Selatan', 'DKI Jakarta', '12920', NULL, NULL, '021-5678901', 'branch2@demo.com', '09:00:00', '21:00:00', NULL, NULL, NULL, NULL, NULL, NULL, 'Terima kasih!', 1, 1, '2026-05-23 03:14:00', '2026-05-23 03:14:00');

-- --------------------------------------------------------

--
-- Table structure for table `password_reset_tokens`
--

CREATE TABLE `password_reset_tokens` (
  `email` varchar(255) NOT NULL,
  `token` varchar(255) NOT NULL,
  `created_at` timestamp NULL DEFAULT NULL
) ENGINE=InnoDB DEFAULT CHARSET=utf8mb4 COLLATE=utf8mb4_unicode_ci;

-- --------------------------------------------------------

--
-- Table structure for table `payment_methods`
--

CREATE TABLE `payment_methods` (
  `id` char(36) NOT NULL,
  `tenant_id` char(36) NOT NULL,
  `code` varchar(50) NOT NULL,
  `name` varchar(255) NOT NULL,
  `type` enum('cash','card','digital_wallet','transfer','other') NOT NULL,
  `provider` varchar(255) DEFAULT NULL,
  `icon` varchar(255) DEFAULT NULL,
  `charge_percentage` decimal(5,2) NOT NULL DEFAULT 0.00,
  `charge_fixed` decimal(12,2) NOT NULL DEFAULT 0.00,
  `requires_reference` tinyint(1) NOT NULL DEFAULT 0,
  `opens_cash_drawer` tinyint(1) NOT NULL DEFAULT 0,
  `sort_order` int(11) NOT NULL DEFAULT 0,
  `is_active` tinyint(1) NOT NULL DEFAULT 1,
  `created_at` timestamp NULL DEFAULT NULL,
  `updated_at` timestamp NULL DEFAULT NULL
) ENGINE=InnoDB DEFAULT CHARSET=utf8mb4 COLLATE=utf8mb4_unicode_ci;

--
-- Dumping data for table `payment_methods`
--

INSERT INTO `payment_methods` (`id`, `tenant_id`, `code`, `name`, `type`, `provider`, `icon`, `charge_percentage`, `charge_fixed`, `requires_reference`, `opens_cash_drawer`, `sort_order`, `is_active`, `created_at`, `updated_at`) VALUES
('65e96f9f-4d40-4af7-b970-78289df4a989', 'fee5a0aa-73ca-4947-ab88-4d15f80f62bb', 'DEBIT', 'Debit Card', 'card', 'Bank', 'credit-card', 0.50, 0.00, 1, 0, 2, 1, '2026-05-23 03:14:02', '2026-05-23 03:14:02'),
('70dac937-161a-40db-b9ad-7a7aa25f698a', 'fee5a0aa-73ca-4947-ab88-4d15f80f62bb', 'DANA', 'DANA', 'digital_wallet', 'DANA', 'qrcode', 1.50, 0.00, 1, 0, 6, 1, '2026-05-23 03:14:02', '2026-05-23 03:14:02'),
('72fb582c-9b93-4052-bec1-075848b97492', 'fee5a0aa-73ca-4947-ab88-4d15f80f62bb', 'CASH', 'Cash', 'cash', NULL, 'cash', 0.00, 0.00, 0, 1, 1, 1, '2026-05-23 03:14:02', '2026-05-23 03:14:02'),
('858a1822-9bd2-4fcf-a1c1-fe2f6cbaf0a4', 'fee5a0aa-73ca-4947-ab88-4d15f80f62bb', 'TRANSFER', 'Bank Transfer', 'transfer', 'Bank', 'building', 0.00, 0.00, 1, 0, 9, 1, '2026-05-23 03:14:02', '2026-05-23 03:14:02'),
('9ca8cd2e-341e-4ca5-9be7-04151356aac8', 'fee5a0aa-73ca-4947-ab88-4d15f80f62bb', 'QRIS', 'QRIS', 'digital_wallet', 'QRIS', 'qrcode', 0.70, 0.00, 1, 0, 8, 1, '2026-05-23 03:14:02', '2026-05-23 03:14:02'),
('aebe0986-ff12-46ce-9f5e-bf14bc65dc0c', 'fee5a0aa-73ca-4947-ab88-4d15f80f62bb', 'GOPAY', 'GoPay', 'digital_wallet', 'Gojek', 'qrcode', 1.50, 0.00, 1, 0, 4, 1, '2026-05-23 03:14:02', '2026-05-23 03:14:02'),
('d407a5e5-5d8e-4ec1-88de-3aa463677c0a', 'fee5a0aa-73ca-4947-ab88-4d15f80f62bb', 'OVO', 'OVO', 'digital_wallet', 'OVO', 'qrcode', 1.50, 0.00, 1, 0, 5, 1, '2026-05-23 03:14:02', '2026-05-23 03:14:02'),
('ee99fdea-a60c-4bd2-992d-86d277881cc9', 'fee5a0aa-73ca-4947-ab88-4d15f80f62bb', 'SHOPEEPAY', 'ShopeePay', 'digital_wallet', 'Shopee', 'qrcode', 1.50, 0.00, 1, 0, 7, 1, '2026-05-23 03:14:02', '2026-05-23 03:14:02'),
('f87a2864-5efe-4f9a-81ed-529b38e1b593', 'fee5a0aa-73ca-4947-ab88-4d15f80f62bb', 'CREDIT', 'Credit Card', 'card', 'Bank', 'credit-card', 2.50, 0.00, 1, 0, 3, 1, '2026-05-23 03:14:02', '2026-05-23 03:14:02');

-- --------------------------------------------------------

--
-- Table structure for table `permissions`
--

CREATE TABLE `permissions` (
  `id` char(36) NOT NULL,
  `name` varchar(100) NOT NULL,
  `slug` varchar(100) NOT NULL,
  `module` varchar(50) NOT NULL,
  `description` text DEFAULT NULL,
  `created_at` timestamp NULL DEFAULT NULL,
  `updated_at` timestamp NULL DEFAULT NULL
) ENGINE=InnoDB DEFAULT CHARSET=utf8mb4 COLLATE=utf8mb4_unicode_ci;

--
-- Dumping data for table `permissions`
--

INSERT INTO `permissions` (`id`, `name`, `slug`, `module`, `description`, `created_at`, `updated_at`) VALUES
('08e47686-c1a4-497d-8452-b04c23f3113b', 'Export Reports', 'reports.export', 'reports', NULL, '2026-05-23 03:13:56', '2026-05-23 03:13:56'),
('09c00130-9cbc-4640-ade9-3f380f83c533', 'Cancel Orders', 'orders.cancel', 'orders', NULL, '2026-05-23 03:13:56', '2026-05-23 03:13:56'),
('0e362f73-cfb8-438b-a9ad-6ec0df63e8e6', 'View Categories', 'categories.view', 'categories', NULL, '2026-05-23 03:13:56', '2026-05-23 03:13:56'),
('0e3fea5f-4353-4079-9156-ec6e9e07bac1', 'View Products', 'products.view', 'products', NULL, '2026-05-23 03:13:56', '2026-05-23 03:13:56'),
('1402f13b-470e-4dfa-84dc-02780f4186a5', 'View Financial Reports', 'reports.financial', 'reports', NULL, '2026-05-23 03:13:56', '2026-05-23 03:13:56'),
('1d5078d6-c109-4163-aa31-0de201f4f544', 'Access POS', 'pos.access', 'pos', NULL, '2026-05-23 03:13:56', '2026-05-23 03:13:56'),
('20c313c1-eb57-4521-b052-eca08f8f5d51', 'Delete Roles', 'roles.delete', 'roles', NULL, '2026-05-23 03:13:56', '2026-05-23 03:13:56'),
('2b35e743-af15-4c34-8688-7cb8450f7e2c', 'View Settings', 'settings.view', 'settings', NULL, '2026-05-23 03:13:56', '2026-05-23 03:13:56'),
('2b943454-d47e-48f9-a3a6-f894639800a6', 'View Order History', 'pos.history', 'pos', NULL, '2026-05-23 03:13:56', '2026-05-23 03:13:56'),
('32467cbb-d040-421b-ba56-05b856bb4071', 'Purchase Orders', 'inventory.purchase', 'inventory', NULL, '2026-05-23 03:13:56', '2026-05-23 03:13:56'),
('3279c533-c178-4bd0-b475-f7f7714f9a81', 'Delete Users', 'users.delete', 'users', NULL, '2026-05-23 03:13:56', '2026-05-23 03:13:56'),
('35ba69ee-f8f1-4100-aaea-2063f75d2864', 'Create Products', 'products.create', 'products', NULL, '2026-05-23 03:13:56', '2026-05-23 03:13:56'),
('429a85f9-6b07-4c3b-ab92-e3f7b918f6f4', 'View Roles', 'roles.view', 'roles', NULL, '2026-05-23 03:13:56', '2026-05-23 03:13:56'),
('4820a9af-e331-4cae-8b5a-7909501ede88', 'Create Categories', 'categories.create', 'categories', NULL, '2026-05-23 03:13:56', '2026-05-23 03:13:56'),
('49f57287-8449-43b7-9e01-62051ef9a116', 'View Outlets', 'outlets.view', 'outlets', NULL, '2026-05-23 03:13:56', '2026-05-23 03:13:56'),
('4a682eea-5fbb-4550-bca1-ac0da5891ae5', 'Create Outlets', 'outlets.create', 'outlets', NULL, '2026-05-23 03:13:56', '2026-05-23 03:13:56'),
('4f9d9185-fb43-4c20-bfd4-c9e2f5de2722', 'Update Roles', 'roles.update', 'roles', NULL, '2026-05-23 03:13:56', '2026-05-23 03:13:56'),
('5205d211-2f6e-4169-9bed-261a1916e401', 'View Tables', 'tables.view', 'tables', NULL, '2026-05-23 03:13:56', '2026-05-23 03:13:56'),
('560761bc-7685-441e-bd27-d555f2f6ea06', 'Manage Kitchen', 'kitchen.manage', 'kitchen', NULL, '2026-05-23 03:13:56', '2026-05-23 03:13:56'),
('639a84ed-6d8d-4a5a-9f7a-82c740588c8a', 'Delete Products', 'products.delete', 'products', NULL, '2026-05-23 03:13:56', '2026-05-23 03:13:56'),
('63b5e65c-f6c9-4423-ada5-7e3dac89993e', 'Update Users', 'users.update', 'users', NULL, '2026-05-23 03:13:56', '2026-05-23 03:13:56'),
('6c1dcbc8-1dc9-4bea-8073-d2969f6f79ce', 'Update Orders', 'orders.update', 'orders', NULL, '2026-05-23 03:13:56', '2026-05-23 03:13:56'),
('6c1ddb2f-6b5e-4cde-896e-bd3759854f2a', 'Void Order', 'pos.void', 'pos', NULL, '2026-05-23 03:13:56', '2026-05-23 03:13:56'),
('7c245635-4965-4de9-a9ae-14f94ee82dd6', 'Refund Payment', 'pos.refund', 'pos', NULL, '2026-05-23 03:13:56', '2026-05-23 03:13:56'),
('81eab4b6-1b99-45e6-ac73-2ba8b1f7cde6', 'Manage Stock', 'inventory.manage', 'inventory', NULL, '2026-05-23 03:13:56', '2026-05-23 03:13:56'),
('82c72087-60cb-4343-a9ec-ce70c0ed440f', 'Create Roles', 'roles.create', 'roles', NULL, '2026-05-23 03:13:56', '2026-05-23 03:13:56'),
('831faf09-4ea0-4d49-8076-846cc13d7a41', 'Update Categories', 'categories.update', 'categories', NULL, '2026-05-23 03:13:56', '2026-05-23 03:13:56'),
('862db82b-dd70-43c5-9d2d-30eb244607a9', 'Apply Discount', 'pos.discount', 'pos', NULL, '2026-05-23 03:13:56', '2026-05-23 03:13:56'),
('8878e14f-9c43-4dc4-a871-c1c3b508a992', 'Access KDS', 'kitchen.kds', 'kitchen', NULL, '2026-05-23 03:13:56', '2026-05-23 03:13:56'),
('93bf24e9-fd9d-43a2-815e-3a856e6e016c', 'Delete Outlets', 'outlets.delete', 'outlets', NULL, '2026-05-23 03:13:56', '2026-05-23 03:13:56'),
('99dc13bc-e362-4d84-9bf0-26395e8f88a7', 'View Inventory Reports', 'reports.inventory', 'reports', NULL, '2026-05-23 03:13:56', '2026-05-23 03:13:56'),
('a171ad1d-3458-4889-8f2c-51ef65fe0c00', 'Open Cash Drawer', 'pos.drawer', 'pos', NULL, '2026-05-23 03:13:56', '2026-05-23 03:13:56'),
('b5468c3a-5289-49ad-9009-2cec30145976', 'Update Outlets', 'outlets.update', 'outlets', NULL, '2026-05-23 03:13:56', '2026-05-23 03:13:56'),
('bc8f8261-f0fb-43a2-81ba-11f8e7ac3229', 'Manage Tables', 'tables.manage', 'tables', NULL, '2026-05-23 03:13:56', '2026-05-23 03:13:56'),
('c083b9c7-c543-4708-90bf-b25cafcf8fe0', 'View Sales Reports', 'reports.sales', 'reports', NULL, '2026-05-23 03:13:56', '2026-05-23 03:13:56'),
('c0cae63d-975b-4534-bb30-1350e4e592b5', 'View Inventory', 'inventory.view', 'inventory', NULL, '2026-05-23 03:13:56', '2026-05-23 03:13:56'),
('c75c976b-b3e3-42c2-8e7f-f33fa812a06e', 'Update Settings', 'settings.update', 'settings', NULL, '2026-05-23 03:13:56', '2026-05-23 03:13:56'),
('c83962f6-a07f-483e-b307-1b3beaf4704d', 'Merge Tables', 'tables.merge', 'tables', NULL, '2026-05-23 03:13:56', '2026-05-23 03:13:56'),
('c9633f8a-5b08-43cc-8632-ef8d545ef15d', 'Stock Adjustment', 'inventory.adjust', 'inventory', NULL, '2026-05-23 03:13:56', '2026-05-23 03:13:56'),
('cf9d05c6-655e-4bcd-ae1e-fbf3816abd91', 'View Users', 'users.view', 'users', NULL, '2026-05-23 03:13:56', '2026-05-23 03:13:56'),
('ddca82bc-90cd-4dcd-8a0d-a9e4a7fc5a30', 'View Orders', 'orders.view', 'orders', NULL, '2026-05-23 03:13:56', '2026-05-23 03:13:56'),
('e5854f0e-9384-41c9-b160-e883ff87320e', 'Create Orders', 'orders.create', 'orders', NULL, '2026-05-23 03:13:56', '2026-05-23 03:13:56'),
('e5c77b57-039d-4338-ae21-16c276b0c8a4', 'View Dashboard', 'dashboard.view', 'dashboard', NULL, '2026-05-23 03:13:56', '2026-05-23 03:13:56'),
('ec4c88f6-b2ab-408b-8031-be0f30abcdb1', 'Create Users', 'users.create', 'users', NULL, '2026-05-23 03:13:56', '2026-05-23 03:13:56'),
('f06cfbb2-10d9-4a10-b9d8-5c20f4742ecc', 'Transfer Tables', 'tables.transfer', 'tables', NULL, '2026-05-23 03:13:56', '2026-05-23 03:13:56'),
('f0ba9c03-653d-4d49-9f22-853166f600ac', 'Update Products', 'products.update', 'products', NULL, '2026-05-23 03:13:56', '2026-05-23 03:13:56'),
('fc8fa0ff-30a8-4fbd-a904-8966d9bb7329', 'Delete Categories', 'categories.delete', 'categories', NULL, '2026-05-23 03:13:56', '2026-05-23 03:13:56');

-- --------------------------------------------------------

--
-- Table structure for table `personal_access_tokens`
--

CREATE TABLE `personal_access_tokens` (
  `id` bigint(20) UNSIGNED NOT NULL,
  `tokenable_type` varchar(255) NOT NULL,
  `tokenable_id` char(36) NOT NULL,
  `name` text NOT NULL,
  `token` varchar(64) NOT NULL,
  `abilities` text DEFAULT NULL,
  `last_used_at` timestamp NULL DEFAULT NULL,
  `expires_at` timestamp NULL DEFAULT NULL,
  `created_at` timestamp NULL DEFAULT NULL,
  `updated_at` timestamp NULL DEFAULT NULL
) ENGINE=InnoDB DEFAULT CHARSET=utf8mb4 COLLATE=utf8mb4_unicode_ci;

-- --------------------------------------------------------

--
-- Table structure for table `pin_attempts`
--

CREATE TABLE `pin_attempts` (
  `id` bigint(20) UNSIGNED NOT NULL,
  `tenant_id` char(36) NOT NULL,
  `outlet_id` char(36) NOT NULL,
  `user_id` char(36) DEFAULT NULL,
  `attempted_for` varchar(255) DEFAULT NULL,
  `success` tinyint(1) NOT NULL DEFAULT 0,
  `ip_address` varchar(255) DEFAULT NULL,
  `attempted_at` timestamp NOT NULL DEFAULT current_timestamp() ON UPDATE current_timestamp()
) ENGINE=InnoDB DEFAULT CHARSET=utf8mb4 COLLATE=utf8mb4_unicode_ci;

-- --------------------------------------------------------

--
-- Table structure for table `pos_sessions`
--

CREATE TABLE `pos_sessions` (
  `id` char(36) NOT NULL,
  `tenant_id` char(36) NOT NULL,
  `outlet_id` char(36) NOT NULL,
  `user_id` char(36) NOT NULL,
  `session_number` varchar(50) NOT NULL,
  `opening_cash` decimal(15,2) NOT NULL,
  `closing_cash` decimal(15,2) DEFAULT NULL,
  `expected_cash` decimal(15,2) DEFAULT NULL,
  `cash_difference` decimal(15,2) DEFAULT NULL,
  `opening_notes` text DEFAULT NULL,
  `closing_notes` text DEFAULT NULL,
  `opened_at` timestamp NOT NULL DEFAULT current_timestamp() ON UPDATE current_timestamp(),
  `closed_at` timestamp NULL DEFAULT NULL,
  `closed_by` char(36) DEFAULT NULL,
  `status` enum('open','closed') NOT NULL DEFAULT 'open',
  `created_at` timestamp NULL DEFAULT NULL,
  `updated_at` timestamp NULL DEFAULT NULL
) ENGINE=InnoDB DEFAULT CHARSET=utf8mb4 COLLATE=utf8mb4_unicode_ci;

--
-- Dumping data for table `pos_sessions`
--

INSERT INTO `pos_sessions` (`id`, `tenant_id`, `outlet_id`, `user_id`, `session_number`, `opening_cash`, `closing_cash`, `expected_cash`, `cash_difference`, `opening_notes`, `closing_notes`, `opened_at`, `closed_at`, `closed_by`, `status`, `created_at`, `updated_at`) VALUES
('03cd719c-fd8a-48c9-80bc-be69bf798802', 'fee5a0aa-73ca-4947-ab88-4d15f80f62bb', '8c8265f8-8c1c-4921-942f-b20ce24be7b0', '69353b8f-83e5-40d9-95a8-9c47e42825b3', 'SES-20260523-001', 500000.00, NULL, NULL, NULL, 'Opening shift pagi hari ini', NULL, '2026-05-23 00:00:00', NULL, NULL, 'open', '2026-05-23 03:14:15', '2026-05-23 03:14:15'),
('6b0ccce6-f0ca-418b-9932-407960445292', 'fee5a0aa-73ca-4947-ab88-4d15f80f62bb', '8c8265f8-8c1c-4921-942f-b20ce24be7b0', '69353b8f-83e5-40d9-95a8-9c47e42825b3', 'SES-20260522-001', 500000.00, 2850000.00, 2800000.00, 50000.00, 'Opening shift pagi', 'Closing shift, selisih +50.000 (tips)', '2026-05-22 00:00:00', '2026-05-22 13:30:00', '51daaaff-7c46-4630-bb9d-45e59b6090ed', 'closed', '2026-05-23 03:14:15', '2026-05-23 03:14:15');

-- --------------------------------------------------------

--
-- Table structure for table `prices`
--

CREATE TABLE `prices` (
  `id` char(36) NOT NULL,
  `tenant_id` char(36) NOT NULL,
  `inventory_item_id` char(36) NOT NULL,
  `outlet_id` char(36) NOT NULL,
  `selling_price` decimal(15,2) NOT NULL,
  `member_price` decimal(15,2) DEFAULT NULL,
  `min_selling_price` decimal(15,2) DEFAULT NULL,
  `is_active` tinyint(1) NOT NULL DEFAULT 1,
  `created_at` timestamp NULL DEFAULT NULL,
  `updated_at` timestamp NULL DEFAULT NULL
) ENGINE=InnoDB DEFAULT CHARSET=utf8mb4 COLLATE=utf8mb4_unicode_ci;

--
-- Dumping data for table `prices`
--

INSERT INTO `prices` (`id`, `tenant_id`, `inventory_item_id`, `outlet_id`, `selling_price`, `member_price`, `min_selling_price`, `is_active`, `created_at`, `updated_at`) VALUES
('01356293-4ff9-4187-80f1-ddd2872f75a9', 'fee5a0aa-73ca-4947-ab88-4d15f80f62bb', 'a768fa94-81b8-43fd-9354-4f8c6dfe86ea', 'e5eda2e6-be39-4d86-abb0-eb5723d6af40', 14000.00, 13000.00, 6500.00, 1, '2026-05-23 03:14:02', '2026-05-23 03:14:02'),
('016d9a51-3f6a-4937-9f28-adde1e60eb9b', 'fee5a0aa-73ca-4947-ab88-4d15f80f62bb', 'b542502f-e31e-4ec1-a723-fb245315fa11', 'e5eda2e6-be39-4d86-abb0-eb5723d6af40', 38000.00, 35000.00, 28000.00, 1, '2026-05-23 03:14:02', '2026-05-23 03:14:02'),
('01c552d8-3cbb-46fe-80de-e237be2e2454', 'fee5a0aa-73ca-4947-ab88-4d15f80f62bb', '3b5d64fc-719c-46b8-a0b0-6508caa31388', '8c8265f8-8c1c-4921-942f-b20ce24be7b0', 175000.00, 160000.00, NULL, 1, '2026-05-23 03:14:01', '2026-05-23 03:14:01'),
('01db6dbd-3aee-4438-8785-a65b73e55b66', 'fee5a0aa-73ca-4947-ab88-4d15f80f62bb', 'f419cbbd-285e-4c95-a257-5a17f35aca95', 'e5eda2e6-be39-4d86-abb0-eb5723d6af40', 40000.00, NULL, NULL, 1, '2026-05-23 03:14:02', '2026-05-23 03:14:02'),
('02feec91-5e42-43d3-80be-831872a923a0', 'fee5a0aa-73ca-4947-ab88-4d15f80f62bb', 'f1a251f8-abea-4798-b680-bb094dcd53e1', 'e5eda2e6-be39-4d86-abb0-eb5723d6af40', 35000.00, 32000.00, NULL, 1, '2026-05-23 03:14:02', '2026-05-23 03:14:02'),
('03f94b25-2a93-4517-a922-045881ce5e4a', 'fee5a0aa-73ca-4947-ab88-4d15f80f62bb', '5269dc61-0e4d-4a32-82b3-3c662f9c4026', '8c8265f8-8c1c-4921-942f-b20ce24be7b0', 33000.00, NULL, 28000.00, 1, '2026-05-23 03:14:01', '2026-05-23 03:14:01'),
('04426521-c4c9-4832-9a7a-497c6c608612', 'fee5a0aa-73ca-4947-ab88-4d15f80f62bb', '5339be37-d3ae-43f0-a586-af0a34946aa0', '8c8265f8-8c1c-4921-942f-b20ce24be7b0', 53000.00, 48000.00, NULL, 1, '2026-05-23 03:14:01', '2026-05-23 03:14:01'),
('04eb940b-dbab-4bc5-92e7-9cd080ccdca7', 'fee5a0aa-73ca-4947-ab88-4d15f80f62bb', '50227258-bde8-4585-82c3-24de0ec10c44', '8c8265f8-8c1c-4921-942f-b20ce24be7b0', 115000.00, 105000.00, NULL, 1, '2026-05-23 03:14:01', '2026-05-23 03:14:01'),
('05921cb9-9a73-4784-8708-aaa04052479e', 'fee5a0aa-73ca-4947-ab88-4d15f80f62bb', '4b0a0750-2dfc-426d-9380-878eee141971', 'e5eda2e6-be39-4d86-abb0-eb5723d6af40', 53000.00, 48000.00, 39000.00, 1, '2026-05-23 03:14:02', '2026-05-23 03:14:02'),
('06e4ba81-4465-43a8-be8b-10e4334de6f7', 'fee5a0aa-73ca-4947-ab88-4d15f80f62bb', '6e855b45-f21e-48c1-b317-0e6ee8dfdcdd', 'e5eda2e6-be39-4d86-abb0-eb5723d6af40', 325000.00, NULL, NULL, 1, '2026-05-23 03:14:02', '2026-05-23 03:14:02'),
('07d92204-2587-483a-9318-f2bbcc5d4a31', 'fee5a0aa-73ca-4947-ab88-4d15f80f62bb', '374b03f3-91f2-4345-8806-d333e0dea68f', 'e5eda2e6-be39-4d86-abb0-eb5723d6af40', 60000.00, 54000.00, NULL, 1, '2026-05-23 03:14:01', '2026-05-23 03:14:01'),
('0941284b-4bb0-4d68-bce8-ebc6583b1a39', 'fee5a0aa-73ca-4947-ab88-4d15f80f62bb', '95159a4d-7f19-4382-a7de-ba70d4d08b65', 'e5eda2e6-be39-4d86-abb0-eb5723d6af40', 21000.00, 19000.00, 17000.00, 1, '2026-05-23 03:14:02', '2026-05-23 03:14:02'),
('0ab3beb8-66b6-41ab-a84b-7a6edcc8e660', 'fee5a0aa-73ca-4947-ab88-4d15f80f62bb', '22ad6310-d681-4cce-a353-214bb9aaf5b6', 'e5eda2e6-be39-4d86-abb0-eb5723d6af40', 235000.00, NULL, 200000.00, 1, '2026-05-23 03:14:01', '2026-05-23 03:14:01'),
('0b330a72-1f00-4c5e-8d4a-609be5a625f0', 'fee5a0aa-73ca-4947-ab88-4d15f80f62bb', '8dbe9773-a8a0-45b4-a108-a5cb4f10b0ce', '8c8265f8-8c1c-4921-942f-b20ce24be7b0', 49000.00, 45000.00, 39000.00, 1, '2026-05-23 03:14:01', '2026-05-23 03:14:01'),
('0c382228-30f3-481c-9f9c-b9aad86e0544', 'fee5a0aa-73ca-4947-ab88-4d15f80f62bb', '50e4bdf2-d73b-415c-bd22-79f8477102d2', 'e5eda2e6-be39-4d86-abb0-eb5723d6af40', 94000.00, NULL, NULL, 1, '2026-05-23 03:14:02', '2026-05-23 03:14:02'),
('0c487924-dea8-4e8a-9373-5e6e778f5d34', 'fee5a0aa-73ca-4947-ab88-4d15f80f62bb', 'ecd6c8c0-eb6d-4842-bc89-2d49e2f4564d', '8c8265f8-8c1c-4921-942f-b20ce24be7b0', 53000.00, 48000.00, NULL, 1, '2026-05-23 03:14:01', '2026-05-23 03:14:01'),
('0eca9318-89fd-48e7-b411-8588d4b3be95', 'fee5a0aa-73ca-4947-ab88-4d15f80f62bb', '6cbc2349-b9d1-45c0-8854-30dce14914da', '8c8265f8-8c1c-4921-942f-b20ce24be7b0', 68000.00, 62000.00, 50000.00, 1, '2026-05-23 03:14:01', '2026-05-23 03:14:01'),
('0f6aa3f4-2cbf-42af-8f62-1d19733d1ce4', 'fee5a0aa-73ca-4947-ab88-4d15f80f62bb', '3028ccd7-7afc-47d2-8c46-78749ded1a37', 'e5eda2e6-be39-4d86-abb0-eb5723d6af40', 12000.00, NULL, NULL, 1, '2026-05-23 03:14:01', '2026-05-23 03:14:01'),
('0fbc078c-dca7-4ce9-83c7-3e3ce0d74bec', 'fee5a0aa-73ca-4947-ab88-4d15f80f62bb', '81d3c1eb-efa5-4e1f-bc7d-0b1fd8bb86cc', 'e5eda2e6-be39-4d86-abb0-eb5723d6af40', 130000.00, 120000.00, 94000.00, 1, '2026-05-23 03:14:02', '2026-05-23 03:14:02'),
('0fcf593f-f2ef-4d44-8f72-db7f5db29960', 'fee5a0aa-73ca-4947-ab88-4d15f80f62bb', '8dce40bc-9e6a-46d3-83fb-5dfba5e2646b', '8c8265f8-8c1c-4921-942f-b20ce24be7b0', 42000.00, 38000.00, NULL, 1, '2026-05-23 03:14:01', '2026-05-23 03:14:01'),
('124c40b1-f5c6-4a56-b2c2-415b05f98749', 'fee5a0aa-73ca-4947-ab88-4d15f80f62bb', '6fb1a2d9-0342-4939-9d76-46b69ac202e6', '8c8265f8-8c1c-4921-942f-b20ce24be7b0', 26000.00, 24000.00, NULL, 1, '2026-05-23 03:14:01', '2026-05-23 03:14:01'),
('128c640e-d9b6-4518-b631-d2216249ce96', 'fee5a0aa-73ca-4947-ab88-4d15f80f62bb', 'fcca06b4-4841-4891-ae01-a75f662b6968', '8c8265f8-8c1c-4921-942f-b20ce24be7b0', 59000.00, 54000.00, 50000.00, 1, '2026-05-23 03:14:01', '2026-05-23 03:14:01'),
('12dfc772-cf05-4847-b5b1-b8df224e232a', 'fee5a0aa-73ca-4947-ab88-4d15f80f62bb', '9b0f1c92-7bc6-48dd-bfd3-f5c696ed99ec', '8c8265f8-8c1c-4921-942f-b20ce24be7b0', 5500.00, NULL, NULL, 1, '2026-05-23 03:14:01', '2026-05-23 03:14:01'),
('130d83fc-ba55-46ac-98a8-7c028919ccd7', 'fee5a0aa-73ca-4947-ab88-4d15f80f62bb', '7ec16d41-807e-43fc-a92f-32a6f16d0234', '8c8265f8-8c1c-4921-942f-b20ce24be7b0', 72000.00, 65000.00, NULL, 1, '2026-05-23 03:14:01', '2026-05-23 03:14:01'),
('1445d812-6378-4597-9a08-5f2065e2c51c', 'fee5a0aa-73ca-4947-ab88-4d15f80f62bb', '6e855b45-f21e-48c1-b317-0e6ee8dfdcdd', '8c8265f8-8c1c-4921-942f-b20ce24be7b0', 325000.00, 295000.00, NULL, 1, '2026-05-23 03:14:01', '2026-05-23 03:14:01'),
('14f68884-cdec-4629-87ee-2a5d1fe7ac7b', 'fee5a0aa-73ca-4947-ab88-4d15f80f62bb', '0f8e346d-8ee1-4f2a-82de-6ad0f9920f4a', 'e5eda2e6-be39-4d86-abb0-eb5723d6af40', 33000.00, 30000.00, 28000.00, 1, '2026-05-23 03:14:01', '2026-05-23 03:14:01'),
('15f7613c-6151-4a05-a7fa-fba4ac319480', 'fee5a0aa-73ca-4947-ab88-4d15f80f62bb', '4499d420-8ffc-4ee0-a55b-8ce5e7211729', '8c8265f8-8c1c-4921-942f-b20ce24be7b0', 20000.00, NULL, NULL, 1, '2026-05-23 03:14:01', '2026-05-23 03:14:01'),
('18628b15-dd47-47f7-89b0-3f8d6d7e86ab', 'fee5a0aa-73ca-4947-ab88-4d15f80f62bb', '196dab25-6699-49e8-aff8-853d49ca3dc5', '8c8265f8-8c1c-4921-942f-b20ce24be7b0', 21000.00, 19000.00, 18000.00, 1, '2026-05-23 03:14:01', '2026-05-23 03:14:01'),
('1a8ce274-73ef-4072-b6de-74352c7d147b', 'fee5a0aa-73ca-4947-ab88-4d15f80f62bb', '9ff4762a-46d2-4f5b-a946-09e898d415f2', '8c8265f8-8c1c-4921-942f-b20ce24be7b0', 83000.00, 75000.00, 61000.00, 1, '2026-05-23 03:14:01', '2026-05-23 03:14:01'),
('1b36743b-2f5a-4ec0-8c28-e3a1eb4f99f8', 'fee5a0aa-73ca-4947-ab88-4d15f80f62bb', '6cbc2349-b9d1-45c0-8854-30dce14914da', 'e5eda2e6-be39-4d86-abb0-eb5723d6af40', 68000.00, NULL, 50000.00, 1, '2026-05-23 03:14:02', '2026-05-23 03:14:02'),
('1c8d341e-e896-4a3b-9caa-d1edf57bc2e3', 'fee5a0aa-73ca-4947-ab88-4d15f80f62bb', '1462554a-d08d-4da6-99d7-3b8434aeda4d', '8c8265f8-8c1c-4921-942f-b20ce24be7b0', 28000.00, NULL, 22000.00, 1, '2026-05-23 03:14:01', '2026-05-23 03:14:01'),
('1d020b14-36e0-431c-b63f-90c0a3a6bf34', 'fee5a0aa-73ca-4947-ab88-4d15f80f62bb', '250ac775-be22-419c-a8e3-a82ef45a8232', 'e5eda2e6-be39-4d86-abb0-eb5723d6af40', 27000.00, 25000.00, 20000.00, 1, '2026-05-23 03:14:01', '2026-05-23 03:14:01'),
('1e182db8-9bf2-4223-8697-778468186082', 'fee5a0aa-73ca-4947-ab88-4d15f80f62bb', '780055a4-ccdb-467a-afb7-a08339509140', '8c8265f8-8c1c-4921-942f-b20ce24be7b0', 98000.00, 89000.00, NULL, 1, '2026-05-23 03:14:01', '2026-05-23 03:14:01'),
('1ee47dfa-6d74-4e64-907b-513f80a55b57', 'fee5a0aa-73ca-4947-ab88-4d15f80f62bb', 'a6c67f51-40f4-41b9-b060-3ccc81c4dc44', '8c8265f8-8c1c-4921-942f-b20ce24be7b0', 49000.00, 45000.00, NULL, 1, '2026-05-23 03:14:01', '2026-05-23 03:14:01'),
('211ca703-1e1a-4e21-886d-00c3d0b4a56b', 'fee5a0aa-73ca-4947-ab88-4d15f80f62bb', 'ae74846a-31fc-41f4-901a-74729ff714b1', '8c8265f8-8c1c-4921-942f-b20ce24be7b0', 56000.00, NULL, NULL, 1, '2026-05-23 03:14:01', '2026-05-23 03:14:01'),
('21d5be48-93a4-4943-abcc-98a57a5c9253', 'fee5a0aa-73ca-4947-ab88-4d15f80f62bb', '95159a4d-7f19-4382-a7de-ba70d4d08b65', '8c8265f8-8c1c-4921-942f-b20ce24be7b0', 21000.00, 19000.00, NULL, 1, '2026-05-23 03:14:01', '2026-05-23 03:14:01'),
('22ef8eee-47bf-461e-acd2-57dcd9c04e64', 'fee5a0aa-73ca-4947-ab88-4d15f80f62bb', 'd4412092-df4e-455e-9188-fd11c6dffcd5', 'e5eda2e6-be39-4d86-abb0-eb5723d6af40', 540000.00, 490000.00, NULL, 1, '2026-05-23 03:14:02', '2026-05-23 03:14:02'),
('23ce64d5-8c55-4f2b-800c-c35ba32f54f6', 'fee5a0aa-73ca-4947-ab88-4d15f80f62bb', 'c94a654a-f572-4326-8a1d-edaf43ba7a6c', '8c8265f8-8c1c-4921-942f-b20ce24be7b0', 5000.00, 4500.00, 4000.00, 1, '2026-05-23 03:14:01', '2026-05-23 03:14:01'),
('24d4b7c1-2977-43c1-a55c-af4c6074b5d1', 'fee5a0aa-73ca-4947-ab88-4d15f80f62bb', 'ce1c4f4d-92a7-40e8-bb33-842e5d3e9a65', 'e5eda2e6-be39-4d86-abb0-eb5723d6af40', 33000.00, NULL, 25000.00, 1, '2026-05-23 03:14:02', '2026-05-23 03:14:02'),
('25051310-e9e8-4875-bbd1-2d94ee07f4d3', 'fee5a0aa-73ca-4947-ab88-4d15f80f62bb', '50227258-bde8-4585-82c3-24de0ec10c44', 'e5eda2e6-be39-4d86-abb0-eb5723d6af40', 115000.00, NULL, 72000.00, 1, '2026-05-23 03:14:02', '2026-05-23 03:14:02'),
('254462e4-ecde-48d2-898b-0d36960fb791', 'fee5a0aa-73ca-4947-ab88-4d15f80f62bb', '6c31aa1f-53e9-4bdb-8b17-c0bfa31eb681', 'e5eda2e6-be39-4d86-abb0-eb5723d6af40', 225000.00, 205000.00, 165000.00, 1, '2026-05-23 03:14:02', '2026-05-23 03:14:02'),
('25ed5ac6-edd3-4562-a629-0f15c310f4b4', 'fee5a0aa-73ca-4947-ab88-4d15f80f62bb', '4a75e970-f153-4186-b969-d09c1c94820d', 'e5eda2e6-be39-4d86-abb0-eb5723d6af40', 82000.00, NULL, NULL, 1, '2026-05-23 03:14:02', '2026-05-23 03:14:02'),
('263fdad2-45d9-4d1b-b168-635ffa6d9f02', 'fee5a0aa-73ca-4947-ab88-4d15f80f62bb', '8757ff98-056c-41a5-8e34-b7591bbc67d8', '8c8265f8-8c1c-4921-942f-b20ce24be7b0', 4000.00, NULL, NULL, 1, '2026-05-23 03:14:01', '2026-05-23 03:14:01'),
('264655d5-32eb-40bf-93c7-6c13fdbd1a99', 'fee5a0aa-73ca-4947-ab88-4d15f80f62bb', '80adc244-40bf-4e5c-beb0-338474572b13', 'e5eda2e6-be39-4d86-abb0-eb5723d6af40', 200000.00, NULL, NULL, 1, '2026-05-23 03:14:02', '2026-05-23 03:14:02'),
('2748f000-f64b-45b2-a280-c968752c8fdd', 'fee5a0aa-73ca-4947-ab88-4d15f80f62bb', '8f345d03-bb0d-4c61-b342-4a6ccc1235c4', '8c8265f8-8c1c-4921-942f-b20ce24be7b0', 135000.00, 125000.00, NULL, 1, '2026-05-23 03:14:01', '2026-05-23 03:14:01'),
('281191ae-1654-4bc0-99a8-8823881ac9f7', 'fee5a0aa-73ca-4947-ab88-4d15f80f62bb', 'fcca06b4-4841-4891-ae01-a75f662b6968', 'e5eda2e6-be39-4d86-abb0-eb5723d6af40', 59000.00, NULL, 50000.00, 1, '2026-05-23 03:14:02', '2026-05-23 03:14:02'),
('293d372d-9b4b-4f3d-aae3-9cafb4caafdf', 'fee5a0aa-73ca-4947-ab88-4d15f80f62bb', 'ece8261c-292f-4650-8e52-eada4ab9f5cb', '8c8265f8-8c1c-4921-942f-b20ce24be7b0', 6500.00, NULL, NULL, 1, '2026-05-23 03:14:01', '2026-05-23 03:14:01'),
('29503dfa-c525-484f-9747-4bc2a15438e6', 'fee5a0aa-73ca-4947-ab88-4d15f80f62bb', '143bfdf7-2d8a-44e6-adaa-b0c18d85c4ee', 'e5eda2e6-be39-4d86-abb0-eb5723d6af40', 46000.00, 42000.00, NULL, 1, '2026-05-23 03:14:01', '2026-05-23 03:14:01'),
('2b4eb15f-2b9e-4d56-8ddb-e6b81cd73061', 'fee5a0aa-73ca-4947-ab88-4d15f80f62bb', '25648899-ccc3-4a45-8fbf-e10cc4a87d66', '8c8265f8-8c1c-4921-942f-b20ce24be7b0', 220000.00, 200000.00, NULL, 1, '2026-05-23 03:14:01', '2026-05-23 03:14:01'),
('2c5de4cc-b1bf-4cdb-8a86-d6ee5827beaf', 'fee5a0aa-73ca-4947-ab88-4d15f80f62bb', '08e03421-4a39-40f3-b759-65017a25a9cd', '8c8265f8-8c1c-4921-942f-b20ce24be7b0', 35000.00, 32000.00, NULL, 1, '2026-05-23 03:14:01', '2026-05-23 03:14:01'),
('2d2d31d6-a62f-4bb8-bbda-eff1df25b00d', 'fee5a0aa-73ca-4947-ab88-4d15f80f62bb', 'fa762fd6-3198-4212-951a-fc113214b5b3', 'e5eda2e6-be39-4d86-abb0-eb5723d6af40', 12000.00, NULL, 9000.00, 1, '2026-05-23 03:14:02', '2026-05-23 03:14:02'),
('308a20de-4f2f-4c84-8d45-e28de7b8d3dc', 'fee5a0aa-73ca-4947-ab88-4d15f80f62bb', 'c8313166-6f5f-4402-bc57-6aeaded7eb49', 'e5eda2e6-be39-4d86-abb0-eb5723d6af40', 300.00, 300.00, NULL, 1, '2026-05-23 03:14:02', '2026-05-23 03:14:02'),
('30d9f13e-107a-493a-8412-27b379ccdc2c', 'fee5a0aa-73ca-4947-ab88-4d15f80f62bb', 'a8ce6ead-ceb8-4836-926c-59e06d8da4df', 'e5eda2e6-be39-4d86-abb0-eb5723d6af40', 63000.00, 57000.00, NULL, 1, '2026-05-23 03:14:02', '2026-05-23 03:14:02'),
('3229feb1-81b2-47ce-970d-eb60d8a8d453', 'fee5a0aa-73ca-4947-ab88-4d15f80f62bb', '12dea6c2-f310-446c-8ed4-e370186e0f80', '8c8265f8-8c1c-4921-942f-b20ce24be7b0', 42000.00, NULL, NULL, 1, '2026-05-23 03:14:01', '2026-05-23 03:14:01'),
('3296416a-ff18-4437-b751-9593a5500ea5', 'fee5a0aa-73ca-4947-ab88-4d15f80f62bb', '0c3ddb0b-e4ce-41bc-9778-5d4c00ba2e1c', 'e5eda2e6-be39-4d86-abb0-eb5723d6af40', 38000.00, 35000.00, NULL, 1, '2026-05-23 03:14:01', '2026-05-23 03:14:01'),
('3437e47e-9189-43aa-8ff8-e4b98a21d11b', 'fee5a0aa-73ca-4947-ab88-4d15f80f62bb', '25648899-ccc3-4a45-8fbf-e10cc4a87d66', 'e5eda2e6-be39-4d86-abb0-eb5723d6af40', 220000.00, NULL, NULL, 1, '2026-05-23 03:14:01', '2026-05-23 03:14:01'),
('36f6c4d9-7794-4275-8735-4666463bc1ee', 'fee5a0aa-73ca-4947-ab88-4d15f80f62bb', '1aa2b2f2-6035-4a61-932c-6a3c9742bad9', 'e5eda2e6-be39-4d86-abb0-eb5723d6af40', 285000.00, NULL, NULL, 1, '2026-05-23 03:14:01', '2026-05-23 03:14:01'),
('396670e7-fb67-40fc-bb9f-a4d986f24da7', 'fee5a0aa-73ca-4947-ab88-4d15f80f62bb', '1aa2b2f2-6035-4a61-932c-6a3c9742bad9', '8c8265f8-8c1c-4921-942f-b20ce24be7b0', 285000.00, NULL, NULL, 1, '2026-05-23 03:14:01', '2026-05-23 03:14:01'),
('3ade2e5c-519c-448a-9294-a44262ee2358', 'fee5a0aa-73ca-4947-ab88-4d15f80f62bb', '59ac9a43-7c4b-4a74-9358-b321df8e7d08', 'e5eda2e6-be39-4d86-abb0-eb5723d6af40', 120000.00, NULL, NULL, 1, '2026-05-23 03:14:02', '2026-05-23 03:14:02'),
('3c7a1af6-cd60-4e64-a1f3-eda8be07b0a4', 'fee5a0aa-73ca-4947-ab88-4d15f80f62bb', '7485d9ed-db53-42bc-a32d-62d50b99a65b', 'e5eda2e6-be39-4d86-abb0-eb5723d6af40', 18000.00, 17000.00, 14000.00, 1, '2026-05-23 03:14:02', '2026-05-23 03:14:02'),
('3f6cf9ce-921f-4778-ba71-2cbe81b5c5b3', 'fee5a0aa-73ca-4947-ab88-4d15f80f62bb', '8cff6361-9336-43c4-be72-6110621e07e2', 'e5eda2e6-be39-4d86-abb0-eb5723d6af40', 360000.00, 325000.00, 135000.00, 1, '2026-05-23 03:14:02', '2026-05-23 03:14:02'),
('417bd6df-a310-4fde-bbe9-debff584bf31', 'fee5a0aa-73ca-4947-ab88-4d15f80f62bb', 'ec5437de-944a-44e9-9ba1-47d0aa2075e7', '8c8265f8-8c1c-4921-942f-b20ce24be7b0', 160000.00, NULL, 135000.00, 1, '2026-05-23 03:14:01', '2026-05-23 03:14:01'),
('4338a8fa-1d40-47c8-b928-8faeebb8bf63', 'fee5a0aa-73ca-4947-ab88-4d15f80f62bb', 'e8031ea4-90a3-4137-b63b-96c68fb775d2', '8c8265f8-8c1c-4921-942f-b20ce24be7b0', 35000.00, 32000.00, NULL, 1, '2026-05-23 03:14:01', '2026-05-23 03:14:01'),
('43e958d8-791f-45dc-a097-31da1c1d3c47', 'fee5a0aa-73ca-4947-ab88-4d15f80f62bb', '6e16121e-48cf-49cd-b009-81d7a8f18c5b', 'e5eda2e6-be39-4d86-abb0-eb5723d6af40', 185000.00, 170000.00, NULL, 1, '2026-05-23 03:14:02', '2026-05-23 03:14:02'),
('44845dc3-92f0-431e-a07d-dd772419ecf7', 'fee5a0aa-73ca-4947-ab88-4d15f80f62bb', '3869962f-fdd4-4407-9f42-d6ead593a087', 'e5eda2e6-be39-4d86-abb0-eb5723d6af40', 140000.00, NULL, NULL, 1, '2026-05-23 03:14:01', '2026-05-23 03:14:01'),
('45af7022-f942-4f5f-a586-980ac5c9f976', 'fee5a0aa-73ca-4947-ab88-4d15f80f62bb', '08b1289b-80fb-43ad-ad09-7297baf82931', '8c8265f8-8c1c-4921-942f-b20ce24be7b0', 160000.00, NULL, 135000.00, 1, '2026-05-23 03:14:01', '2026-05-23 03:14:01'),
('479dae6f-3db2-4ccd-ab50-22caa7a77aee', 'fee5a0aa-73ca-4947-ab88-4d15f80f62bb', 'c187bd9b-554f-4614-b810-6416d9c155e5', '8c8265f8-8c1c-4921-942f-b20ce24be7b0', 68000.00, NULL, NULL, 1, '2026-05-23 03:14:01', '2026-05-23 03:14:01'),
('47c8084e-0370-4f6b-8092-d7ac90aa7452', 'fee5a0aa-73ca-4947-ab88-4d15f80f62bb', 'fc4ddb91-4934-4d69-9014-3fc95821a5c7', '8c8265f8-8c1c-4921-942f-b20ce24be7b0', 18000.00, 17000.00, NULL, 1, '2026-05-23 03:14:01', '2026-05-23 03:14:01'),
('47d228ad-f1a4-4568-902d-614ff6dc49fe', 'fee5a0aa-73ca-4947-ab88-4d15f80f62bb', 'bbbf69aa-e712-4aa8-bc95-2edc3226376f', '8c8265f8-8c1c-4921-942f-b20ce24be7b0', 68000.00, NULL, 50000.00, 1, '2026-05-23 03:14:01', '2026-05-23 03:14:01'),
('4ae415d4-11c1-4d08-83ee-2ba22e868ebe', 'fee5a0aa-73ca-4947-ab88-4d15f80f62bb', '8cff6361-9336-43c4-be72-6110621e07e2', '8c8265f8-8c1c-4921-942f-b20ce24be7b0', 360000.00, NULL, NULL, 1, '2026-05-23 03:14:01', '2026-05-23 03:14:01'),
('4b3cac05-0624-4a9f-bcb0-613ab08ddbb6', 'fee5a0aa-73ca-4947-ab88-4d15f80f62bb', '196dab25-6699-49e8-aff8-853d49ca3dc5', 'e5eda2e6-be39-4d86-abb0-eb5723d6af40', 21000.00, 19000.00, 18000.00, 1, '2026-05-23 03:14:01', '2026-05-23 03:14:01'),
('4b648897-5cd6-4ec0-8335-2656da2075ce', 'fee5a0aa-73ca-4947-ab88-4d15f80f62bb', 'a30be0c2-6536-449c-8f42-49b9a706cf4d', 'e5eda2e6-be39-4d86-abb0-eb5723d6af40', 16000.00, 15000.00, 14000.00, 1, '2026-05-23 03:14:02', '2026-05-23 03:14:02'),
('4ce2d1c7-a742-4c40-a442-1d8781b2ada7', 'fee5a0aa-73ca-4947-ab88-4d15f80f62bb', '6e16121e-48cf-49cd-b009-81d7a8f18c5b', '8c8265f8-8c1c-4921-942f-b20ce24be7b0', 185000.00, NULL, NULL, 1, '2026-05-23 03:14:01', '2026-05-23 03:14:01'),
('4d6c2789-a361-46e6-8c1d-cd9b55d7f55d', 'fee5a0aa-73ca-4947-ab88-4d15f80f62bb', '35f510f1-7150-42bf-87b1-85a66624f5ea', '8c8265f8-8c1c-4921-942f-b20ce24be7b0', 420000.00, 380000.00, 245000.00, 1, '2026-05-23 03:14:01', '2026-05-23 03:14:01'),
('4d935eb9-d124-4804-abac-b3334b98d210', 'fee5a0aa-73ca-4947-ab88-4d15f80f62bb', 'f7e69a23-b5e3-4054-b039-5502c76313fc', 'e5eda2e6-be39-4d86-abb0-eb5723d6af40', 195000.00, 180000.00, NULL, 1, '2026-05-23 03:14:02', '2026-05-23 03:14:02'),
('4ec51063-c462-467b-85a3-e7e9c7e20dd7', 'fee5a0aa-73ca-4947-ab88-4d15f80f62bb', 'eb332c72-7f29-4e61-bd07-6dd299ee7a90', '8c8265f8-8c1c-4921-942f-b20ce24be7b0', 77000.00, NULL, 61000.00, 1, '2026-05-23 03:14:01', '2026-05-23 03:14:01'),
('4ef8366f-d183-4eec-93ca-b95ecc08b016', 'fee5a0aa-73ca-4947-ab88-4d15f80f62bb', 'fab316b9-5bb9-4701-bf42-2664a6195dae', '8c8265f8-8c1c-4921-942f-b20ce24be7b0', 59000.00, 54000.00, NULL, 1, '2026-05-23 03:14:01', '2026-05-23 03:14:01'),
('513af269-b9a6-495c-8fba-c74e2b242370', 'fee5a0aa-73ca-4947-ab88-4d15f80f62bb', 'fe611b7c-26fb-4dd5-98d0-c071277d3603', '8c8265f8-8c1c-4921-942f-b20ce24be7b0', 400000.00, 360000.00, NULL, 1, '2026-05-23 03:14:01', '2026-05-23 03:14:01'),
('51dba641-e130-4813-b4ce-1a490f437927', 'fee5a0aa-73ca-4947-ab88-4d15f80f62bb', '8dbe9773-a8a0-45b4-a108-a5cb4f10b0ce', 'e5eda2e6-be39-4d86-abb0-eb5723d6af40', 49000.00, NULL, NULL, 1, '2026-05-23 03:14:02', '2026-05-23 03:14:02'),
('51ec35db-1242-4097-951f-6823959896f8', 'fee5a0aa-73ca-4947-ab88-4d15f80f62bb', '4499d420-8ffc-4ee0-a55b-8ce5e7211729', 'e5eda2e6-be39-4d86-abb0-eb5723d6af40', 20000.00, 18000.00, 17000.00, 1, '2026-05-23 03:14:02', '2026-05-23 03:14:02'),
('523619e2-eff4-44cc-9407-464f509bb6d8', 'fee5a0aa-73ca-4947-ab88-4d15f80f62bb', '4faa2fd8-d144-4cbd-87a0-89e62f6cf254', 'e5eda2e6-be39-4d86-abb0-eb5723d6af40', 23000.00, NULL, 17000.00, 1, '2026-05-23 03:14:02', '2026-05-23 03:14:02'),
('52bada7d-e9c7-469e-882f-cf5470d4040a', 'fee5a0aa-73ca-4947-ab88-4d15f80f62bb', '562a2b01-9d6f-4c2b-94ec-b8a7ea19bc74', '8c8265f8-8c1c-4921-942f-b20ce24be7b0', 63000.00, 57000.00, 50000.00, 1, '2026-05-23 03:14:01', '2026-05-23 03:14:01'),
('550aac0f-0ca9-4f3b-9648-711cac84db1e', 'fee5a0aa-73ca-4947-ab88-4d15f80f62bb', 'b542502f-e31e-4ec1-a723-fb245315fa11', '8c8265f8-8c1c-4921-942f-b20ce24be7b0', 38000.00, 35000.00, 28000.00, 1, '2026-05-23 03:14:01', '2026-05-23 03:14:01'),
('55c3a960-71a4-4962-945e-e539f4f5604d', 'fee5a0aa-73ca-4947-ab88-4d15f80f62bb', 'd3bc63c7-348f-4d4e-bbfb-86454b9cbe4c', '8c8265f8-8c1c-4921-942f-b20ce24be7b0', 300.00, NULL, NULL, 1, '2026-05-23 03:14:01', '2026-05-23 03:14:01'),
('55dc1bfe-3e45-47cc-8d65-7ad9a8687ca2', 'fee5a0aa-73ca-4947-ab88-4d15f80f62bb', '6fb1a2d9-0342-4939-9d76-46b69ac202e6', 'e5eda2e6-be39-4d86-abb0-eb5723d6af40', 26000.00, 24000.00, 20000.00, 1, '2026-05-23 03:14:02', '2026-05-23 03:14:02'),
('56965ba2-5f8b-4ef4-8aa0-8c9792a87b71', 'fee5a0aa-73ca-4947-ab88-4d15f80f62bb', '5ee772ed-780d-44c7-80a3-22040ba3251c', '8c8265f8-8c1c-4921-942f-b20ce24be7b0', 38000.00, NULL, NULL, 1, '2026-05-23 03:14:01', '2026-05-23 03:14:01'),
('56e09ee9-4249-43ea-a09d-03bac60de4ff', 'fee5a0aa-73ca-4947-ab88-4d15f80f62bb', '12bdf623-63d8-4c24-977c-f8ddf76bdc6c', 'e5eda2e6-be39-4d86-abb0-eb5723d6af40', 200.00, 200.00, NULL, 1, '2026-05-23 03:14:01', '2026-05-23 03:14:01'),
('588cd09f-aa99-451a-aaa3-622534136f5f', 'fee5a0aa-73ca-4947-ab88-4d15f80f62bb', '4a75e970-f153-4186-b969-d09c1c94820d', '8c8265f8-8c1c-4921-942f-b20ce24be7b0', 82000.00, NULL, NULL, 1, '2026-05-23 03:14:01', '2026-05-23 03:14:01'),
('58d058ff-1920-4ac6-9e2a-65835ba7a412', 'fee5a0aa-73ca-4947-ab88-4d15f80f62bb', '1462554a-d08d-4da6-99d7-3b8434aeda4d', 'e5eda2e6-be39-4d86-abb0-eb5723d6af40', 28000.00, 26000.00, NULL, 1, '2026-05-23 03:14:01', '2026-05-23 03:14:01'),
('5ac3d178-eb3e-45e4-8e50-5c02dcbdc78c', 'fee5a0aa-73ca-4947-ab88-4d15f80f62bb', 'a8ce6ead-ceb8-4836-926c-59e06d8da4df', '8c8265f8-8c1c-4921-942f-b20ce24be7b0', 63000.00, 57000.00, NULL, 1, '2026-05-23 03:14:01', '2026-05-23 03:14:01'),
('5ac6dd13-c4a6-444d-ab16-40354874e10d', 'fee5a0aa-73ca-4947-ab88-4d15f80f62bb', '5269dc61-0e4d-4a32-82b3-3c662f9c4026', 'e5eda2e6-be39-4d86-abb0-eb5723d6af40', 33000.00, NULL, NULL, 1, '2026-05-23 03:14:02', '2026-05-23 03:14:02'),
('5b9a6bc5-fa5d-43be-bc12-3c865bc2ae51', 'fee5a0aa-73ca-4947-ab88-4d15f80f62bb', '1a52da1f-0d52-4fcb-8a6b-39407115b8d8', '8c8265f8-8c1c-4921-942f-b20ce24be7b0', 270000.00, 245000.00, NULL, 1, '2026-05-23 03:14:01', '2026-05-23 03:14:01'),
('5d602609-44e5-4f71-861b-bf40a2448e92', 'fee5a0aa-73ca-4947-ab88-4d15f80f62bb', '965cd683-8317-4768-ac8c-f4977dbe93a2', 'e5eda2e6-be39-4d86-abb0-eb5723d6af40', 23000.00, NULL, 17000.00, 1, '2026-05-23 03:14:02', '2026-05-23 03:14:02'),
('5ea1165c-8bc8-4eee-b1f9-d6d96ea2c6f9', 'fee5a0aa-73ca-4947-ab88-4d15f80f62bb', '4b4ff6ba-9a6f-43c0-b09a-612e98e913d8', '8c8265f8-8c1c-4921-942f-b20ce24be7b0', 14000.00, 13000.00, NULL, 1, '2026-05-23 03:14:01', '2026-05-23 03:14:01'),
('60538b37-ae3f-4311-acbc-a8e104263be5', 'fee5a0aa-73ca-4947-ab88-4d15f80f62bb', '780055a4-ccdb-467a-afb7-a08339509140', 'e5eda2e6-be39-4d86-abb0-eb5723d6af40', 98000.00, 89000.00, 72000.00, 1, '2026-05-23 03:14:02', '2026-05-23 03:14:02'),
('60f7786e-824f-4de5-87ad-ff0b180ab3d4', 'fee5a0aa-73ca-4947-ab88-4d15f80f62bb', '4faa2fd8-d144-4cbd-87a0-89e62f6cf254', '8c8265f8-8c1c-4921-942f-b20ce24be7b0', 23000.00, 21000.00, NULL, 1, '2026-05-23 03:14:01', '2026-05-23 03:14:01'),
('653472c7-2162-4fa4-a5bd-f78042f07c03', 'fee5a0aa-73ca-4947-ab88-4d15f80f62bb', 'd7809427-bec1-4202-9f42-30981ab692d4', '8c8265f8-8c1c-4921-942f-b20ce24be7b0', 525000.00, 475000.00, NULL, 1, '2026-05-23 03:14:01', '2026-05-23 03:14:01'),
('67802755-a12d-4ce0-8764-385a851637b9', 'fee5a0aa-73ca-4947-ab88-4d15f80f62bb', 'c0e26b88-77b5-4a58-ac52-ddbf02482c62', '8c8265f8-8c1c-4921-942f-b20ce24be7b0', 27000.00, NULL, NULL, 1, '2026-05-23 03:14:01', '2026-05-23 03:14:01'),
('682a438f-596d-47f1-af8a-934acda31c07', 'fee5a0aa-73ca-4947-ab88-4d15f80f62bb', '58217759-5292-40c1-abae-bd5a2dd71152', 'e5eda2e6-be39-4d86-abb0-eb5723d6af40', 24000.00, 22000.00, 20000.00, 1, '2026-05-23 03:14:02', '2026-05-23 03:14:02'),
('69fd8ce9-073f-4441-8000-5a5d62be634c', 'fee5a0aa-73ca-4947-ab88-4d15f80f62bb', 'd4adb886-780a-4007-a7d9-d29fd0e9dec9', 'e5eda2e6-be39-4d86-abb0-eb5723d6af40', 145000.00, 135000.00, NULL, 1, '2026-05-23 03:14:02', '2026-05-23 03:14:02'),
('6a5fc544-809d-4485-93de-2cf8c6d386b7', 'fee5a0aa-73ca-4947-ab88-4d15f80f62bb', 'ecd6c8c0-eb6d-4842-bc89-2d49e2f4564d', 'e5eda2e6-be39-4d86-abb0-eb5723d6af40', 53000.00, NULL, NULL, 1, '2026-05-23 03:14:02', '2026-05-23 03:14:02'),
('6c8c1f6e-5ddb-488d-92cc-ba2eb15e8810', 'fee5a0aa-73ca-4947-ab88-4d15f80f62bb', '3869962f-fdd4-4407-9f42-d6ead593a087', '8c8265f8-8c1c-4921-942f-b20ce24be7b0', 140000.00, 130000.00, NULL, 1, '2026-05-23 03:14:01', '2026-05-23 03:14:01'),
('6d80c4c5-338b-4c6c-9b07-877c2a82dc55', 'fee5a0aa-73ca-4947-ab88-4d15f80f62bb', '81d3c1eb-efa5-4e1f-bc7d-0b1fd8bb86cc', '8c8265f8-8c1c-4921-942f-b20ce24be7b0', 130000.00, NULL, NULL, 1, '2026-05-23 03:14:01', '2026-05-23 03:14:01'),
('6f366646-cdd4-4d9b-9b66-168096a4bc62', 'fee5a0aa-73ca-4947-ab88-4d15f80f62bb', '75bae00c-97d1-4abc-a8bf-a3550a003e63', 'e5eda2e6-be39-4d86-abb0-eb5723d6af40', 1500.00, NULL, NULL, 1, '2026-05-23 03:14:02', '2026-05-23 03:14:02'),
('6f8a111c-157d-42cd-bf97-3bbdd5d0242e', 'fee5a0aa-73ca-4947-ab88-4d15f80f62bb', '59ac9a43-7c4b-4a74-9358-b321df8e7d08', '8c8265f8-8c1c-4921-942f-b20ce24be7b0', 120000.00, NULL, NULL, 1, '2026-05-23 03:14:01', '2026-05-23 03:14:01'),
('6ff4ec6d-a348-49aa-b7e4-c44c9a101613', 'fee5a0aa-73ca-4947-ab88-4d15f80f62bb', 'c94a654a-f572-4326-8a1d-edaf43ba7a6c', 'e5eda2e6-be39-4d86-abb0-eb5723d6af40', 5000.00, 4500.00, NULL, 1, '2026-05-23 03:14:02', '2026-05-23 03:14:02'),
('70919748-2ab6-4add-b6cd-08d11dc35e9b', 'fee5a0aa-73ca-4947-ab88-4d15f80f62bb', 'c8313166-6f5f-4402-bc57-6aeaded7eb49', '8c8265f8-8c1c-4921-942f-b20ce24be7b0', 300.00, 300.00, NULL, 1, '2026-05-23 03:14:01', '2026-05-23 03:14:01'),
('710dfacc-38f2-422a-80f4-7fa7a1f0eda3', 'fee5a0aa-73ca-4947-ab88-4d15f80f62bb', '3b5d64fc-719c-46b8-a0b0-6508caa31388', 'e5eda2e6-be39-4d86-abb0-eb5723d6af40', 175000.00, 160000.00, NULL, 1, '2026-05-23 03:14:02', '2026-05-23 03:14:02'),
('71da4766-e1f1-48e6-99c3-cdd552ea8cf3', 'fee5a0aa-73ca-4947-ab88-4d15f80f62bb', '02f6bf02-c90b-4c40-a141-2cb51fa475a3', 'e5eda2e6-be39-4d86-abb0-eb5723d6af40', 98000.00, 89000.00, 72000.00, 1, '2026-05-23 03:14:01', '2026-05-23 03:14:01'),
('7268bfc1-6a4c-4256-9a44-74f37aac725a', 'fee5a0aa-73ca-4947-ab88-4d15f80f62bb', '08b1289b-80fb-43ad-ad09-7297baf82931', 'e5eda2e6-be39-4d86-abb0-eb5723d6af40', 160000.00, NULL, NULL, 1, '2026-05-23 03:14:01', '2026-05-23 03:14:01'),
('72a829dd-e79d-43a5-9ad5-1017c25b398c', 'fee5a0aa-73ca-4947-ab88-4d15f80f62bb', '95c4ee0c-09e0-4e4e-8f7b-36bf5a570eef', 'e5eda2e6-be39-4d86-abb0-eb5723d6af40', 145000.00, 135000.00, 105000.00, 1, '2026-05-23 03:14:02', '2026-05-23 03:14:02'),
('73431089-e2e2-4bb1-9d7c-9b008c59aac1', 'fee5a0aa-73ca-4947-ab88-4d15f80f62bb', '26bdfd12-88f6-46b9-a28f-dbfe696a04e4', '8c8265f8-8c1c-4921-942f-b20ce24be7b0', 42000.00, 38000.00, NULL, 1, '2026-05-23 03:14:01', '2026-05-23 03:14:01'),
('75256da9-a7c2-4a6f-b510-d54151ffc0bf', 'fee5a0aa-73ca-4947-ab88-4d15f80f62bb', 'ae74846a-31fc-41f4-901a-74729ff714b1', 'e5eda2e6-be39-4d86-abb0-eb5723d6af40', 56000.00, 51000.00, NULL, 1, '2026-05-23 03:14:02', '2026-05-23 03:14:02'),
('78663985-21ce-4e51-942a-20c3f066f7a9', 'fee5a0aa-73ca-4947-ab88-4d15f80f62bb', 'fc4ddb91-4934-4d69-9014-3fc95821a5c7', 'e5eda2e6-be39-4d86-abb0-eb5723d6af40', 18000.00, 17000.00, 14000.00, 1, '2026-05-23 03:14:02', '2026-05-23 03:14:02'),
('78b6b0bf-95fc-4fd6-ad0c-f7edc0ce2e3d', 'fee5a0aa-73ca-4947-ab88-4d15f80f62bb', '3a4df2b2-32b5-469d-8d23-7c037463aed3', 'e5eda2e6-be39-4d86-abb0-eb5723d6af40', 65000.00, 59000.00, NULL, 1, '2026-05-23 03:14:01', '2026-05-23 03:14:01'),
('79054b1d-c835-43d2-8fa1-6f357f4d6997', 'fee5a0aa-73ca-4947-ab88-4d15f80f62bb', 'ae08af5c-3d51-4931-a5c0-72814e2172f5', '8c8265f8-8c1c-4921-942f-b20ce24be7b0', 325000.00, 295000.00, NULL, 1, '2026-05-23 03:14:01', '2026-05-23 03:14:01'),
('7acc2f7e-c344-4d74-9dee-ace6e4cc891b', 'fee5a0aa-73ca-4947-ab88-4d15f80f62bb', '60c0d6d0-df03-4f4f-8a8f-b5475524329c', 'e5eda2e6-be39-4d86-abb0-eb5723d6af40', 165000.00, 150000.00, 94000.00, 1, '2026-05-23 03:14:02', '2026-05-23 03:14:02'),
('7b70d1ee-7e46-407c-8e39-6d6a91096d92', 'fee5a0aa-73ca-4947-ab88-4d15f80f62bb', 'e8de376f-0808-4be3-ba0f-7792c4fbf5ea', '8c8265f8-8c1c-4921-942f-b20ce24be7b0', 33000.00, 30000.00, NULL, 1, '2026-05-23 03:14:01', '2026-05-23 03:14:01'),
('7c9031b4-a2e6-4301-ba3f-d6899f9eca3e', 'fee5a0aa-73ca-4947-ab88-4d15f80f62bb', 'd7acf05f-2978-4d96-bf38-dae8cdef4f6a', 'e5eda2e6-be39-4d86-abb0-eb5723d6af40', 130000.00, NULL, NULL, 1, '2026-05-23 03:14:02', '2026-05-23 03:14:02'),
('7d2fdf58-7029-4190-b387-80c6057dbb82', 'fee5a0aa-73ca-4947-ab88-4d15f80f62bb', '8260fc52-f5fb-4154-9851-736cdbf8a257', '8c8265f8-8c1c-4921-942f-b20ce24be7b0', 300.00, 300.00, 300.00, 1, '2026-05-23 03:14:01', '2026-05-23 03:14:01'),
('7e1d5b17-3c77-4e26-8a67-6eb4400ba0a4', 'fee5a0aa-73ca-4947-ab88-4d15f80f62bb', 'ece8261c-292f-4650-8e52-eada4ab9f5cb', 'e5eda2e6-be39-4d86-abb0-eb5723d6af40', 6500.00, 6000.00, NULL, 1, '2026-05-23 03:14:02', '2026-05-23 03:14:02'),
('827b8112-9273-48cb-b004-243fff1fa8f6', 'fee5a0aa-73ca-4947-ab88-4d15f80f62bb', '7ec16d41-807e-43fc-a92f-32a6f16d0234', 'e5eda2e6-be39-4d86-abb0-eb5723d6af40', 72000.00, 65000.00, NULL, 1, '2026-05-23 03:14:02', '2026-05-23 03:14:02'),
('83c07ab5-319a-4ad1-8c03-a42884281076', 'fee5a0aa-73ca-4947-ab88-4d15f80f62bb', 'fa1fccf7-ef0d-4865-88ec-ed5cd852aa29', '8c8265f8-8c1c-4921-942f-b20ce24be7b0', 19000.00, 18000.00, NULL, 1, '2026-05-23 03:14:01', '2026-05-23 03:14:01'),
('84c6fa9c-66a1-4e96-b7de-235eab2a7d35', 'fee5a0aa-73ca-4947-ab88-4d15f80f62bb', '8260fc52-f5fb-4154-9851-736cdbf8a257', 'e5eda2e6-be39-4d86-abb0-eb5723d6af40', 300.00, 300.00, 300.00, 1, '2026-05-23 03:14:02', '2026-05-23 03:14:02'),
('85a27ea9-6db8-4b0b-9c9e-1cecfb2d5b9d', 'fee5a0aa-73ca-4947-ab88-4d15f80f62bb', 'fd8045ed-53fc-4b7c-acc6-f9da2b95aafb', 'e5eda2e6-be39-4d86-abb0-eb5723d6af40', 270000.00, NULL, NULL, 1, '2026-05-23 03:14:02', '2026-05-23 03:14:02'),
('8a9ed2c5-4578-4b7e-868c-474e8f83f7e2', 'fee5a0aa-73ca-4947-ab88-4d15f80f62bb', '9b0f1c92-7bc6-48dd-bfd3-f5c696ed99ec', 'e5eda2e6-be39-4d86-abb0-eb5723d6af40', 5500.00, NULL, 4000.00, 1, '2026-05-23 03:14:02', '2026-05-23 03:14:02'),
('8bc17f91-6413-45e6-b3e9-30bbc7a95edb', 'fee5a0aa-73ca-4947-ab88-4d15f80f62bb', '0b679841-55cb-42f6-839b-e873e73120cf', '8c8265f8-8c1c-4921-942f-b20ce24be7b0', 200.00, NULL, NULL, 1, '2026-05-23 03:14:01', '2026-05-23 03:14:01'),
('8d0be9b2-c565-4a15-870e-384dcbf0b76c', 'fee5a0aa-73ca-4947-ab88-4d15f80f62bb', '1a52da1f-0d52-4fcb-8a6b-39407115b8d8', 'e5eda2e6-be39-4d86-abb0-eb5723d6af40', 270000.00, 245000.00, NULL, 1, '2026-05-23 03:14:01', '2026-05-23 03:14:01'),
('9157369e-45cf-43c7-b559-e1dd7e17aa34', 'fee5a0aa-73ca-4947-ab88-4d15f80f62bb', '374b03f3-91f2-4345-8806-d333e0dea68f', '8c8265f8-8c1c-4921-942f-b20ce24be7b0', 60000.00, 54000.00, NULL, 1, '2026-05-23 03:14:01', '2026-05-23 03:14:01'),
('9158eda6-455d-46cb-98b2-ec2989fa81f1', 'fee5a0aa-73ca-4947-ab88-4d15f80f62bb', 'fcac6fd2-4ef5-46c5-9abb-cfef0a5562e7', '8c8265f8-8c1c-4921-942f-b20ce24be7b0', 2500.00, 2500.00, 2000.00, 1, '2026-05-23 03:14:01', '2026-05-23 03:14:01'),
('920799c2-aa12-48f1-8cb7-cab1d7e557a7', 'fee5a0aa-73ca-4947-ab88-4d15f80f62bb', 'd772b9f5-c0a7-42d9-bbf4-146aff9cd079', '8c8265f8-8c1c-4921-942f-b20ce24be7b0', 27000.00, NULL, NULL, 1, '2026-05-23 03:14:01', '2026-05-23 03:14:01'),
('92330dad-f4bd-403c-a524-31b86eea2cca', 'fee5a0aa-73ca-4947-ab88-4d15f80f62bb', '60c0d6d0-df03-4f4f-8a8f-b5475524329c', '8c8265f8-8c1c-4921-942f-b20ce24be7b0', 165000.00, 150000.00, 94000.00, 1, '2026-05-23 03:14:01', '2026-05-23 03:14:01'),
('949a033f-24f3-43c0-ad42-f1fd19315e57', 'fee5a0aa-73ca-4947-ab88-4d15f80f62bb', '8f345d03-bb0d-4c61-b342-4a6ccc1235c4', 'e5eda2e6-be39-4d86-abb0-eb5723d6af40', 135000.00, 125000.00, 100000.00, 1, '2026-05-23 03:14:02', '2026-05-23 03:14:02'),
('94f4bf79-f3dd-476c-91b3-4ce1a61ddfc6', 'fee5a0aa-73ca-4947-ab88-4d15f80f62bb', '4b4ff6ba-9a6f-43c0-b09a-612e98e913d8', 'e5eda2e6-be39-4d86-abb0-eb5723d6af40', 14000.00, 13000.00, NULL, 1, '2026-05-23 03:14:02', '2026-05-23 03:14:02'),
('979cc423-43d3-40fb-96f7-4b17cc693efe', 'fee5a0aa-73ca-4947-ab88-4d15f80f62bb', '613e8b12-e111-416b-83c6-573a105c0815', 'e5eda2e6-be39-4d86-abb0-eb5723d6af40', 26000.00, 24000.00, NULL, 1, '2026-05-23 03:14:02', '2026-05-23 03:14:02'),
('97c0e84a-d02d-4cf4-973b-320a7c0d2b01', 'fee5a0aa-73ca-4947-ab88-4d15f80f62bb', 'fd8045ed-53fc-4b7c-acc6-f9da2b95aafb', '8c8265f8-8c1c-4921-942f-b20ce24be7b0', 270000.00, NULL, NULL, 1, '2026-05-23 03:14:01', '2026-05-23 03:14:01'),
('98007ac1-ea51-4c06-b8b3-931d23b4a698', 'fee5a0aa-73ca-4947-ab88-4d15f80f62bb', 'fe611b7c-26fb-4dd5-98d0-c071277d3603', 'e5eda2e6-be39-4d86-abb0-eb5723d6af40', 400000.00, 360000.00, 275000.00, 1, '2026-05-23 03:14:02', '2026-05-23 03:14:02'),
('99443a23-0ae0-415e-928b-428c042e63d6', 'fee5a0aa-73ca-4947-ab88-4d15f80f62bb', '0c3ddb0b-e4ce-41bc-9778-5d4c00ba2e1c', '8c8265f8-8c1c-4921-942f-b20ce24be7b0', 38000.00, NULL, NULL, 1, '2026-05-23 03:14:01', '2026-05-23 03:14:01'),
('9a73ce73-038d-4f40-9bac-22fe6be37bc5', 'fee5a0aa-73ca-4947-ab88-4d15f80f62bb', '45f30c5f-52d7-45a8-86cd-fc209983b7e7', '8c8265f8-8c1c-4921-942f-b20ce24be7b0', 98000.00, 89000.00, 72000.00, 1, '2026-05-23 03:14:01', '2026-05-23 03:14:01'),
('9d5e1980-184b-4681-b2f5-441e450645a8', 'fee5a0aa-73ca-4947-ab88-4d15f80f62bb', 'ee2e1070-2bc3-4c6d-bcde-7c6be8a12ed5', 'e5eda2e6-be39-4d86-abb0-eb5723d6af40', 26000.00, 24000.00, NULL, 1, '2026-05-23 03:14:02', '2026-05-23 03:14:02'),
('9daad318-567d-4212-a18e-e2092629ea72', 'fee5a0aa-73ca-4947-ab88-4d15f80f62bb', 'e8de376f-0808-4be3-ba0f-7792c4fbf5ea', 'e5eda2e6-be39-4d86-abb0-eb5723d6af40', 33000.00, 30000.00, NULL, 1, '2026-05-23 03:14:02', '2026-05-23 03:14:02'),
('9e60b5d4-090c-47ad-836f-90535bd8481a', 'fee5a0aa-73ca-4947-ab88-4d15f80f62bb', '0fe42abe-ef9a-4c79-b26b-f72cf8f521ad', 'e5eda2e6-be39-4d86-abb0-eb5723d6af40', 10000.00, 9000.00, NULL, 1, '2026-05-23 03:14:01', '2026-05-23 03:14:01'),
('9e70960e-65b4-493e-afc8-5ac150a16711', 'fee5a0aa-73ca-4947-ab88-4d15f80f62bb', 'ffff33ea-09d2-4834-950b-b9f96e7ebdbd', '8c8265f8-8c1c-4921-942f-b20ce24be7b0', 30000.00, NULL, 22000.00, 1, '2026-05-23 03:14:01', '2026-05-23 03:14:01'),
('a07714dd-a0a0-4c9f-8a2e-8727bf69bd40', 'fee5a0aa-73ca-4947-ab88-4d15f80f62bb', '5339be37-d3ae-43f0-a586-af0a34946aa0', 'e5eda2e6-be39-4d86-abb0-eb5723d6af40', 53000.00, NULL, NULL, 1, '2026-05-23 03:14:02', '2026-05-23 03:14:02'),
('a1fe8954-417f-427e-a2c9-92a1005f2521', 'fee5a0aa-73ca-4947-ab88-4d15f80f62bb', '02f6bf02-c90b-4c40-a141-2cb51fa475a3', '8c8265f8-8c1c-4921-942f-b20ce24be7b0', 98000.00, 89000.00, 72000.00, 1, '2026-05-23 03:14:01', '2026-05-23 03:14:01'),
('a279e045-e1bf-412a-aa1e-b8d66545e166', 'fee5a0aa-73ca-4947-ab88-4d15f80f62bb', '22ad6310-d681-4cce-a353-214bb9aaf5b6', '8c8265f8-8c1c-4921-942f-b20ce24be7b0', 235000.00, 215000.00, NULL, 1, '2026-05-23 03:14:01', '2026-05-23 03:14:01'),
('a43892d5-7c39-4eb6-a4cd-5c08cb27c214', 'fee5a0aa-73ca-4947-ab88-4d15f80f62bb', 'c0e26b88-77b5-4a58-ac52-ddbf02482c62', 'e5eda2e6-be39-4d86-abb0-eb5723d6af40', 27000.00, NULL, NULL, 1, '2026-05-23 03:14:02', '2026-05-23 03:14:02'),
('a6e2107d-c526-4f59-a7b2-8623f27fc520', 'fee5a0aa-73ca-4947-ab88-4d15f80f62bb', '8757ff98-056c-41a5-8e34-b7591bbc67d8', 'e5eda2e6-be39-4d86-abb0-eb5723d6af40', 4000.00, NULL, 3000.00, 1, '2026-05-23 03:14:02', '2026-05-23 03:14:02'),
('a8288bb3-11a6-4f4f-bae7-2ad7881dcae5', 'fee5a0aa-73ca-4947-ab88-4d15f80f62bb', '94bbd6b1-8bed-411c-bc4d-557e0f50a8f1', '8c8265f8-8c1c-4921-942f-b20ce24be7b0', 86000.00, 78000.00, NULL, 1, '2026-05-23 03:14:01', '2026-05-23 03:14:01'),
('a830844c-f6a4-4e61-9b34-28f5f106443f', 'fee5a0aa-73ca-4947-ab88-4d15f80f62bb', '602b0eef-f478-4e05-83af-c7b9b1d9222e', '8c8265f8-8c1c-4921-942f-b20ce24be7b0', 49000.00, NULL, 39000.00, 1, '2026-05-23 03:14:01', '2026-05-23 03:14:01'),
('a9ca907a-5414-4739-bd26-3a0ee65fe824', 'fee5a0aa-73ca-4947-ab88-4d15f80f62bb', '562a2b01-9d6f-4c2b-94ec-b8a7ea19bc74', 'e5eda2e6-be39-4d86-abb0-eb5723d6af40', 63000.00, 57000.00, NULL, 1, '2026-05-23 03:14:02', '2026-05-23 03:14:02'),
('abd3cf34-fb3b-482f-bc2a-33f9f60d84aa', 'fee5a0aa-73ca-4947-ab88-4d15f80f62bb', '143bfdf7-2d8a-44e6-adaa-b0c18d85c4ee', '8c8265f8-8c1c-4921-942f-b20ce24be7b0', 46000.00, NULL, NULL, 1, '2026-05-23 03:14:01', '2026-05-23 03:14:01'),
('ac29ffb2-5f25-4968-9017-41ae116f2bd0', 'fee5a0aa-73ca-4947-ab88-4d15f80f62bb', 'f1a251f8-abea-4798-b680-bb094dcd53e1', '8c8265f8-8c1c-4921-942f-b20ce24be7b0', 35000.00, NULL, NULL, 1, '2026-05-23 03:14:01', '2026-05-23 03:14:01'),
('ad4d8536-5be2-4012-97c0-c5355530bf47', 'fee5a0aa-73ca-4947-ab88-4d15f80f62bb', '7b921f01-b00b-4775-9eb5-61644b91114f', '8c8265f8-8c1c-4921-942f-b20ce24be7b0', 23000.00, 21000.00, NULL, 1, '2026-05-23 03:14:01', '2026-05-23 03:14:01'),
('adfc975d-56f3-4151-a5c6-43450ff06602', 'fee5a0aa-73ca-4947-ab88-4d15f80f62bb', '58217759-5292-40c1-abae-bd5a2dd71152', '8c8265f8-8c1c-4921-942f-b20ce24be7b0', 24000.00, 22000.00, 20000.00, 1, '2026-05-23 03:14:01', '2026-05-23 03:14:01'),
('b0181c78-49fb-4174-9a98-aec1dc2c6ca4', 'fee5a0aa-73ca-4947-ab88-4d15f80f62bb', '1142502a-749f-4a0c-9a52-1ab6c098a5fd', '8c8265f8-8c1c-4921-942f-b20ce24be7b0', 42000.00, 38000.00, 31000.00, 1, '2026-05-23 03:14:01', '2026-05-23 03:14:01'),
('b0cdbd38-2c5e-4a7b-b13b-b55ea770bd45', 'fee5a0aa-73ca-4947-ab88-4d15f80f62bb', 'eb332c72-7f29-4e61-bd07-6dd299ee7a90', 'e5eda2e6-be39-4d86-abb0-eb5723d6af40', 77000.00, 70000.00, 61000.00, 1, '2026-05-23 03:14:02', '2026-05-23 03:14:02'),
('b1280cb9-83e9-4e38-8856-5fd409447610', 'fee5a0aa-73ca-4947-ab88-4d15f80f62bb', 'f419cbbd-285e-4c95-a257-5a17f35aca95', '8c8265f8-8c1c-4921-942f-b20ce24be7b0', 40000.00, 36000.00, 31000.00, 1, '2026-05-23 03:14:01', '2026-05-23 03:14:01'),
('b18dd020-0918-4c87-985d-33a1a37402d3', 'fee5a0aa-73ca-4947-ab88-4d15f80f62bb', 'a768fa94-81b8-43fd-9354-4f8c6dfe86ea', '8c8265f8-8c1c-4921-942f-b20ce24be7b0', 14000.00, 13000.00, NULL, 1, '2026-05-23 03:14:01', '2026-05-23 03:14:01'),
('b29c9d30-5dd1-4bc4-a646-6fea128494ab', 'fee5a0aa-73ca-4947-ab88-4d15f80f62bb', '3028ccd7-7afc-47d2-8c46-78749ded1a37', '8c8265f8-8c1c-4921-942f-b20ce24be7b0', 12000.00, 11000.00, 9500.00, 1, '2026-05-23 03:14:01', '2026-05-23 03:14:01'),
('b29e3d8f-2d4a-4e70-9fc7-c49556e73acd', 'fee5a0aa-73ca-4947-ab88-4d15f80f62bb', 'c187bd9b-554f-4614-b810-6416d9c155e5', 'e5eda2e6-be39-4d86-abb0-eb5723d6af40', 68000.00, 62000.00, NULL, 1, '2026-05-23 03:14:02', '2026-05-23 03:14:02'),
('b2e72b5b-3909-4ed4-863e-92525191bd20', 'fee5a0aa-73ca-4947-ab88-4d15f80f62bb', '0ae6dd9b-b245-4bb8-80a7-fcd09070fd4e', '8c8265f8-8c1c-4921-942f-b20ce24be7b0', 64000.00, NULL, 36000.00, 1, '2026-05-23 03:14:01', '2026-05-23 03:14:01'),
('b3aed795-9e48-41f9-9551-0c91cdd6da02', 'fee5a0aa-73ca-4947-ab88-4d15f80f62bb', '1142502a-749f-4a0c-9a52-1ab6c098a5fd', 'e5eda2e6-be39-4d86-abb0-eb5723d6af40', 42000.00, NULL, 31000.00, 1, '2026-05-23 03:14:01', '2026-05-23 03:14:01'),
('b5bfc559-2a21-4873-9bad-b916fc8e228e', 'fee5a0aa-73ca-4947-ab88-4d15f80f62bb', '26c30409-cd63-4ab8-ba7d-e6ef140affd7', 'e5eda2e6-be39-4d86-abb0-eb5723d6af40', 155000.00, 140000.00, NULL, 1, '2026-05-23 03:14:01', '2026-05-23 03:14:01'),
('b5d8c695-79a7-4d1a-b7e6-1e65623519b3', 'fee5a0aa-73ca-4947-ab88-4d15f80f62bb', 'ae08af5c-3d51-4931-a5c0-72814e2172f5', 'e5eda2e6-be39-4d86-abb0-eb5723d6af40', 325000.00, 295000.00, NULL, 1, '2026-05-23 03:14:02', '2026-05-23 03:14:02'),
('b766a6d8-76b8-4686-9c56-0c76f52cc427', 'fee5a0aa-73ca-4947-ab88-4d15f80f62bb', '602b0eef-f478-4e05-83af-c7b9b1d9222e', 'e5eda2e6-be39-4d86-abb0-eb5723d6af40', 49000.00, 45000.00, NULL, 1, '2026-05-23 03:14:02', '2026-05-23 03:14:02'),
('b94faa82-0b52-4cf6-92b7-804cc5037c57', 'fee5a0aa-73ca-4947-ab88-4d15f80f62bb', '28922de4-43db-4c5c-8b8a-a6fa75a9a5d8', 'e5eda2e6-be39-4d86-abb0-eb5723d6af40', 145000.00, 135000.00, 83000.00, 1, '2026-05-23 03:14:01', '2026-05-23 03:14:01'),
('b9c70689-9164-4afd-ba4c-4cb153cdaf63', 'fee5a0aa-73ca-4947-ab88-4d15f80f62bb', '681a4ae6-cc8b-40af-b2f8-11530be29b9f', 'e5eda2e6-be39-4d86-abb0-eb5723d6af40', 46000.00, 42000.00, 39000.00, 1, '2026-05-23 03:14:02', '2026-05-23 03:14:02'),
('baefd85a-5ec7-43ef-8656-f85c9ac6dab3', 'fee5a0aa-73ca-4947-ab88-4d15f80f62bb', 'd3bc63c7-348f-4d4e-bbfb-86454b9cbe4c', 'e5eda2e6-be39-4d86-abb0-eb5723d6af40', 300.00, 300.00, NULL, 1, '2026-05-23 03:14:02', '2026-05-23 03:14:02'),
('bb520dbd-1c0d-455e-a25c-e0155c79c54c', 'fee5a0aa-73ca-4947-ab88-4d15f80f62bb', 'bbbf69aa-e712-4aa8-bc95-2edc3226376f', 'e5eda2e6-be39-4d86-abb0-eb5723d6af40', 68000.00, NULL, 50000.00, 1, '2026-05-23 03:14:02', '2026-05-23 03:14:02'),
('be735cbf-ef95-4094-81a8-1635f2689ed2', 'fee5a0aa-73ca-4947-ab88-4d15f80f62bb', 'd7acf05f-2978-4d96-bf38-dae8cdef4f6a', '8c8265f8-8c1c-4921-942f-b20ce24be7b0', 130000.00, NULL, NULL, 1, '2026-05-23 03:14:01', '2026-05-23 03:14:01'),
('bf61d10d-223f-4fc9-bd83-4f46ec3c1a61', 'fee5a0aa-73ca-4947-ab88-4d15f80f62bb', '0ae6dd9b-b245-4bb8-80a7-fcd09070fd4e', 'e5eda2e6-be39-4d86-abb0-eb5723d6af40', 64000.00, NULL, 36000.00, 1, '2026-05-23 03:14:01', '2026-05-23 03:14:01'),
('bf987ce3-0d21-4da7-b90a-11b13627aeb5', 'fee5a0aa-73ca-4947-ab88-4d15f80f62bb', 'd772b9f5-c0a7-42d9-bbf4-146aff9cd079', 'e5eda2e6-be39-4d86-abb0-eb5723d6af40', 27000.00, NULL, NULL, 1, '2026-05-23 03:14:02', '2026-05-23 03:14:02'),
('c0226c08-0a02-497d-bc1f-a426078d5d03', 'fee5a0aa-73ca-4947-ab88-4d15f80f62bb', '965cd683-8317-4768-ac8c-f4977dbe93a2', '8c8265f8-8c1c-4921-942f-b20ce24be7b0', 23000.00, NULL, NULL, 1, '2026-05-23 03:14:01', '2026-05-23 03:14:01'),
('c19f5a89-8d6a-4bbd-b74e-232dd7f054d7', 'fee5a0aa-73ca-4947-ab88-4d15f80f62bb', 'c55f2090-7bdf-4789-a9ef-eb3aa6f6a0ae', '8c8265f8-8c1c-4921-942f-b20ce24be7b0', 17000.00, NULL, NULL, 1, '2026-05-23 03:14:01', '2026-05-23 03:14:01'),
('c1eea7fa-930c-4897-9aea-0e6d4f98d863', 'fee5a0aa-73ca-4947-ab88-4d15f80f62bb', '12dea6c2-f310-446c-8ed4-e370186e0f80', 'e5eda2e6-be39-4d86-abb0-eb5723d6af40', 42000.00, NULL, NULL, 1, '2026-05-23 03:14:01', '2026-05-23 03:14:01'),
('c1ef6154-20e9-4fb9-b9d3-a250d0a84144', 'fee5a0aa-73ca-4947-ab88-4d15f80f62bb', '6c31aa1f-53e9-4bdb-8b17-c0bfa31eb681', '8c8265f8-8c1c-4921-942f-b20ce24be7b0', 225000.00, 205000.00, 165000.00, 1, '2026-05-23 03:14:01', '2026-05-23 03:14:01'),
('c2e176cc-4690-4b59-8538-e3df5e12c98f', 'fee5a0aa-73ca-4947-ab88-4d15f80f62bb', '0b679841-55cb-42f6-839b-e873e73120cf', 'e5eda2e6-be39-4d86-abb0-eb5723d6af40', 200.00, 200.00, NULL, 1, '2026-05-23 03:14:01', '2026-05-23 03:14:01'),
('c42f3553-ddc5-4c7b-b319-82fe3cebd73b', 'fee5a0aa-73ca-4947-ab88-4d15f80f62bb', 'd7809427-bec1-4202-9f42-30981ab692d4', 'e5eda2e6-be39-4d86-abb0-eb5723d6af40', 525000.00, 475000.00, 390000.00, 1, '2026-05-23 03:14:02', '2026-05-23 03:14:02'),
('c48c52c7-5379-4069-bea6-1f59c571d0be', 'fee5a0aa-73ca-4947-ab88-4d15f80f62bb', 'd4412092-df4e-455e-9188-fd11c6dffcd5', '8c8265f8-8c1c-4921-942f-b20ce24be7b0', 540000.00, 490000.00, 200000.00, 1, '2026-05-23 03:14:01', '2026-05-23 03:14:01'),
('c548f0ef-d411-4b4e-9a60-067d1e217781', 'fee5a0aa-73ca-4947-ab88-4d15f80f62bb', '94bbd6b1-8bed-411c-bc4d-557e0f50a8f1', 'e5eda2e6-be39-4d86-abb0-eb5723d6af40', 86000.00, NULL, NULL, 1, '2026-05-23 03:14:02', '2026-05-23 03:14:02'),
('c7e97570-ca39-44d0-b668-ef96ae9c0b66', 'fee5a0aa-73ca-4947-ab88-4d15f80f62bb', '3a4df2b2-32b5-469d-8d23-7c037463aed3', '8c8265f8-8c1c-4921-942f-b20ce24be7b0', 65000.00, NULL, 42000.00, 1, '2026-05-23 03:14:01', '2026-05-23 03:14:01'),
('c8f04237-beb1-4aaf-8106-3be12aa3ec9b', 'fee5a0aa-73ca-4947-ab88-4d15f80f62bb', '95c4ee0c-09e0-4e4e-8f7b-36bf5a570eef', '8c8265f8-8c1c-4921-942f-b20ce24be7b0', 145000.00, 135000.00, NULL, 1, '2026-05-23 03:14:01', '2026-05-23 03:14:01'),
('ca71b675-db09-462d-81af-7e7a8bf1784f', 'fee5a0aa-73ca-4947-ab88-4d15f80f62bb', '9ff4762a-46d2-4f5b-a946-09e898d415f2', 'e5eda2e6-be39-4d86-abb0-eb5723d6af40', 83000.00, NULL, 61000.00, 1, '2026-05-23 03:14:02', '2026-05-23 03:14:02'),
('cb6ae930-3906-4bc5-8cfb-3583c635179b', 'fee5a0aa-73ca-4947-ab88-4d15f80f62bb', '5ee772ed-780d-44c7-80a3-22040ba3251c', 'e5eda2e6-be39-4d86-abb0-eb5723d6af40', 38000.00, 35000.00, NULL, 1, '2026-05-23 03:14:02', '2026-05-23 03:14:02'),
('cdd72a08-15e7-4534-9a30-93fdf97f5b76', 'fee5a0aa-73ca-4947-ab88-4d15f80f62bb', 'fa762fd6-3198-4212-951a-fc113214b5b3', '8c8265f8-8c1c-4921-942f-b20ce24be7b0', 12000.00, NULL, 9000.00, 1, '2026-05-23 03:14:01', '2026-05-23 03:14:01'),
('ce3a4844-c173-4b4a-89fa-f96a94a04a99', 'fee5a0aa-73ca-4947-ab88-4d15f80f62bb', 'a6c67f51-40f4-41b9-b060-3ccc81c4dc44', 'e5eda2e6-be39-4d86-abb0-eb5723d6af40', 49000.00, NULL, NULL, 1, '2026-05-23 03:14:02', '2026-05-23 03:14:02'),
('cf01f667-64f2-4ec0-86a3-d8b7969a3b6f', 'fee5a0aa-73ca-4947-ab88-4d15f80f62bb', '08e03421-4a39-40f3-b759-65017a25a9cd', 'e5eda2e6-be39-4d86-abb0-eb5723d6af40', 35000.00, 32000.00, NULL, 1, '2026-05-23 03:14:01', '2026-05-23 03:14:01'),
('d1214623-3076-44f2-90de-3ce8bce9f7c5', 'fee5a0aa-73ca-4947-ab88-4d15f80f62bb', 'd4adb886-780a-4007-a7d9-d29fd0e9dec9', '8c8265f8-8c1c-4921-942f-b20ce24be7b0', 145000.00, NULL, NULL, 1, '2026-05-23 03:14:01', '2026-05-23 03:14:01'),
('d43b4db8-48fa-4500-8a10-2d1550c5ed2d', 'fee5a0aa-73ca-4947-ab88-4d15f80f62bb', 'ee2e1070-2bc3-4c6d-bcde-7c6be8a12ed5', '8c8265f8-8c1c-4921-942f-b20ce24be7b0', 26000.00, 24000.00, NULL, 1, '2026-05-23 03:14:01', '2026-05-23 03:14:01'),
('d663801c-d857-4e7e-a836-5f26baad4475', 'fee5a0aa-73ca-4947-ab88-4d15f80f62bb', '7485d9ed-db53-42bc-a32d-62d50b99a65b', '8c8265f8-8c1c-4921-942f-b20ce24be7b0', 18000.00, NULL, 14000.00, 1, '2026-05-23 03:14:01', '2026-05-23 03:14:01'),
('d806afa3-8816-4b34-be02-87334bfba164', 'fee5a0aa-73ca-4947-ab88-4d15f80f62bb', '91643558-1c23-4463-98d5-ea0ac9d5a765', '8c8265f8-8c1c-4921-942f-b20ce24be7b0', 750000.00, NULL, NULL, 1, '2026-05-23 03:14:01', '2026-05-23 03:14:01'),
('da0ebfa6-ede2-4057-902e-e902f5ceb78c', 'fee5a0aa-73ca-4947-ab88-4d15f80f62bb', '4b0a0750-2dfc-426d-9380-878eee141971', '8c8265f8-8c1c-4921-942f-b20ce24be7b0', 53000.00, NULL, NULL, 1, '2026-05-23 03:14:01', '2026-05-23 03:14:01'),
('db10769e-2779-455c-8079-8df5ecb835bf', 'fee5a0aa-73ca-4947-ab88-4d15f80f62bb', 'ec5437de-944a-44e9-9ba1-47d0aa2075e7', 'e5eda2e6-be39-4d86-abb0-eb5723d6af40', 160000.00, 145000.00, NULL, 1, '2026-05-23 03:14:02', '2026-05-23 03:14:02'),
('dcdba9bc-f119-41ca-ba04-231c2da18285', 'fee5a0aa-73ca-4947-ab88-4d15f80f62bb', 'b6bb2924-53a6-4f80-9e1d-d5b11eee3545', 'e5eda2e6-be39-4d86-abb0-eb5723d6af40', 63000.00, NULL, 50000.00, 1, '2026-05-23 03:14:02', '2026-05-23 03:14:02'),
('ddcdffc5-3b35-4b03-82bf-489eb214bd56', 'fee5a0aa-73ca-4947-ab88-4d15f80f62bb', 'a30be0c2-6536-449c-8f42-49b9a706cf4d', '8c8265f8-8c1c-4921-942f-b20ce24be7b0', 16000.00, 15000.00, NULL, 1, '2026-05-23 03:14:01', '2026-05-23 03:14:01'),
('de85726b-97d1-4f5b-9daa-c4b187e0a098', 'fee5a0aa-73ca-4947-ab88-4d15f80f62bb', '91643558-1c23-4463-98d5-ea0ac9d5a765', 'e5eda2e6-be39-4d86-abb0-eb5723d6af40', 750000.00, NULL, 275000.00, 1, '2026-05-23 03:14:02', '2026-05-23 03:14:02'),
('df617f54-aa22-481f-b9e2-090fb7934158', 'fee5a0aa-73ca-4947-ab88-4d15f80f62bb', 'c55f2090-7bdf-4789-a9ef-eb3aa6f6a0ae', 'e5eda2e6-be39-4d86-abb0-eb5723d6af40', 17000.00, 16000.00, NULL, 1, '2026-05-23 03:14:02', '2026-05-23 03:14:02'),
('e047a076-2ba8-4bf2-8d2a-33e761c12dfa', 'fee5a0aa-73ca-4947-ab88-4d15f80f62bb', 'ffff33ea-09d2-4834-950b-b9f96e7ebdbd', 'e5eda2e6-be39-4d86-abb0-eb5723d6af40', 30000.00, 27000.00, NULL, 1, '2026-05-23 03:14:02', '2026-05-23 03:14:02'),
('e119c56d-9c20-4059-b1b5-6d71d4d8d19e', 'fee5a0aa-73ca-4947-ab88-4d15f80f62bb', 'fa1fccf7-ef0d-4865-88ec-ed5cd852aa29', 'e5eda2e6-be39-4d86-abb0-eb5723d6af40', 19000.00, 18000.00, NULL, 1, '2026-05-23 03:14:02', '2026-05-23 03:14:02'),
('e124aa93-b431-4660-abb3-b8539020c6f3', 'fee5a0aa-73ca-4947-ab88-4d15f80f62bb', '75bae00c-97d1-4abc-a8bf-a3550a003e63', '8c8265f8-8c1c-4921-942f-b20ce24be7b0', 1500.00, NULL, 900.00, 1, '2026-05-23 03:14:01', '2026-05-23 03:14:01'),
('e29bba86-6411-4637-98d0-bbd196854ed7', 'fee5a0aa-73ca-4947-ab88-4d15f80f62bb', 'add48938-8a33-41b6-b46b-7079e4e31bec', 'e5eda2e6-be39-4d86-abb0-eb5723d6af40', 285000.00, 260000.00, NULL, 1, '2026-05-23 03:14:02', '2026-05-23 03:14:02'),
('e2ab5d0b-a621-4cf8-9081-37aff66cd010', 'fee5a0aa-73ca-4947-ab88-4d15f80f62bb', 'f7e69a23-b5e3-4054-b039-5502c76313fc', '8c8265f8-8c1c-4921-942f-b20ce24be7b0', 195000.00, 180000.00, NULL, 1, '2026-05-23 03:14:01', '2026-05-23 03:14:01'),
('e3b7b08c-1aba-4fdb-befd-b6a7a3afb4fc', 'fee5a0aa-73ca-4947-ab88-4d15f80f62bb', '45f30c5f-52d7-45a8-86cd-fc209983b7e7', 'e5eda2e6-be39-4d86-abb0-eb5723d6af40', 98000.00, NULL, NULL, 1, '2026-05-23 03:14:02', '2026-05-23 03:14:02'),
('e416a304-7388-4c11-b267-faf41f212293', 'fee5a0aa-73ca-4947-ab88-4d15f80f62bb', '80adc244-40bf-4e5c-beb0-338474572b13', '8c8265f8-8c1c-4921-942f-b20ce24be7b0', 200000.00, 180000.00, NULL, 1, '2026-05-23 03:14:01', '2026-05-23 03:14:01'),
('e5ac3036-4a92-48c1-8508-eae0bf03dfb0', 'fee5a0aa-73ca-4947-ab88-4d15f80f62bb', '28922de4-43db-4c5c-8b8a-a6fa75a9a5d8', '8c8265f8-8c1c-4921-942f-b20ce24be7b0', 145000.00, 135000.00, 83000.00, 1, '2026-05-23 03:14:01', '2026-05-23 03:14:01'),
('e6e325f7-539b-4ade-8890-0aa2bd6f4328', 'fee5a0aa-73ca-4947-ab88-4d15f80f62bb', '12bdf623-63d8-4c24-977c-f8ddf76bdc6c', '8c8265f8-8c1c-4921-942f-b20ce24be7b0', 200.00, 200.00, NULL, 1, '2026-05-23 03:14:01', '2026-05-23 03:14:01'),
('e78447de-c6fe-43c0-8240-28b9d18d99b0', 'fee5a0aa-73ca-4947-ab88-4d15f80f62bb', 'b6bb2924-53a6-4f80-9e1d-d5b11eee3545', '8c8265f8-8c1c-4921-942f-b20ce24be7b0', 63000.00, 57000.00, NULL, 1, '2026-05-23 03:14:01', '2026-05-23 03:14:01'),
('ed4e0e6a-4441-4e77-a7f2-131bb79a3399', 'fee5a0aa-73ca-4947-ab88-4d15f80f62bb', 'fcac6fd2-4ef5-46c5-9abb-cfef0a5562e7', 'e5eda2e6-be39-4d86-abb0-eb5723d6af40', 2500.00, NULL, 2000.00, 1, '2026-05-23 03:14:02', '2026-05-23 03:14:02'),
('edb371e6-1f99-49fa-a7a7-3d8b153b531d', 'fee5a0aa-73ca-4947-ab88-4d15f80f62bb', '35f510f1-7150-42bf-87b1-85a66624f5ea', 'e5eda2e6-be39-4d86-abb0-eb5723d6af40', 420000.00, NULL, 245000.00, 1, '2026-05-23 03:14:01', '2026-05-23 03:14:01'),
('eddcbbc4-f396-485c-b8f6-ae38785ba4d7', 'fee5a0aa-73ca-4947-ab88-4d15f80f62bb', '50e4bdf2-d73b-415c-bd22-79f8477102d2', '8c8265f8-8c1c-4921-942f-b20ce24be7b0', 94000.00, 85000.00, NULL, 1, '2026-05-23 03:14:01', '2026-05-23 03:14:01');
INSERT INTO `prices` (`id`, `tenant_id`, `inventory_item_id`, `outlet_id`, `selling_price`, `member_price`, `min_selling_price`, `is_active`, `created_at`, `updated_at`) VALUES
('edfbc97f-f7c0-41c8-ac1a-a531e0bebc08', 'fee5a0aa-73ca-4947-ab88-4d15f80f62bb', '0fe42abe-ef9a-4c79-b26b-f72cf8f521ad', '8c8265f8-8c1c-4921-942f-b20ce24be7b0', 10000.00, 9000.00, NULL, 1, '2026-05-23 03:14:01', '2026-05-23 03:14:01'),
('ee9ea9e4-2f3f-43a0-8d71-b7d4e9ec3518', 'fee5a0aa-73ca-4947-ab88-4d15f80f62bb', '8dce40bc-9e6a-46d3-83fb-5dfba5e2646b', 'e5eda2e6-be39-4d86-abb0-eb5723d6af40', 42000.00, 38000.00, NULL, 1, '2026-05-23 03:14:02', '2026-05-23 03:14:02'),
('eea16893-5917-4bf8-9cc5-a7cfd8f2ec5f', 'fee5a0aa-73ca-4947-ab88-4d15f80f62bb', '0f8e346d-8ee1-4f2a-82de-6ad0f9920f4a', '8c8265f8-8c1c-4921-942f-b20ce24be7b0', 33000.00, 30000.00, NULL, 1, '2026-05-23 03:14:01', '2026-05-23 03:14:01'),
('efa11448-7505-4cf2-9203-d171c1313a6f', 'fee5a0aa-73ca-4947-ab88-4d15f80f62bb', 'e8031ea4-90a3-4137-b63b-96c68fb775d2', 'e5eda2e6-be39-4d86-abb0-eb5723d6af40', 35000.00, NULL, NULL, 1, '2026-05-23 03:14:02', '2026-05-23 03:14:02'),
('f0793aa0-996e-4c8d-b8f1-65122f88ea01', 'fee5a0aa-73ca-4947-ab88-4d15f80f62bb', 'ce1c4f4d-92a7-40e8-bb33-842e5d3e9a65', '8c8265f8-8c1c-4921-942f-b20ce24be7b0', 33000.00, 30000.00, 25000.00, 1, '2026-05-23 03:14:01', '2026-05-23 03:14:01'),
('f545be3d-81aa-40f6-ac9f-100c4bf66c0d', 'fee5a0aa-73ca-4947-ab88-4d15f80f62bb', '681a4ae6-cc8b-40af-b2f8-11530be29b9f', '8c8265f8-8c1c-4921-942f-b20ce24be7b0', 46000.00, NULL, NULL, 1, '2026-05-23 03:14:01', '2026-05-23 03:14:01'),
('f8c6aec0-cec1-4046-9778-fd87ba2694f5', 'fee5a0aa-73ca-4947-ab88-4d15f80f62bb', '26bdfd12-88f6-46b9-a28f-dbfe696a04e4', 'e5eda2e6-be39-4d86-abb0-eb5723d6af40', 42000.00, 38000.00, NULL, 1, '2026-05-23 03:14:01', '2026-05-23 03:14:01'),
('f9ba006c-e1b9-4752-a207-ab4cc585b352', 'fee5a0aa-73ca-4947-ab88-4d15f80f62bb', '7b921f01-b00b-4775-9eb5-61644b91114f', 'e5eda2e6-be39-4d86-abb0-eb5723d6af40', 23000.00, 21000.00, 17000.00, 1, '2026-05-23 03:14:02', '2026-05-23 03:14:02'),
('fa96c0ee-0a34-4f02-a5f5-a9a2fa216f06', 'fee5a0aa-73ca-4947-ab88-4d15f80f62bb', 'fab316b9-5bb9-4701-bf42-2664a6195dae', 'e5eda2e6-be39-4d86-abb0-eb5723d6af40', 59000.00, 54000.00, NULL, 1, '2026-05-23 03:14:02', '2026-05-23 03:14:02'),
('fb3c089a-1d4d-4840-881d-491a2cef6b1d', 'fee5a0aa-73ca-4947-ab88-4d15f80f62bb', '613e8b12-e111-416b-83c6-573a105c0815', '8c8265f8-8c1c-4921-942f-b20ce24be7b0', 26000.00, 24000.00, 20000.00, 1, '2026-05-23 03:14:01', '2026-05-23 03:14:01'),
('fbf17b3d-094b-4342-a6eb-7fcbfcc4e27b', 'fee5a0aa-73ca-4947-ab88-4d15f80f62bb', '250ac775-be22-419c-a8e3-a82ef45a8232', '8c8265f8-8c1c-4921-942f-b20ce24be7b0', 27000.00, 25000.00, NULL, 1, '2026-05-23 03:14:01', '2026-05-23 03:14:01'),
('fe6fff13-83dc-4e55-8658-cc59368e51c3', 'fee5a0aa-73ca-4947-ab88-4d15f80f62bb', 'add48938-8a33-41b6-b46b-7079e4e31bec', '8c8265f8-8c1c-4921-942f-b20ce24be7b0', 285000.00, NULL, NULL, 1, '2026-05-23 03:14:01', '2026-05-23 03:14:01'),
('fe7ef460-1f74-4e07-bbd1-6eda33858936', 'fee5a0aa-73ca-4947-ab88-4d15f80f62bb', '26c30409-cd63-4ab8-ba7d-e6ef140affd7', '8c8265f8-8c1c-4921-942f-b20ce24be7b0', 155000.00, 140000.00, NULL, 1, '2026-05-23 03:14:01', '2026-05-23 03:14:01');

-- --------------------------------------------------------

--
-- Table structure for table `products`
--

CREATE TABLE `products` (
  `id` char(36) NOT NULL,
  `tenant_id` char(36) NOT NULL,
  `category_id` char(36) DEFAULT NULL,
  `recipe_id` char(36) DEFAULT NULL,
  `sku` varchar(50) NOT NULL,
  `barcode` varchar(100) DEFAULT NULL,
  `name` varchar(255) NOT NULL,
  `slug` varchar(255) NOT NULL,
  `description` text DEFAULT NULL,
  `image` varchar(255) DEFAULT NULL,
  `base_price` decimal(15,2) NOT NULL DEFAULT 0.00,
  `cost_price` decimal(15,2) NOT NULL DEFAULT 0.00,
  `product_type` enum('single','variant','combo') NOT NULL DEFAULT 'single',
  `track_stock` tinyint(1) NOT NULL DEFAULT 1,
  `inventory_item_id` char(36) DEFAULT NULL,
  `is_active` tinyint(1) NOT NULL DEFAULT 1,
  `send_to_kitchen` tinyint(1) NOT NULL DEFAULT 1,
  `kitchen_station_id` char(36) DEFAULT NULL,
  `is_featured` tinyint(1) NOT NULL DEFAULT 0,
  `show_in_pos` tinyint(1) NOT NULL DEFAULT 1,
  `show_in_menu` tinyint(1) NOT NULL DEFAULT 1,
  `allow_notes` tinyint(1) NOT NULL DEFAULT 1,
  `prep_time_minutes` int(11) DEFAULT NULL,
  `sort_order` int(11) NOT NULL DEFAULT 0,
  `tags` longtext CHARACTER SET utf8mb4 COLLATE utf8mb4_bin DEFAULT NULL CHECK (json_valid(`tags`)),
  `allergens` longtext CHARACTER SET utf8mb4 COLLATE utf8mb4_bin DEFAULT NULL CHECK (json_valid(`allergens`)),
  `nutritional_info` longtext CHARACTER SET utf8mb4 COLLATE utf8mb4_bin DEFAULT NULL CHECK (json_valid(`nutritional_info`)),
  `created_at` timestamp NULL DEFAULT NULL,
  `updated_at` timestamp NULL DEFAULT NULL,
  `deleted_at` timestamp NULL DEFAULT NULL
) ENGINE=InnoDB DEFAULT CHARSET=utf8mb4 COLLATE=utf8mb4_unicode_ci;

--
-- Dumping data for table `products`
--

INSERT INTO `products` (`id`, `tenant_id`, `category_id`, `recipe_id`, `sku`, `barcode`, `name`, `slug`, `description`, `image`, `base_price`, `cost_price`, `product_type`, `track_stock`, `inventory_item_id`, `is_active`, `send_to_kitchen`, `kitchen_station_id`, `is_featured`, `show_in_pos`, `show_in_menu`, `allow_notes`, `prep_time_minutes`, `sort_order`, `tags`, `allergens`, `nutritional_info`, `created_at`, `updated_at`, `deleted_at`) VALUES
('0896decb-26ac-4879-aabf-284be1ff1737', 'fee5a0aa-73ca-4947-ab88-4d15f80f62bb', 'cb9f9ea7-99bb-4996-abbd-1846e97df33e', NULL, 'SM-MANGO-001', NULL, 'Mango Smoothie', 'mango-smoothie', 'Fresh mango blended with yogurt', NULL, 35000.00, 13000.00, 'variant', 1, NULL, 1, 1, NULL, 0, 1, 1, 1, NULL, 0, NULL, NULL, NULL, '2026-05-23 03:14:07', '2026-05-23 03:14:07', NULL),
('0caa53a2-18b3-416f-8b28-c57e1208ba2c', 'fee5a0aa-73ca-4947-ab88-4d15f80f62bb', '200ac3d5-fbe8-489a-afa1-405c5c0f4986', '3ed15280-c5ee-4b4c-9fe4-53e1bc4deda0', 'ICE-CB-001', NULL, 'Cold Brew', 'cold-brew', 'Slow-steeped cold brew coffee', NULL, 38000.00, 3750.00, 'variant', 1, NULL, 1, 1, NULL, 0, 1, 1, 1, NULL, 0, NULL, NULL, NULL, '2026-05-23 03:14:04', '2026-05-23 03:14:07', NULL),
('0fc5eee9-ad2d-4687-b636-dc7b2485e9e9', 'fee5a0aa-73ca-4947-ab88-4d15f80f62bb', '9cd3f8bd-cdba-4d60-a916-f4f247d1ee7a', 'bea39caa-0c22-4a2e-b736-2f38ee5eb65e', 'TEA-GTL-001', NULL, 'Green Tea Latte', 'green-tea-latte', 'Japanese matcha with milk', NULL, 35000.00, 4825.00, 'variant', 1, NULL, 1, 1, NULL, 1, 1, 1, 1, NULL, 0, NULL, NULL, NULL, '2026-05-23 03:14:04', '2026-05-23 03:14:07', NULL),
('1fcc6195-3ed1-453c-8b99-7a3579ab1e60', 'fee5a0aa-73ca-4947-ab88-4d15f80f62bb', '200ac3d5-fbe8-489a-afa1-405c5c0f4986', 'e611c816-b27f-4dc0-9029-f8b8912283f2', 'ICE-LAT-001', NULL, 'Iced Latte', 'iced-latte', 'Espresso with cold milk over ice', NULL, 35000.00, 6300.00, 'variant', 1, NULL, 1, 1, NULL, 1, 1, 1, 1, NULL, 0, NULL, NULL, NULL, '2026-05-23 03:14:03', '2026-05-23 03:14:07', NULL),
('23801b67-dd2e-42e0-a027-1e2c0cf209f4', 'fee5a0aa-73ca-4947-ab88-4d15f80f62bb', '45912a68-83b3-47d7-8505-efe0fa96f00f', NULL, 'CAKE-BRO-001', NULL, 'Chocolate Brownie', 'chocolate-brownie', 'Rich fudgy brownie', NULL, 28000.00, 10000.00, 'single', 1, NULL, 1, 1, NULL, 0, 1, 1, 1, NULL, 0, NULL, NULL, NULL, '2026-05-23 03:14:07', '2026-05-23 03:14:07', NULL),
('2861ed95-c672-4c7d-8dab-15f6a712a9fb', 'fee5a0aa-73ca-4947-ab88-4d15f80f62bb', '1c73077c-1615-43f8-bb2d-a3eb8bd5956e', 'd41c1d14-82db-4d55-970b-8dc656f01bcb', 'ESP-001', NULL, 'Espresso', 'espresso', 'Pure espresso shot', NULL, 18000.00, 2700.00, 'single', 1, NULL, 1, 1, NULL, 0, 1, 1, 1, NULL, 0, NULL, NULL, NULL, '2026-05-23 03:14:04', '2026-05-23 03:14:07', NULL),
('372ca7f6-3db0-4726-949c-5871626ae4fe', 'fee5a0aa-73ca-4947-ab88-4d15f80f62bb', '7e00ab52-abb0-47cb-8f37-fe7c50538fbb', '349a8518-129e-4225-a400-cc702bfc1c3c', 'CHOCO-HOT-001', NULL, 'Hot Chocolate', 'hot-chocolate', 'Rich Belgian chocolate', NULL, 30000.00, 4800.00, 'variant', 1, NULL, 1, 1, NULL, 0, 1, 1, 1, NULL, 0, NULL, NULL, NULL, '2026-05-23 03:14:05', '2026-05-23 03:14:07', NULL),
('3a85c40c-cdde-4126-a7bc-13c24901544b', 'fee5a0aa-73ca-4947-ab88-4d15f80f62bb', '1c73077c-1615-43f8-bb2d-a3eb8bd5956e', '949a26fe-312d-4f89-a6a7-e957b96a27f7', 'ESP-MAC-001', NULL, 'Macchiato', 'macchiato', 'Espresso with a dollop of foam', NULL, 25000.00, 3240.00, 'variant', 1, NULL, 1, 1, NULL, 0, 1, 1, 1, NULL, 0, NULL, NULL, NULL, '2026-05-23 03:14:04', '2026-05-23 03:14:07', NULL),
('3d987f55-7f18-4ce7-b333-4b7d0e8ae51f', 'fee5a0aa-73ca-4947-ab88-4d15f80f62bb', '45912a68-83b3-47d7-8505-efe0fa96f00f', NULL, 'CAKE-TIR-001', NULL, 'Tiramisu', 'tiramisu', 'Italian coffee-flavored dessert', NULL, 48000.00, 20000.00, 'single', 1, NULL, 1, 1, NULL, 0, 1, 1, 1, NULL, 0, NULL, NULL, NULL, '2026-05-23 03:14:07', '2026-05-23 03:14:07', NULL),
('3e0acf7a-37c4-4add-bbe2-4f533165d9e7', 'fee5a0aa-73ca-4947-ab88-4d15f80f62bb', '9cd3f8bd-cdba-4d60-a916-f4f247d1ee7a', '4b00a533-73f1-4b22-ba3e-7134512a5ccc', 'TEA-CL-001', NULL, 'Chai Latte', 'chai-latte', 'Spiced tea with steamed milk', NULL, 32000.00, 4425.00, 'variant', 1, NULL, 1, 1, NULL, 0, 1, 1, 1, NULL, 0, NULL, NULL, NULL, '2026-05-23 03:14:05', '2026-05-23 03:14:07', NULL),
('4b39c079-e019-4281-b8a5-7d00253b5b3f', 'fee5a0aa-73ca-4947-ab88-4d15f80f62bb', NULL, NULL, 'COMBO-SF9FQI', NULL, 'Coffee & Cake', 'coffee-cake', 'Enjoy a coffee with your favorite slice of cake', NULL, 65000.00, 25000.00, 'combo', 1, NULL, 1, 1, NULL, 0, 1, 1, 1, NULL, 101, NULL, NULL, NULL, '2026-05-23 03:14:07', '2026-05-23 03:14:07', NULL),
('4f92d1dc-690a-4bfd-9ca3-84a39abd89de', 'fee5a0aa-73ca-4947-ab88-4d15f80f62bb', '6d0d6642-1cd0-4334-90cf-5b35c95b02e0', '90395560-e102-4855-ab31-456a0c7bd692', 'HOT-LAT-001', NULL, 'Cafe Latte', 'cafe-latte', 'Espresso with steamed milk', NULL, 32000.00, 6300.00, 'variant', 1, NULL, 1, 1, NULL, 0, 1, 1, 1, NULL, 0, NULL, NULL, NULL, '2026-05-23 03:14:02', '2026-05-23 03:14:07', NULL),
('5f6c3ae7-edaf-47c5-88a3-00a573afad72', 'fee5a0aa-73ca-4947-ab88-4d15f80f62bb', 'cb9f9ea7-99bb-4996-abbd-1846e97df33e', NULL, 'SM-BERRY-001', NULL, 'Berry Blast Smoothie', 'berry-blast-smoothie', 'Mixed berries blended smooth', NULL, 38000.00, 15000.00, 'variant', 1, NULL, 1, 1, NULL, 0, 1, 1, 1, NULL, 0, NULL, NULL, NULL, '2026-05-23 03:14:07', '2026-05-23 03:14:07', NULL),
('6a378e27-8bdb-401b-9a6c-e057f5d6ab38', 'fee5a0aa-73ca-4947-ab88-4d15f80f62bb', 'b28f223a-0199-4cc5-a842-593741d5f95b', NULL, 'SAND-GC-001', NULL, 'Grilled Cheese', 'grilled-cheese', 'Classic melted cheese sandwich', NULL, 35000.00, 12000.00, 'single', 1, NULL, 1, 1, NULL, 0, 1, 1, 1, NULL, 0, NULL, NULL, NULL, '2026-05-23 03:14:07', '2026-05-23 03:14:07', NULL),
('6f2d59c8-1c5a-4ffe-aac4-ecf2f3d16975', 'fee5a0aa-73ca-4947-ab88-4d15f80f62bb', '9cd3f8bd-cdba-4d60-a916-f4f247d1ee7a', '2d7ded0e-6278-4570-9fd7-f505a8d2f8c7', 'TEA-EG-001', NULL, 'Earl Grey', 'earl-grey', 'Classic bergamot-flavored black tea', NULL, 25000.00, 600.00, 'variant', 1, NULL, 1, 1, NULL, 0, 1, 1, 1, NULL, 0, NULL, NULL, NULL, '2026-05-23 03:14:04', '2026-05-23 03:14:07', NULL),
('6f9029da-8dc7-48ce-ae48-2d0e4726e356', 'fee5a0aa-73ca-4947-ab88-4d15f80f62bb', 'b28f223a-0199-4cc5-a842-593741d5f95b', NULL, 'SAND-CLB-001', NULL, 'Club Sandwich', 'club-sandwich', 'Triple-decker chicken club', NULL, 55000.00, 22000.00, 'single', 1, NULL, 1, 1, NULL, 1, 1, 1, 1, NULL, 0, NULL, NULL, NULL, '2026-05-23 03:14:07', '2026-05-23 03:14:07', NULL),
('804411b2-a449-4c18-9893-a548724f271e', 'fee5a0aa-73ca-4947-ab88-4d15f80f62bb', NULL, NULL, 'COMBO-OESYPT', NULL, 'Breakfast Combo', 'breakfast-combo', 'Start your morning with a hot coffee and fresh pastry', NULL, 45000.00, 15000.00, 'combo', 1, NULL, 1, 1, NULL, 1, 1, 1, 1, NULL, 100, NULL, NULL, NULL, '2026-05-23 03:14:07', '2026-05-23 03:14:07', NULL),
('8136ecb0-f313-43d9-a7f3-6ad30e6a0a2b', 'fee5a0aa-73ca-4947-ab88-4d15f80f62bb', NULL, NULL, 'COMBO-LPCYQR', NULL, 'Double Coffee Deal', 'double-coffee-deal', 'Two coffees for a special price', NULL, 55000.00, 18000.00, 'combo', 1, NULL, 1, 1, NULL, 0, 1, 1, 1, NULL, 103, NULL, NULL, NULL, '2026-05-23 03:14:07', '2026-05-23 03:14:07', NULL),
('873fd30d-c076-46be-b7fe-98ea7b797a53', 'fee5a0aa-73ca-4947-ab88-4d15f80f62bb', '200ac3d5-fbe8-489a-afa1-405c5c0f4986', '06124112-e2fa-4280-9fa9-3e41f1c4d110', 'ICE-AME-001', NULL, 'Iced Americano', 'iced-americano', 'Classic espresso with cold water over ice', NULL, 30000.00, 2700.00, 'variant', 1, NULL, 1, 1, NULL, 1, 1, 1, 1, NULL, 0, NULL, NULL, NULL, '2026-05-23 03:14:03', '2026-05-23 03:14:07', NULL),
('88a91f91-d96c-4f81-9f06-b2a90e4f4c66', 'fee5a0aa-73ca-4947-ab88-4d15f80f62bb', 'b28f223a-0199-4cc5-a842-593741d5f95b', NULL, 'SAND-TUN-001', NULL, 'Tuna Melt', 'tuna-melt', 'Tuna salad with melted cheese', NULL, 48000.00, 18000.00, 'single', 1, NULL, 1, 1, NULL, 0, 1, 1, 1, NULL, 0, NULL, NULL, NULL, '2026-05-23 03:14:07', '2026-05-23 03:14:07', NULL),
('92923011-cecd-4166-a42d-6487b490275f', 'fee5a0aa-73ca-4947-ab88-4d15f80f62bb', '6d0d6642-1cd0-4334-90cf-5b35c95b02e0', '1b9d3ca0-f03e-4a4f-8ecb-a76ce0abf921', 'HOT-AME-001', NULL, 'Americano', 'americano', 'Classic espresso with hot water', NULL, 28000.00, 2700.00, 'variant', 1, NULL, 1, 1, NULL, 1, 1, 1, 1, NULL, 0, NULL, NULL, NULL, '2026-05-23 03:14:02', '2026-05-23 03:14:07', NULL),
('98fd8efd-a30f-4456-b83e-9544b36eeeeb', 'fee5a0aa-73ca-4947-ab88-4d15f80f62bb', '7e00ab52-abb0-47cb-8f37-fe7c50538fbb', 'e599bf32-2cd7-418a-9ec6-7a041074b478', 'CHOCO-ICE-001', NULL, 'Iced Chocolate', 'iced-chocolate', 'Chilled chocolate drink', NULL, 32000.00, 4800.00, 'variant', 1, NULL, 1, 1, NULL, 0, 1, 1, 1, NULL, 0, NULL, NULL, NULL, '2026-05-23 03:14:06', '2026-05-23 03:14:07', NULL),
('a8e79fa3-5a30-45a9-8427-e65121156f12', 'fee5a0aa-73ca-4947-ab88-4d15f80f62bb', '5788d186-825c-44c6-aef2-eb7365f7d9ae', NULL, 'PASTRY-PC-001', NULL, 'Pain au Chocolat', 'pain-au-chocolat', 'Chocolate-filled croissant', NULL, 28000.00, 10000.00, 'single', 1, NULL, 1, 1, NULL, 1, 1, 1, 1, NULL, 0, NULL, NULL, NULL, '2026-05-23 03:14:07', '2026-05-23 03:14:07', NULL),
('abf64656-f417-4162-81c6-42a949263e51', 'fee5a0aa-73ca-4947-ab88-4d15f80f62bb', '45912a68-83b3-47d7-8505-efe0fa96f00f', NULL, 'CAKE-CHE-001', NULL, 'Cheesecake', 'cheesecake', 'New York style cheesecake', NULL, 45000.00, 18000.00, 'single', 1, NULL, 1, 1, NULL, 1, 1, 1, 1, NULL, 0, NULL, NULL, NULL, '2026-05-23 03:14:07', '2026-05-23 03:14:07', NULL),
('afc67660-2747-4672-816d-f148831c9b85', 'fee5a0aa-73ca-4947-ab88-4d15f80f62bb', NULL, NULL, 'COMBO-OMVVKK', NULL, 'Lunch Set', 'lunch-set', 'Club sandwich with iced coffee', NULL, 75000.00, 30000.00, 'combo', 1, NULL, 1, 1, NULL, 1, 1, 1, 1, NULL, 102, NULL, NULL, NULL, '2026-05-23 03:14:07', '2026-05-23 03:14:07', NULL),
('c0605079-0ae1-4382-bbdb-5bc62b190a41', 'fee5a0aa-73ca-4947-ab88-4d15f80f62bb', NULL, NULL, 'COMBO-MONNH3', NULL, 'Sweet Treat Combo', 'sweet-treat-combo', 'Pain au Chocolat with hot Americano', NULL, 48000.00, 16000.00, 'combo', 1, NULL, 1, 1, NULL, 0, 1, 1, 1, NULL, 105, NULL, NULL, NULL, '2026-05-23 03:14:07', '2026-05-23 03:14:07', NULL),
('cfeb7451-14db-45c6-8078-044be3e6f917', 'fee5a0aa-73ca-4947-ab88-4d15f80f62bb', NULL, NULL, 'COMBO-3QEIU9', NULL, 'Afternoon Tea Set', 'afternoon-tea-set', 'Perfect for afternoon break - 2 coffees and 2 pastries', NULL, 120000.00, 45000.00, 'combo', 1, NULL, 1, 1, NULL, 1, 1, 1, 1, NULL, 104, NULL, NULL, NULL, '2026-05-23 03:14:07', '2026-05-23 03:14:07', NULL),
('ec348ca2-b352-4695-9f7e-33ee5283eb0b', 'fee5a0aa-73ca-4947-ab88-4d15f80f62bb', NULL, NULL, 'COMBO-PRQ1K9', NULL, 'Dessert Special', 'dessert-special', 'Cheesecake with any coffee of your choice', NULL, 70000.00, 28000.00, 'combo', 1, NULL, 1, 1, NULL, 0, 1, 1, 1, NULL, 106, NULL, NULL, NULL, '2026-05-23 03:14:07', '2026-05-23 03:14:07', NULL),
('eeb61689-ee40-4337-857c-08525e8bfdc4', 'fee5a0aa-73ca-4947-ab88-4d15f80f62bb', '5788d186-825c-44c6-aef2-eb7365f7d9ae', NULL, 'PASTRY-CR-001', NULL, 'Croissant', 'croissant', 'Buttery French croissant', NULL, 22000.00, 8000.00, 'single', 1, NULL, 1, 1, NULL, 0, 1, 1, 1, NULL, 0, NULL, NULL, NULL, '2026-05-23 03:14:07', '2026-05-23 03:14:07', NULL),
('f59f249b-f142-4109-88f0-d7afbfcbe161', 'fee5a0aa-73ca-4947-ab88-4d15f80f62bb', '5788d186-825c-44c6-aef2-eb7365f7d9ae', NULL, 'PASTRY-CIN-001', NULL, 'Cinnamon Roll', 'cinnamon-roll', 'Sweet cinnamon swirl', NULL, 25000.00, 9000.00, 'single', 1, NULL, 1, 1, NULL, 0, 1, 1, 1, NULL, 0, NULL, NULL, NULL, '2026-05-23 03:14:07', '2026-05-23 03:14:07', NULL),
('fb3613d7-2fd4-4119-8804-d923a10c3415', 'fee5a0aa-73ca-4947-ab88-4d15f80f62bb', '6d0d6642-1cd0-4334-90cf-5b35c95b02e0', '0328e64a-6c50-44b6-9434-3804d62e2663', 'HOT-CAP-001', NULL, 'Cappuccino', 'cappuccino', 'Espresso with steamed milk foam', NULL, 32000.00, 5400.00, 'variant', 1, NULL, 1, 1, NULL, 1, 1, 1, 1, NULL, 0, NULL, NULL, NULL, '2026-05-23 03:14:02', '2026-05-23 03:14:07', NULL);

-- --------------------------------------------------------

--
-- Table structure for table `product_categories`
--

CREATE TABLE `product_categories` (
  `id` char(36) NOT NULL,
  `tenant_id` char(36) NOT NULL,
  `parent_id` char(36) DEFAULT NULL,
  `code` varchar(50) DEFAULT NULL,
  `name` varchar(255) NOT NULL,
  `slug` varchar(255) NOT NULL,
  `description` text DEFAULT NULL,
  `image` varchar(255) DEFAULT NULL,
  `color` varchar(7) DEFAULT NULL COMMENT 'Hex color for POS display',
  `icon` varchar(50) DEFAULT NULL COMMENT 'Icon name for POS display',
  `sort_order` int(11) NOT NULL DEFAULT 0,
  `is_active` tinyint(1) NOT NULL DEFAULT 1,
  `show_in_pos` tinyint(1) NOT NULL DEFAULT 1,
  `show_in_menu` tinyint(1) NOT NULL DEFAULT 1,
  `created_at` timestamp NULL DEFAULT NULL,
  `updated_at` timestamp NULL DEFAULT NULL
) ENGINE=InnoDB DEFAULT CHARSET=utf8mb4 COLLATE=utf8mb4_unicode_ci;

--
-- Dumping data for table `product_categories`
--

INSERT INTO `product_categories` (`id`, `tenant_id`, `parent_id`, `code`, `name`, `slug`, `description`, `image`, `color`, `icon`, `sort_order`, `is_active`, `show_in_pos`, `show_in_menu`, `created_at`, `updated_at`) VALUES
('16b3aa00-ef70-48a5-8284-64b6e73df3f7', 'fee5a0aa-73ca-4947-ab88-4d15f80f62bb', '8ead3a98-82fd-453b-aeb9-d445d9d9b66b', 'EQUIP', 'Equipment', 'equipment', NULL, NULL, '#696969', 'gift', 3, 1, 1, 1, '2026-05-23 03:14:02', '2026-05-23 03:14:02'),
('1c73077c-1615-43f8-bb2d-a3eb8bd5956e', 'fee5a0aa-73ca-4947-ab88-4d15f80f62bb', '6454beb0-9b13-4529-8f2f-79b96511cd8f', 'ESP', 'Espresso Based', 'espresso-based', NULL, NULL, '#4A3728', 'coffee', 3, 1, 1, 1, '2026-05-23 03:14:02', '2026-05-23 03:14:02'),
('200ac3d5-fbe8-489a-afa1-405c5c0f4986', 'fee5a0aa-73ca-4947-ab88-4d15f80f62bb', '6454beb0-9b13-4529-8f2f-79b96511cd8f', 'ICE-COF', 'Iced Coffee', 'iced-coffee', NULL, NULL, '#6B8E23', 'coffee', 2, 1, 1, 1, '2026-05-23 03:14:02', '2026-05-23 03:14:02'),
('20d74e5a-9c0c-4e19-a11e-261896bfd48e', 'fee5a0aa-73ca-4947-ab88-4d15f80f62bb', '8ead3a98-82fd-453b-aeb9-d445d9d9b66b', 'DRINK', 'Drinkware', 'drinkware', NULL, NULL, '#708090', 'gift', 2, 1, 1, 1, '2026-05-23 03:14:02', '2026-05-23 03:14:02'),
('228c38dc-1e94-4228-97de-e42548c0176c', 'fee5a0aa-73ca-4947-ab88-4d15f80f62bb', '8ead3a98-82fd-453b-aeb9-d445d9d9b66b', 'BEANS', 'Coffee Beans', 'coffee-beans', NULL, NULL, '#8B4513', 'gift', 1, 1, 1, 1, '2026-05-23 03:14:02', '2026-05-23 03:14:02'),
('45912a68-83b3-47d7-8505-efe0fa96f00f', 'fee5a0aa-73ca-4947-ab88-4d15f80f62bb', 'ac63b7e3-8ff1-418a-81ed-99843072bae4', 'CAKE', 'Cakes', 'cakes', NULL, NULL, '#FFB6C1', 'cake', 2, 1, 1, 1, '2026-05-23 03:14:02', '2026-05-23 03:14:02'),
('5788d186-825c-44c6-aef2-eb7365f7d9ae', 'fee5a0aa-73ca-4947-ab88-4d15f80f62bb', 'ac63b7e3-8ff1-418a-81ed-99843072bae4', 'PASTRY', 'Pastries', 'pastries', NULL, NULL, '#DEB887', 'cake', 1, 1, 1, 1, '2026-05-23 03:14:02', '2026-05-23 03:14:02'),
('6454beb0-9b13-4529-8f2f-79b96511cd8f', 'fee5a0aa-73ca-4947-ab88-4d15f80f62bb', NULL, 'COF', 'Coffee', 'coffee', 'Hot and cold coffee beverages', NULL, '#8B4513', 'coffee', 1, 1, 1, 1, '2026-05-23 03:14:02', '2026-05-23 03:14:02'),
('6d0d6642-1cd0-4334-90cf-5b35c95b02e0', 'fee5a0aa-73ca-4947-ab88-4d15f80f62bb', '6454beb0-9b13-4529-8f2f-79b96511cd8f', 'HOT-COF', 'Hot Coffee', 'hot-coffee', NULL, NULL, '#A0522D', 'coffee', 1, 1, 1, 1, '2026-05-23 03:14:02', '2026-05-23 03:14:02'),
('7543d08f-7084-482d-be02-9900fe553737', 'fee5a0aa-73ca-4947-ab88-4d15f80f62bb', NULL, 'NON-COF', 'Non-Coffee', 'non-coffee', 'Refreshing non-coffee beverages', NULL, '#228B22', 'beaker', 2, 1, 1, 1, '2026-05-23 03:14:02', '2026-05-23 03:14:02'),
('7e00ab52-abb0-47cb-8f37-fe7c50538fbb', 'fee5a0aa-73ca-4947-ab88-4d15f80f62bb', '7543d08f-7084-482d-be02-9900fe553737', 'CHOCO', 'Chocolate', 'chocolate', NULL, NULL, '#D2691E', 'beaker', 2, 1, 1, 1, '2026-05-23 03:14:02', '2026-05-23 03:14:02'),
('8ead3a98-82fd-453b-aeb9-d445d9d9b66b', 'fee5a0aa-73ca-4947-ab88-4d15f80f62bb', NULL, 'MERCH', 'Merchandise', 'merchandise', 'Coffee beans and merchandise', NULL, '#4169E1', 'gift', 4, 1, 1, 0, '2026-05-23 03:14:02', '2026-05-23 03:14:02'),
('9cd3f8bd-cdba-4d60-a916-f4f247d1ee7a', 'fee5a0aa-73ca-4947-ab88-4d15f80f62bb', '7543d08f-7084-482d-be02-9900fe553737', 'TEA', 'Tea', 'tea', NULL, NULL, '#2E8B57', 'beaker', 1, 1, 1, 1, '2026-05-23 03:14:02', '2026-05-23 03:14:02'),
('a551c2a1-a4ac-4505-80aa-384dc3b3a6ff', 'fee5a0aa-73ca-4947-ab88-4d15f80f62bb', '7543d08f-7084-482d-be02-9900fe553737', 'FRUIT', 'Fruit Drinks', 'fruit-drinks', NULL, NULL, '#FF6347', 'beaker', 3, 1, 1, 1, '2026-05-23 03:14:02', '2026-05-23 03:14:02'),
('a99e2503-93c4-4092-b0c7-ae9aa8325e00', 'fee5a0aa-73ca-4947-ab88-4d15f80f62bb', 'ac63b7e3-8ff1-418a-81ed-99843072bae4', 'RICE', 'Rice Bowls', 'rice-bowls', NULL, NULL, '#FAFAD2', 'cake', 4, 1, 1, 1, '2026-05-23 03:14:02', '2026-05-23 03:14:02'),
('ac63b7e3-8ff1-418a-81ed-99843072bae4', 'fee5a0aa-73ca-4947-ab88-4d15f80f62bb', NULL, 'FOOD', 'Food', 'food', 'Snacks and light meals', NULL, '#FF8C00', 'cake', 3, 1, 1, 1, '2026-05-23 03:14:02', '2026-05-23 03:14:02'),
('b28f223a-0199-4cc5-a842-593741d5f95b', 'fee5a0aa-73ca-4947-ab88-4d15f80f62bb', 'ac63b7e3-8ff1-418a-81ed-99843072bae4', 'SAND', 'Sandwiches', 'sandwiches', NULL, NULL, '#F4A460', 'cake', 3, 1, 1, 1, '2026-05-23 03:14:02', '2026-05-23 03:14:02'),
('cb9f9ea7-99bb-4996-abbd-1846e97df33e', 'fee5a0aa-73ca-4947-ab88-4d15f80f62bb', '7543d08f-7084-482d-be02-9900fe553737', 'SMOOTH', 'Smoothies', 'smoothies', NULL, NULL, '#FF69B4', 'beaker', 4, 1, 1, 1, '2026-05-23 03:14:02', '2026-05-23 03:14:02');

-- --------------------------------------------------------

--
