INSERT INTO `product_variants` (`id`, `product_id`, `sku`, `barcode`, `name`, `option_ids`, `price`, `cost_price`, `inventory_item_id`, `recipe_id`, `image`, `is_active`, `sort_order`, `created_at`, `updated_at`) VALUES
('be951b4b-f421-4112-a9fa-2c9c9c0434e8', '1fcc6195-3ed1-453c-8b99-7a3579ab1e60', 'ICE-LAT-001-V238', NULL, 'Iced Latte - Less Ice / 50% / Almond Milk / Large', '[\"f3e263dc-8724-4499-ab5a-6f232e257642\",\"52a108f2-cad2-44c9-a2e9-4a00f7378331\",\"2bb41abb-44be-48d0-ba0e-813382cc1fd8\",\"322f55ab-80e6-4f9f-a222-8e0578a60e50\"]', 53000.00, 11000.00, NULL, NULL, NULL, 1, 237, '2026-05-23 03:14:04', '2026-05-23 03:14:04'),
('be9a24c0-2464-437c-a1a5-cec14100a772', '3e0acf7a-37c4-4add-bbe2-4f533165d9e7', 'TEA-CL-001-V147', NULL, 'Chai Latte - Iced / Oat Milk / Large / 100% (Normal)', '[\"f3e263dc-8724-4499-ab5a-6f232e257642\",\"19346fb1-059e-41b3-ab8a-88077ff4985c\",\"873b34a2-268a-4932-a9aa-d368bd1f15f7\",\"6324d9b0-633b-4116-99ca-b48424ddbba5\"]', 53000.00, 10000.00, NULL, NULL, NULL, 1, 146, '2026-05-23 03:14:05', '2026-05-23 03:14:05'),
('bea92ff5-633a-4237-865e-7f2ce08d376b', '372ca7f6-3db0-4726-949c-5871626ae4fe', 'CHOCO-HOT-001-V31', NULL, 'Hot Chocolate - Regular Milk / Medium / 25%', '[\"61b07662-86d3-40e4-84a8-276ac3dcd978\",\"713c3c97-49d7-4059-9b4b-1f498206c998\",\"8c291576-e719-4b19-97fb-483d667f92cc\"]', 35000.00, 9000.00, NULL, NULL, NULL, 1, 30, '2026-05-23 03:14:05', '2026-05-23 03:14:05'),
('bedce7e7-c3e6-4399-8a70-0de73e8db18d', 'fb3613d7-2fd4-4119-8804-d923a10c3415', 'HOT-CAP-001-V4', NULL, 'Cappuccino - Small / 0% (No Sugar) / Soy Milk', '[\"2171395e-7935-49f5-9f7a-3e8941a915fa\",\"6b991074-588c-43a8-84c5-70a852d1ca95\",\"5cc4e691-6cab-4cd2-b8dd-99c74ec54473\"]', 37000.00, 10000.00, NULL, NULL, NULL, 1, 3, '2026-05-23 03:14:02', '2026-05-23 03:14:02'),
('bede6bd4-9adc-44be-a1d1-31f58dbe34bb', 'fb3613d7-2fd4-4119-8804-d923a10c3415', 'HOT-CAP-001-V6', NULL, 'Cappuccino - Small / Regular Milk / 25%', '[\"2171395e-7935-49f5-9f7a-3e8941a915fa\",\"713c3c97-49d7-4059-9b4b-1f498206c998\",\"8c291576-e719-4b19-97fb-483d667f92cc\"]', 32000.00, 10000.00, NULL, NULL, NULL, 1, 5, '2026-05-23 03:14:02', '2026-05-23 03:14:02'),
('bef15401-ef5c-413d-927f-7a3dd99e02d2', '92923011-cecd-4166-a42d-6487b490275f', 'HOT-AME-001-V11', NULL, 'Americano - 0% (No Sugar) / Large', '[\"f3e263dc-8724-4499-ab5a-6f232e257642\",\"6b991074-588c-43a8-84c5-70a852d1ca95\"]', 38000.00, 8000.00, NULL, NULL, NULL, 1, 10, '2026-05-23 03:14:02', '2026-05-23 03:14:02'),
('bef228c5-50b0-46e4-81ec-57e59043d015', '3e0acf7a-37c4-4add-bbe2-4f533165d9e7', 'TEA-CL-001-V116', NULL, 'Chai Latte - Regular Milk / Hot / Large / 75%', '[\"f3e263dc-8724-4499-ab5a-6f232e257642\",\"aeefcc85-aa18-49dd-804d-b98c1feb5ae4\",\"834c34b9-dfe6-40da-932d-72098f69c9b7\",\"8c291576-e719-4b19-97fb-483d667f92cc\"]', 42000.00, 10000.00, NULL, NULL, NULL, 1, 115, '2026-05-23 03:14:05', '2026-05-23 03:14:05'),
('bf0bcf10-333a-403a-9c93-6947699d0282', '1fcc6195-3ed1-453c-8b99-7a3579ab1e60', 'ICE-LAT-001-V252', NULL, 'Iced Latte - 0% (No Sugar) / Oat Milk / Normal Ice / Large', '[\"f3e263dc-8724-4499-ab5a-6f232e257642\",\"b35d8b3c-7ef2-4abc-af56-5ae51da4bc32\",\"6b991074-588c-43a8-84c5-70a852d1ca95\",\"6324d9b0-633b-4116-99ca-b48424ddbba5\"]', 53000.00, 11000.00, NULL, NULL, NULL, 1, 251, '2026-05-23 03:14:04', '2026-05-23 03:14:04'),
('bf0c15ad-09c2-4490-aafa-93e81400f05f', '1fcc6195-3ed1-453c-8b99-7a3579ab1e60', 'ICE-LAT-001-V110', NULL, 'Iced Latte - No Ice / Medium / 25% / Coconut Milk', '[\"61b07662-86d3-40e4-84a8-276ac3dcd978\",\"989baece-dbd1-4821-9605-76f13862b0a7\",\"713c3c97-49d7-4059-9b4b-1f498206c998\",\"17c5a087-cdbc-4d5e-a025-2f8e30060abf\"]', 46000.00, 11000.00, NULL, NULL, NULL, 1, 109, '2026-05-23 03:14:03', '2026-05-23 03:14:03'),
('bf124a36-0790-4190-add3-0e1e102d55c1', '0caa53a2-18b3-416f-8b28-c57e1208ba2c', 'ICE-CB-001-V51', NULL, 'Cold Brew - 0% (No Sugar) / Normal Ice / Large', '[\"f3e263dc-8724-4499-ab5a-6f232e257642\",\"b35d8b3c-7ef2-4abc-af56-5ae51da4bc32\",\"6b991074-588c-43a8-84c5-70a852d1ca95\"]', 48000.00, 12000.00, NULL, NULL, NULL, 1, 50, '2026-05-23 03:14:04', '2026-05-23 03:14:04'),
('bf5e18f0-15b9-43da-8a31-31115904fdfd', '1fcc6195-3ed1-453c-8b99-7a3579ab1e60', 'ICE-LAT-001-V69', NULL, 'Iced Latte - Small / Normal Ice / Soy Milk / 75%', '[\"2171395e-7935-49f5-9f7a-3e8941a915fa\",\"b35d8b3c-7ef2-4abc-af56-5ae51da4bc32\",\"834c34b9-dfe6-40da-932d-72098f69c9b7\",\"5cc4e691-6cab-4cd2-b8dd-99c74ec54473\"]', 40000.00, 11000.00, NULL, NULL, NULL, 1, 68, '2026-05-23 03:14:03', '2026-05-23 03:14:03'),
('bf746d8f-5a65-4a1f-bc97-a124c13ce0a5', 'fb3613d7-2fd4-4119-8804-d923a10c3415', 'HOT-CAP-001-V38', NULL, 'Cappuccino - Medium / 50% / Almond Milk', '[\"61b07662-86d3-40e4-84a8-276ac3dcd978\",\"2bb41abb-44be-48d0-ba0e-813382cc1fd8\",\"322f55ab-80e6-4f9f-a222-8e0578a60e50\"]', 45000.00, 10000.00, NULL, NULL, NULL, 1, 37, '2026-05-23 03:14:02', '2026-05-23 03:14:02'),
('bfabd618-27a9-423d-9c81-946ae1a05c6c', '1fcc6195-3ed1-453c-8b99-7a3579ab1e60', 'ICE-LAT-001-V185', NULL, 'Iced Latte - Medium / 25% / Extra Ice / Coconut Milk', '[\"61b07662-86d3-40e4-84a8-276ac3dcd978\",\"14d9aa0a-e8db-4512-8dcd-b27204eace9b\",\"713c3c97-49d7-4059-9b4b-1f498206c998\",\"17c5a087-cdbc-4d5e-a025-2f8e30060abf\"]', 46000.00, 11000.00, NULL, NULL, NULL, 1, 184, '2026-05-23 03:14:04', '2026-05-23 03:14:04'),
('bfae8b8d-6e74-4de1-a9ef-45b68136c145', '1fcc6195-3ed1-453c-8b99-7a3579ab1e60', 'ICE-LAT-001-V109', NULL, 'Iced Latte - No Ice / Medium / 25% / Soy Milk', '[\"61b07662-86d3-40e4-84a8-276ac3dcd978\",\"989baece-dbd1-4821-9605-76f13862b0a7\",\"713c3c97-49d7-4059-9b4b-1f498206c998\",\"5cc4e691-6cab-4cd2-b8dd-99c74ec54473\"]', 45000.00, 11000.00, NULL, NULL, NULL, 1, 108, '2026-05-23 03:14:03', '2026-05-23 03:14:03'),
('bfe8399b-0ab3-40e3-8ac9-4bc74c30ac67', '98fd8efd-a30f-4456-b83e-9544b36eeeeb', 'CHOCO-ICE-001-V299', NULL, 'Iced Chocolate - Large / Extra Ice / Soy Milk / 100% (Normal)', '[\"f3e263dc-8724-4499-ab5a-6f232e257642\",\"14d9aa0a-e8db-4512-8dcd-b27204eace9b\",\"873b34a2-268a-4932-a9aa-d368bd1f15f7\",\"5cc4e691-6cab-4cd2-b8dd-99c74ec54473\"]', 47000.00, 10000.00, NULL, NULL, NULL, 1, 298, '2026-05-23 03:14:07', '2026-05-23 03:14:07'),
('c00fd342-c654-416a-8d26-d75f78e06d9d', '372ca7f6-3db0-4726-949c-5871626ae4fe', 'CHOCO-HOT-001-V49', NULL, 'Hot Chocolate - Medium / Soy Milk / 100% (Normal)', '[\"61b07662-86d3-40e4-84a8-276ac3dcd978\",\"873b34a2-268a-4932-a9aa-d368bd1f15f7\",\"5cc4e691-6cab-4cd2-b8dd-99c74ec54473\"]', 40000.00, 9000.00, NULL, NULL, NULL, 1, 48, '2026-05-23 03:14:06', '2026-05-23 03:14:06'),
('c01a88b4-c07b-49ae-b916-e2a3e7648bfa', '0caa53a2-18b3-416f-8b28-c57e1208ba2c', 'ICE-CB-001-V10', NULL, 'Cold Brew - Small / Less Ice / 100% (Normal)', '[\"2171395e-7935-49f5-9f7a-3e8941a915fa\",\"52a108f2-cad2-44c9-a2e9-4a00f7378331\",\"873b34a2-268a-4932-a9aa-d368bd1f15f7\"]', 38000.00, 12000.00, NULL, NULL, NULL, 1, 9, '2026-05-23 03:14:04', '2026-05-23 03:14:04'),
('c044d5d2-e400-4af4-81cf-53dd062c1446', '4f92d1dc-690a-4bfd-9ca3-84a39abd89de', 'HOT-LAT-001-V53', NULL, 'Cafe Latte - 0% (No Sugar) / Almond Milk / Large', '[\"f3e263dc-8724-4499-ab5a-6f232e257642\",\"6b991074-588c-43a8-84c5-70a852d1ca95\",\"322f55ab-80e6-4f9f-a222-8e0578a60e50\"]', 50000.00, 10000.00, NULL, NULL, NULL, 1, 52, '2026-05-23 03:14:03', '2026-05-23 03:14:03'),
('c0ae6c41-4357-448d-b4ef-3241227e008f', '0caa53a2-18b3-416f-8b28-c57e1208ba2c', 'ICE-CB-001-V58', NULL, 'Cold Brew - 50% / Large / Extra Ice', '[\"f3e263dc-8724-4499-ab5a-6f232e257642\",\"14d9aa0a-e8db-4512-8dcd-b27204eace9b\",\"2bb41abb-44be-48d0-ba0e-813382cc1fd8\"]', 48000.00, 12000.00, NULL, NULL, NULL, 1, 57, '2026-05-23 03:14:04', '2026-05-23 03:14:04'),
('c0af3bbf-e2b4-4b95-81a0-957c576c0d35', '0fc5eee9-ad2d-4687-b636-dc7b2485e9e9', 'TEA-GTL-001-V74', NULL, 'Green Tea Latte - Hot / Medium / Soy Milk / 100% (Normal)', '[\"61b07662-86d3-40e4-84a8-276ac3dcd978\",\"aeefcc85-aa18-49dd-804d-b98c1feb5ae4\",\"873b34a2-268a-4932-a9aa-d368bd1f15f7\",\"5cc4e691-6cab-4cd2-b8dd-99c74ec54473\"]', 45000.00, 12000.00, NULL, NULL, NULL, 1, 73, '2026-05-23 03:14:05', '2026-05-23 03:14:05'),
('c0cf51b6-039f-4807-abe1-09d740780abb', '1fcc6195-3ed1-453c-8b99-7a3579ab1e60', 'ICE-LAT-001-V99', NULL, 'Iced Latte - Small / Extra Ice / Soy Milk / 100% (Normal)', '[\"2171395e-7935-49f5-9f7a-3e8941a915fa\",\"14d9aa0a-e8db-4512-8dcd-b27204eace9b\",\"873b34a2-268a-4932-a9aa-d368bd1f15f7\",\"5cc4e691-6cab-4cd2-b8dd-99c74ec54473\"]', 40000.00, 11000.00, NULL, NULL, NULL, 1, 98, '2026-05-23 03:14:03', '2026-05-23 03:14:03'),
('c0d76f21-aea8-4b26-8118-5fa0db57ae0d', '873fd30d-c076-46be-b7fe-98ea7b797a53', 'ICE-AME-001-V50', NULL, 'Iced Americano - Less Ice / Large / 100% (Normal)', '[\"f3e263dc-8724-4499-ab5a-6f232e257642\",\"52a108f2-cad2-44c9-a2e9-4a00f7378331\",\"873b34a2-268a-4932-a9aa-d368bd1f15f7\"]', 40000.00, 9000.00, NULL, NULL, NULL, 1, 49, '2026-05-23 03:14:03', '2026-05-23 03:14:03'),
('c1137308-2420-4c33-b9da-f941085a134c', '98fd8efd-a30f-4456-b83e-9544b36eeeeb', 'CHOCO-ICE-001-V164', NULL, 'Iced Chocolate - Medium / 50% / Normal Ice / Soy Milk', '[\"61b07662-86d3-40e4-84a8-276ac3dcd978\",\"b35d8b3c-7ef2-4abc-af56-5ae51da4bc32\",\"2bb41abb-44be-48d0-ba0e-813382cc1fd8\",\"5cc4e691-6cab-4cd2-b8dd-99c74ec54473\"]', 42000.00, 10000.00, NULL, NULL, NULL, 1, 163, '2026-05-23 03:14:06', '2026-05-23 03:14:06'),
('c18d2812-ef26-4971-8aef-7971ad48a80c', '1fcc6195-3ed1-453c-8b99-7a3579ab1e60', 'ICE-LAT-001-V112', NULL, 'Iced Latte - No Ice / Medium / Oat Milk / 50%', '[\"61b07662-86d3-40e4-84a8-276ac3dcd978\",\"989baece-dbd1-4821-9605-76f13862b0a7\",\"2bb41abb-44be-48d0-ba0e-813382cc1fd8\",\"6324d9b0-633b-4116-99ca-b48424ddbba5\"]', 48000.00, 11000.00, NULL, NULL, NULL, 1, 111, '2026-05-23 03:14:03', '2026-05-23 03:14:03'),
('c1a39aee-b6ef-4f15-93cd-520d8a3456a7', 'fb3613d7-2fd4-4119-8804-d923a10c3415', 'HOT-CAP-001-V55', NULL, 'Cappuccino - 0% (No Sugar) / Large / Coconut Milk', '[\"f3e263dc-8724-4499-ab5a-6f232e257642\",\"6b991074-588c-43a8-84c5-70a852d1ca95\",\"17c5a087-cdbc-4d5e-a025-2f8e30060abf\"]', 48000.00, 10000.00, NULL, NULL, NULL, 1, 54, '2026-05-23 03:14:02', '2026-05-23 03:14:02'),
('c222fbc1-2f9b-4a72-884e-08481f6fa638', '372ca7f6-3db0-4726-949c-5871626ae4fe', 'CHOCO-HOT-001-V35', NULL, 'Hot Chocolate - Medium / 25% / Coconut Milk', '[\"61b07662-86d3-40e4-84a8-276ac3dcd978\",\"713c3c97-49d7-4059-9b4b-1f498206c998\",\"17c5a087-cdbc-4d5e-a025-2f8e30060abf\"]', 41000.00, 9000.00, NULL, NULL, NULL, 1, 34, '2026-05-23 03:14:05', '2026-05-23 03:14:05'),
('c25ab997-6d55-4916-b50b-f15924de53e0', '873fd30d-c076-46be-b7fe-98ea7b797a53', 'ICE-AME-001-V21', NULL, 'Iced Americano - 0% (No Sugar) / No Ice / Medium', '[\"61b07662-86d3-40e4-84a8-276ac3dcd978\",\"989baece-dbd1-4821-9605-76f13862b0a7\",\"6b991074-588c-43a8-84c5-70a852d1ca95\"]', 35000.00, 9000.00, NULL, NULL, NULL, 1, 20, '2026-05-23 03:14:03', '2026-05-23 03:14:03'),
('c2899415-2f2b-4085-bfbf-714c9825d113', '3e0acf7a-37c4-4add-bbe2-4f533165d9e7', 'TEA-CL-001-V122', NULL, 'Chai Latte - Hot / Oat Milk / Large / 100% (Normal)', '[\"f3e263dc-8724-4499-ab5a-6f232e257642\",\"aeefcc85-aa18-49dd-804d-b98c1feb5ae4\",\"873b34a2-268a-4932-a9aa-d368bd1f15f7\",\"6324d9b0-633b-4116-99ca-b48424ddbba5\"]', 50000.00, 10000.00, NULL, NULL, NULL, 1, 121, '2026-05-23 03:14:05', '2026-05-23 03:14:05'),
('c2b9d4db-21cc-4f8d-ac2a-16caa4f9d660', '1fcc6195-3ed1-453c-8b99-7a3579ab1e60', 'ICE-LAT-001-V141', NULL, 'Iced Latte - Regular Milk / Less Ice / Medium / 75%', '[\"61b07662-86d3-40e4-84a8-276ac3dcd978\",\"52a108f2-cad2-44c9-a2e9-4a00f7378331\",\"834c34b9-dfe6-40da-932d-72098f69c9b7\",\"8c291576-e719-4b19-97fb-483d667f92cc\"]', 40000.00, 11000.00, NULL, NULL, NULL, 1, 140, '2026-05-23 03:14:03', '2026-05-23 03:14:03'),
('c2d7d35c-fe1e-45aa-b5af-3a8efcc5eacb', '4f92d1dc-690a-4bfd-9ca3-84a39abd89de', 'HOT-LAT-001-V24', NULL, 'Cafe Latte - Small / Soy Milk / 100% (Normal)', '[\"2171395e-7935-49f5-9f7a-3e8941a915fa\",\"873b34a2-268a-4932-a9aa-d368bd1f15f7\",\"5cc4e691-6cab-4cd2-b8dd-99c74ec54473\"]', 37000.00, 10000.00, NULL, NULL, NULL, 1, 23, '2026-05-23 03:14:02', '2026-05-23 03:14:02'),
('c32776fe-9cf8-423d-8aa9-4805769d37ac', '873fd30d-c076-46be-b7fe-98ea7b797a53', 'ICE-AME-001-V25', NULL, 'Iced Americano - No Ice / Medium / 100% (Normal)', '[\"61b07662-86d3-40e4-84a8-276ac3dcd978\",\"989baece-dbd1-4821-9605-76f13862b0a7\",\"873b34a2-268a-4932-a9aa-d368bd1f15f7\"]', 35000.00, 9000.00, NULL, NULL, NULL, 1, 24, '2026-05-23 03:14:03', '2026-05-23 03:14:03'),
('c3648fe6-819f-4ffb-8440-953c8a0df678', '1fcc6195-3ed1-453c-8b99-7a3579ab1e60', 'ICE-LAT-001-V26', NULL, 'Iced Latte - Small / 0% (No Sugar) / Regular Milk / Less Ice', '[\"2171395e-7935-49f5-9f7a-3e8941a915fa\",\"52a108f2-cad2-44c9-a2e9-4a00f7378331\",\"6b991074-588c-43a8-84c5-70a852d1ca95\",\"8c291576-e719-4b19-97fb-483d667f92cc\"]', 35000.00, 11000.00, NULL, NULL, NULL, 1, 25, '2026-05-23 03:14:03', '2026-05-23 03:14:03'),
('c3b6eaa8-4990-445a-b4c5-06371849c494', '98fd8efd-a30f-4456-b83e-9544b36eeeeb', 'CHOCO-ICE-001-V24', NULL, 'Iced Chocolate - Small / No Ice / Soy Milk / 100% (Normal)', '[\"2171395e-7935-49f5-9f7a-3e8941a915fa\",\"989baece-dbd1-4821-9605-76f13862b0a7\",\"873b34a2-268a-4932-a9aa-d368bd1f15f7\",\"5cc4e691-6cab-4cd2-b8dd-99c74ec54473\"]', 37000.00, 10000.00, NULL, NULL, NULL, 1, 23, '2026-05-23 03:14:06', '2026-05-23 03:14:06'),
('c3d0dc21-8d73-4a28-ac81-4e5653754021', '873fd30d-c076-46be-b7fe-98ea7b797a53', 'ICE-AME-001-V55', NULL, 'Iced Americano - Normal Ice / Large / 100% (Normal)', '[\"f3e263dc-8724-4499-ab5a-6f232e257642\",\"b35d8b3c-7ef2-4abc-af56-5ae51da4bc32\",\"873b34a2-268a-4932-a9aa-d368bd1f15f7\"]', 40000.00, 9000.00, NULL, NULL, NULL, 1, 54, '2026-05-23 03:14:03', '2026-05-23 03:14:03'),
('c3f83992-c145-4815-a199-702d24f4ae64', '3e0acf7a-37c4-4add-bbe2-4f533165d9e7', 'TEA-CL-001-V78', NULL, 'Chai Latte - 0% (No Sugar) / Iced / Medium / Almond Milk', '[\"61b07662-86d3-40e4-84a8-276ac3dcd978\",\"19346fb1-059e-41b3-ab8a-88077ff4985c\",\"6b991074-588c-43a8-84c5-70a852d1ca95\",\"322f55ab-80e6-4f9f-a222-8e0578a60e50\"]', 48000.00, 10000.00, NULL, NULL, NULL, 1, 77, '2026-05-23 03:14:05', '2026-05-23 03:14:05'),
('c447eb9f-cb9b-48e9-8c55-d8fb4629bb56', '98fd8efd-a30f-4456-b83e-9544b36eeeeb', 'CHOCO-ICE-001-V8', NULL, 'Iced Chocolate - Small / No Ice / 25% / Almond Milk', '[\"2171395e-7935-49f5-9f7a-3e8941a915fa\",\"989baece-dbd1-4821-9605-76f13862b0a7\",\"713c3c97-49d7-4059-9b4b-1f498206c998\",\"322f55ab-80e6-4f9f-a222-8e0578a60e50\"]', 40000.00, 10000.00, NULL, NULL, NULL, 1, 7, '2026-05-23 03:14:06', '2026-05-23 03:14:06'),
('c47e73aa-0498-44ac-9cf9-cd70cb5999da', '1fcc6195-3ed1-453c-8b99-7a3579ab1e60', 'ICE-LAT-001-V247', NULL, 'Iced Latte - Less Ice / Oat Milk / Large / 100% (Normal)', '[\"f3e263dc-8724-4499-ab5a-6f232e257642\",\"52a108f2-cad2-44c9-a2e9-4a00f7378331\",\"873b34a2-268a-4932-a9aa-d368bd1f15f7\",\"6324d9b0-633b-4116-99ca-b48424ddbba5\"]', 53000.00, 11000.00, NULL, NULL, NULL, 1, 246, '2026-05-23 03:14:04', '2026-05-23 03:14:04'),
('c4b258dd-371b-4f21-b376-f3a77a504fbd', '6f2d59c8-1c5a-4ffe-aac4-ecf2f3d16975', 'TEA-EG-001-V8', NULL, 'Earl Grey - Small / Iced / 50%', '[\"2171395e-7935-49f5-9f7a-3e8941a915fa\",\"19346fb1-059e-41b3-ab8a-88077ff4985c\",\"2bb41abb-44be-48d0-ba0e-813382cc1fd8\"]', 28000.00, 6000.00, NULL, NULL, NULL, 1, 7, '2026-05-23 03:14:04', '2026-05-23 03:14:04'),
('c4f70c63-647b-4c24-b014-3a558218dc7e', '1fcc6195-3ed1-453c-8b99-7a3579ab1e60', 'ICE-LAT-001-V253', NULL, 'Iced Latte - 0% (No Sugar) / Almond Milk / Normal Ice / Large', '[\"f3e263dc-8724-4499-ab5a-6f232e257642\",\"b35d8b3c-7ef2-4abc-af56-5ae51da4bc32\",\"6b991074-588c-43a8-84c5-70a852d1ca95\",\"322f55ab-80e6-4f9f-a222-8e0578a60e50\"]', 53000.00, 11000.00, NULL, NULL, NULL, 1, 252, '2026-05-23 03:14:04', '2026-05-23 03:14:04'),
('c52987a1-6ca1-413e-a302-b55ce856d075', '98fd8efd-a30f-4456-b83e-9544b36eeeeb', 'CHOCO-ICE-001-V213', NULL, 'Iced Chocolate - No Ice / 50% / Almond Milk / Large', '[\"f3e263dc-8724-4499-ab5a-6f232e257642\",\"989baece-dbd1-4821-9605-76f13862b0a7\",\"2bb41abb-44be-48d0-ba0e-813382cc1fd8\",\"322f55ab-80e6-4f9f-a222-8e0578a60e50\"]', 50000.00, 10000.00, NULL, NULL, NULL, 1, 212, '2026-05-23 03:14:06', '2026-05-23 03:14:06'),
('c54f8748-8e4c-49bf-908b-4131645ede1d', '98fd8efd-a30f-4456-b83e-9544b36eeeeb', 'CHOCO-ICE-001-V175', NULL, 'Iced Chocolate - Medium / Normal Ice / Coconut Milk / 100% (Normal)', '[\"61b07662-86d3-40e4-84a8-276ac3dcd978\",\"b35d8b3c-7ef2-4abc-af56-5ae51da4bc32\",\"873b34a2-268a-4932-a9aa-d368bd1f15f7\",\"17c5a087-cdbc-4d5e-a025-2f8e30060abf\"]', 43000.00, 10000.00, NULL, NULL, NULL, 1, 174, '2026-05-23 03:14:06', '2026-05-23 03:14:06'),
('c57e6b00-50ec-4be7-8ea6-a27c3cf09c17', '1fcc6195-3ed1-453c-8b99-7a3579ab1e60', 'ICE-LAT-001-V113', NULL, 'Iced Latte - No Ice / Medium / 50% / Almond Milk', '[\"61b07662-86d3-40e4-84a8-276ac3dcd978\",\"989baece-dbd1-4821-9605-76f13862b0a7\",\"2bb41abb-44be-48d0-ba0e-813382cc1fd8\",\"322f55ab-80e6-4f9f-a222-8e0578a60e50\"]', 48000.00, 11000.00, NULL, NULL, NULL, 1, 112, '2026-05-23 03:14:03', '2026-05-23 03:14:03'),
('c5833b4b-459c-418e-b71c-65da203cc793', '1fcc6195-3ed1-453c-8b99-7a3579ab1e60', 'ICE-LAT-001-V102', NULL, 'Iced Latte - 0% (No Sugar) / No Ice / Medium / Oat Milk', '[\"61b07662-86d3-40e4-84a8-276ac3dcd978\",\"989baece-dbd1-4821-9605-76f13862b0a7\",\"6b991074-588c-43a8-84c5-70a852d1ca95\",\"6324d9b0-633b-4116-99ca-b48424ddbba5\"]', 48000.00, 11000.00, NULL, NULL, NULL, 1, 101, '2026-05-23 03:14:03', '2026-05-23 03:14:03'),
('c5974ad3-c556-4980-9e5f-07f585cc6dcd', '98fd8efd-a30f-4456-b83e-9544b36eeeeb', 'CHOCO-ICE-001-V184', NULL, 'Iced Chocolate - Medium / 25% / Extra Ice / Soy Milk', '[\"61b07662-86d3-40e4-84a8-276ac3dcd978\",\"14d9aa0a-e8db-4512-8dcd-b27204eace9b\",\"713c3c97-49d7-4059-9b4b-1f498206c998\",\"5cc4e691-6cab-4cd2-b8dd-99c74ec54473\"]', 42000.00, 10000.00, NULL, NULL, NULL, 1, 183, '2026-05-23 03:14:06', '2026-05-23 03:14:06'),
('c5c4c1a3-4324-4b78-bf82-432101a7a106', '372ca7f6-3db0-4726-949c-5871626ae4fe', 'CHOCO-HOT-001-V13', NULL, 'Hot Chocolate - Small / 50% / Almond Milk', '[\"2171395e-7935-49f5-9f7a-3e8941a915fa\",\"2bb41abb-44be-48d0-ba0e-813382cc1fd8\",\"322f55ab-80e6-4f9f-a222-8e0578a60e50\"]', 38000.00, 9000.00, NULL, NULL, NULL, 1, 12, '2026-05-23 03:14:05', '2026-05-23 03:14:05'),
('c60b2823-6fc8-44a3-ac43-6451b5cd2594', '98fd8efd-a30f-4456-b83e-9544b36eeeeb', 'CHOCO-ICE-001-V243', NULL, 'Iced Chocolate - Less Ice / Almond Milk / Large / 75%', '[\"f3e263dc-8724-4499-ab5a-6f232e257642\",\"52a108f2-cad2-44c9-a2e9-4a00f7378331\",\"834c34b9-dfe6-40da-932d-72098f69c9b7\",\"322f55ab-80e6-4f9f-a222-8e0578a60e50\"]', 50000.00, 10000.00, NULL, NULL, NULL, 1, 242, '2026-05-23 03:14:07', '2026-05-23 03:14:07'),
('c655830d-58ef-4d1d-b68a-8764a8324bc4', '873fd30d-c076-46be-b7fe-98ea7b797a53', 'ICE-AME-001-V1', NULL, 'Iced Americano - Small / 0% (No Sugar) / No Ice', '[\"2171395e-7935-49f5-9f7a-3e8941a915fa\",\"989baece-dbd1-4821-9605-76f13862b0a7\",\"6b991074-588c-43a8-84c5-70a852d1ca95\"]', 30000.00, 9000.00, NULL, NULL, NULL, 1, 0, '2026-05-23 03:14:03', '2026-05-23 03:14:03'),
('c6f11e50-2dec-46ec-aaa2-0e23f26903fa', '4f92d1dc-690a-4bfd-9ca3-84a39abd89de', 'HOT-LAT-001-V68', NULL, 'Cafe Latte - Almond Milk / Large / 75%', '[\"f3e263dc-8724-4499-ab5a-6f232e257642\",\"834c34b9-dfe6-40da-932d-72098f69c9b7\",\"322f55ab-80e6-4f9f-a222-8e0578a60e50\"]', 50000.00, 10000.00, NULL, NULL, NULL, 1, 67, '2026-05-23 03:14:03', '2026-05-23 03:14:03'),
('c71a2a22-9d71-4cf8-bd75-ca91f0475099', '1fcc6195-3ed1-453c-8b99-7a3579ab1e60', 'ICE-LAT-001-V46', NULL, 'Iced Latte - Small / Regular Milk / Less Ice / 100% (Normal)', '[\"2171395e-7935-49f5-9f7a-3e8941a915fa\",\"52a108f2-cad2-44c9-a2e9-4a00f7378331\",\"873b34a2-268a-4932-a9aa-d368bd1f15f7\",\"8c291576-e719-4b19-97fb-483d667f92cc\"]', 35000.00, 11000.00, NULL, NULL, NULL, 1, 45, '2026-05-23 03:14:03', '2026-05-23 03:14:03'),
('c79add6a-82ce-4581-a68e-b081f3409cc4', '3e0acf7a-37c4-4add-bbe2-4f533165d9e7', 'TEA-CL-001-V29', NULL, 'Chai Latte - Small / 0% (No Sugar) / Iced / Soy Milk', '[\"2171395e-7935-49f5-9f7a-3e8941a915fa\",\"19346fb1-059e-41b3-ab8a-88077ff4985c\",\"6b991074-588c-43a8-84c5-70a852d1ca95\",\"5cc4e691-6cab-4cd2-b8dd-99c74ec54473\"]', 40000.00, 10000.00, NULL, NULL, NULL, 1, 28, '2026-05-23 03:14:05', '2026-05-23 03:14:05'),
('c7aa2cd4-4b68-427b-9204-3ad19bb2b72a', '98fd8efd-a30f-4456-b83e-9544b36eeeeb', 'CHOCO-ICE-001-V215', NULL, 'Iced Chocolate - No Ice / 50% / Large / Coconut Milk', '[\"f3e263dc-8724-4499-ab5a-6f232e257642\",\"989baece-dbd1-4821-9605-76f13862b0a7\",\"2bb41abb-44be-48d0-ba0e-813382cc1fd8\",\"17c5a087-cdbc-4d5e-a025-2f8e30060abf\"]', 48000.00, 10000.00, NULL, NULL, NULL, 1, 214, '2026-05-23 03:14:06', '2026-05-23 03:14:06'),
('c7c243c7-f9ba-4043-946c-e319de7ef15e', '0fc5eee9-ad2d-4687-b636-dc7b2485e9e9', 'TEA-GTL-001-V112', NULL, 'Green Tea Latte - Hot / Oat Milk / 50% / Large', '[\"f3e263dc-8724-4499-ab5a-6f232e257642\",\"aeefcc85-aa18-49dd-804d-b98c1feb5ae4\",\"2bb41abb-44be-48d0-ba0e-813382cc1fd8\",\"6324d9b0-633b-4116-99ca-b48424ddbba5\"]', 53000.00, 12000.00, NULL, NULL, NULL, 1, 111, '2026-05-23 03:14:05', '2026-05-23 03:14:05'),
('c7d23ac8-1994-4f8d-b144-e29d2b61e519', 'fb3613d7-2fd4-4119-8804-d923a10c3415', 'HOT-CAP-001-V70', NULL, 'Cappuccino - Large / 75% / Coconut Milk', '[\"f3e263dc-8724-4499-ab5a-6f232e257642\",\"834c34b9-dfe6-40da-932d-72098f69c9b7\",\"17c5a087-cdbc-4d5e-a025-2f8e30060abf\"]', 48000.00, 10000.00, NULL, NULL, NULL, 1, 69, '2026-05-23 03:14:02', '2026-05-23 03:14:02'),
('c7e11afe-9c6f-4141-b2ec-77daf22fa954', '1fcc6195-3ed1-453c-8b99-7a3579ab1e60', 'ICE-LAT-001-V205', NULL, 'Iced Latte - 0% (No Sugar) / No Ice / Large / Coconut Milk', '[\"f3e263dc-8724-4499-ab5a-6f232e257642\",\"989baece-dbd1-4821-9605-76f13862b0a7\",\"6b991074-588c-43a8-84c5-70a852d1ca95\",\"17c5a087-cdbc-4d5e-a025-2f8e30060abf\"]', 51000.00, 11000.00, NULL, NULL, NULL, 1, 204, '2026-05-23 03:14:04', '2026-05-23 03:14:04'),
('c8239970-54f1-417c-86d5-2f5a301925f7', '372ca7f6-3db0-4726-949c-5871626ae4fe', 'CHOCO-HOT-001-V61', NULL, 'Hot Chocolate - Regular Milk / 50% / Large', '[\"f3e263dc-8724-4499-ab5a-6f232e257642\",\"2bb41abb-44be-48d0-ba0e-813382cc1fd8\",\"8c291576-e719-4b19-97fb-483d667f92cc\"]', 40000.00, 9000.00, NULL, NULL, NULL, 1, 60, '2026-05-23 03:14:06', '2026-05-23 03:14:06'),
('c84cea96-5bb0-43bc-a9ab-70fb5cb01dfb', '98fd8efd-a30f-4456-b83e-9544b36eeeeb', 'CHOCO-ICE-001-V81', NULL, 'Iced Chocolate - Small / Regular Milk / 25% / Extra Ice', '[\"2171395e-7935-49f5-9f7a-3e8941a915fa\",\"14d9aa0a-e8db-4512-8dcd-b27204eace9b\",\"713c3c97-49d7-4059-9b4b-1f498206c998\",\"8c291576-e719-4b19-97fb-483d667f92cc\"]', 32000.00, 10000.00, NULL, NULL, NULL, 1, 80, '2026-05-23 03:14:06', '2026-05-23 03:14:06'),
('c892b283-e178-46cd-b492-7e79241de6ce', '98fd8efd-a30f-4456-b83e-9544b36eeeeb', 'CHOCO-ICE-001-V254', NULL, 'Iced Chocolate - 0% (No Sugar) / Normal Ice / Large / Soy Milk', '[\"f3e263dc-8724-4499-ab5a-6f232e257642\",\"b35d8b3c-7ef2-4abc-af56-5ae51da4bc32\",\"6b991074-588c-43a8-84c5-70a852d1ca95\",\"5cc4e691-6cab-4cd2-b8dd-99c74ec54473\"]', 47000.00, 10000.00, NULL, NULL, NULL, 1, 253, '2026-05-23 03:14:07', '2026-05-23 03:14:07'),
('c91ab3d9-4e8d-4183-9cd7-0dd5f4d75f71', 'fb3613d7-2fd4-4119-8804-d923a10c3415', 'HOT-CAP-001-V33', NULL, 'Cappuccino - Medium / 25% / Almond Milk', '[\"61b07662-86d3-40e4-84a8-276ac3dcd978\",\"713c3c97-49d7-4059-9b4b-1f498206c998\",\"322f55ab-80e6-4f9f-a222-8e0578a60e50\"]', 45000.00, 10000.00, NULL, NULL, NULL, 1, 32, '2026-05-23 03:14:02', '2026-05-23 03:14:02'),
('c99a176e-3892-4854-a0d6-a41defc01516', '98fd8efd-a30f-4456-b83e-9544b36eeeeb', 'CHOCO-ICE-001-V181', NULL, 'Iced Chocolate - Regular Milk / Medium / 25% / Extra Ice', '[\"61b07662-86d3-40e4-84a8-276ac3dcd978\",\"14d9aa0a-e8db-4512-8dcd-b27204eace9b\",\"713c3c97-49d7-4059-9b4b-1f498206c998\",\"8c291576-e719-4b19-97fb-483d667f92cc\"]', 37000.00, 10000.00, NULL, NULL, NULL, 1, 180, '2026-05-23 03:14:06', '2026-05-23 03:14:06'),
('c9ca9b82-e6d5-493b-b651-a36ea5650b82', '98fd8efd-a30f-4456-b83e-9544b36eeeeb', 'CHOCO-ICE-001-V58', NULL, 'Iced Chocolate - Small / 25% / Almond Milk / Normal Ice', '[\"2171395e-7935-49f5-9f7a-3e8941a915fa\",\"b35d8b3c-7ef2-4abc-af56-5ae51da4bc32\",\"713c3c97-49d7-4059-9b4b-1f498206c998\",\"322f55ab-80e6-4f9f-a222-8e0578a60e50\"]', 40000.00, 10000.00, NULL, NULL, NULL, 1, 57, '2026-05-23 03:14:06', '2026-05-23 03:14:06'),
('ca02b522-d79a-4d43-8d0b-2f6ca731a8a8', '1fcc6195-3ed1-453c-8b99-7a3579ab1e60', 'ICE-LAT-001-V21', NULL, 'Iced Latte - Small / Regular Milk / No Ice / 100% (Normal)', '[\"2171395e-7935-49f5-9f7a-3e8941a915fa\",\"989baece-dbd1-4821-9605-76f13862b0a7\",\"873b34a2-268a-4932-a9aa-d368bd1f15f7\",\"8c291576-e719-4b19-97fb-483d667f92cc\"]', 35000.00, 11000.00, NULL, NULL, NULL, 1, 20, '2026-05-23 03:14:03', '2026-05-23 03:14:03'),
('ca601f71-ddab-4967-a276-885d4679910f', '98fd8efd-a30f-4456-b83e-9544b36eeeeb', 'CHOCO-ICE-001-V269', NULL, 'Iced Chocolate - Normal Ice / Large / Soy Milk / 75%', '[\"f3e263dc-8724-4499-ab5a-6f232e257642\",\"b35d8b3c-7ef2-4abc-af56-5ae51da4bc32\",\"834c34b9-dfe6-40da-932d-72098f69c9b7\",\"5cc4e691-6cab-4cd2-b8dd-99c74ec54473\"]', 47000.00, 10000.00, NULL, NULL, NULL, 1, 268, '2026-05-23 03:14:07', '2026-05-23 03:14:07'),
('ca7b81a4-7657-4a53-98e5-99b67d1a4435', '0fc5eee9-ad2d-4687-b636-dc7b2485e9e9', 'TEA-GTL-001-V33', NULL, 'Green Tea Latte - Small / Iced / 25% / Almond Milk', '[\"2171395e-7935-49f5-9f7a-3e8941a915fa\",\"19346fb1-059e-41b3-ab8a-88077ff4985c\",\"713c3c97-49d7-4059-9b4b-1f498206c998\",\"322f55ab-80e6-4f9f-a222-8e0578a60e50\"]', 46000.00, 12000.00, NULL, NULL, NULL, 1, 32, '2026-05-23 03:14:04', '2026-05-23 03:14:04'),
('cacda27e-0e62-4bef-9935-e9f80b7f3f7d', '372ca7f6-3db0-4726-949c-5871626ae4fe', 'CHOCO-HOT-001-V59', NULL, 'Hot Chocolate - 25% / Large / Soy Milk', '[\"f3e263dc-8724-4499-ab5a-6f232e257642\",\"713c3c97-49d7-4059-9b4b-1f498206c998\",\"5cc4e691-6cab-4cd2-b8dd-99c74ec54473\"]', 45000.00, 9000.00, NULL, NULL, NULL, 1, 58, '2026-05-23 03:14:06', '2026-05-23 03:14:06'),
('cadc0f85-aa26-41fc-afc4-6f9334311f2f', '98fd8efd-a30f-4456-b83e-9544b36eeeeb', 'CHOCO-ICE-001-V230', NULL, 'Iced Chocolate - 0% (No Sugar) / Less Ice / Large / Coconut Milk', '[\"f3e263dc-8724-4499-ab5a-6f232e257642\",\"52a108f2-cad2-44c9-a2e9-4a00f7378331\",\"6b991074-588c-43a8-84c5-70a852d1ca95\",\"17c5a087-cdbc-4d5e-a025-2f8e30060abf\"]', 48000.00, 10000.00, NULL, NULL, NULL, 1, 229, '2026-05-23 03:14:06', '2026-05-23 03:14:06'),
('cb084335-784f-4264-9d92-a88f6a0fec85', '372ca7f6-3db0-4726-949c-5871626ae4fe', 'CHOCO-HOT-001-V62', NULL, 'Hot Chocolate - Oat Milk / 50% / Large', '[\"f3e263dc-8724-4499-ab5a-6f232e257642\",\"2bb41abb-44be-48d0-ba0e-813382cc1fd8\",\"6324d9b0-633b-4116-99ca-b48424ddbba5\"]', 48000.00, 9000.00, NULL, NULL, NULL, 1, 61, '2026-05-23 03:14:06', '2026-05-23 03:14:06'),
('cbd6f799-8890-4b7d-bd14-410514e96958', '3e0acf7a-37c4-4add-bbe2-4f533165d9e7', 'TEA-CL-001-V120', NULL, 'Chai Latte - Hot / Large / 75% / Coconut Milk', '[\"f3e263dc-8724-4499-ab5a-6f232e257642\",\"aeefcc85-aa18-49dd-804d-b98c1feb5ae4\",\"834c34b9-dfe6-40da-932d-72098f69c9b7\",\"17c5a087-cdbc-4d5e-a025-2f8e30060abf\"]', 48000.00, 10000.00, NULL, NULL, NULL, 1, 119, '2026-05-23 03:14:05', '2026-05-23 03:14:05'),
('cbf80a1e-1df0-4c5d-a079-772e848bbe7b', '98fd8efd-a30f-4456-b83e-9544b36eeeeb', 'CHOCO-ICE-001-V112', NULL, 'Iced Chocolate - No Ice / Medium / Oat Milk / 50%', '[\"61b07662-86d3-40e4-84a8-276ac3dcd978\",\"989baece-dbd1-4821-9605-76f13862b0a7\",\"2bb41abb-44be-48d0-ba0e-813382cc1fd8\",\"6324d9b0-633b-4116-99ca-b48424ddbba5\"]', 45000.00, 10000.00, NULL, NULL, NULL, 1, 111, '2026-05-23 03:14:06', '2026-05-23 03:14:06'),
('cc173ed2-1618-4b4f-bc73-b394055a364f', '98fd8efd-a30f-4456-b83e-9544b36eeeeb', 'CHOCO-ICE-001-V119', NULL, 'Iced Chocolate - No Ice / Medium / Soy Milk / 75%', '[\"61b07662-86d3-40e4-84a8-276ac3dcd978\",\"989baece-dbd1-4821-9605-76f13862b0a7\",\"834c34b9-dfe6-40da-932d-72098f69c9b7\",\"5cc4e691-6cab-4cd2-b8dd-99c74ec54473\"]', 42000.00, 10000.00, NULL, NULL, NULL, 1, 118, '2026-05-23 03:14:06', '2026-05-23 03:14:06'),
('cc3760f8-75a2-411b-a24d-fe00affbcd93', '98fd8efd-a30f-4456-b83e-9544b36eeeeb', 'CHOCO-ICE-001-V18', NULL, 'Iced Chocolate - Small / No Ice / Almond Milk / 75%', '[\"2171395e-7935-49f5-9f7a-3e8941a915fa\",\"989baece-dbd1-4821-9605-76f13862b0a7\",\"834c34b9-dfe6-40da-932d-72098f69c9b7\",\"322f55ab-80e6-4f9f-a222-8e0578a60e50\"]', 40000.00, 10000.00, NULL, NULL, NULL, 1, 17, '2026-05-23 03:14:06', '2026-05-23 03:14:06'),
('cc624ea4-1fa7-4799-b546-c4e60f2f0c22', '98fd8efd-a30f-4456-b83e-9544b36eeeeb', 'CHOCO-ICE-001-V71', NULL, 'Iced Chocolate - Small / Regular Milk / Normal Ice / 100% (Normal)', '[\"2171395e-7935-49f5-9f7a-3e8941a915fa\",\"b35d8b3c-7ef2-4abc-af56-5ae51da4bc32\",\"873b34a2-268a-4932-a9aa-d368bd1f15f7\",\"8c291576-e719-4b19-97fb-483d667f92cc\"]', 32000.00, 10000.00, NULL, NULL, NULL, 1, 70, '2026-05-23 03:14:06', '2026-05-23 03:14:06'),
('cc71d90c-9142-4205-b4e2-8cd0e4b8d5d5', '0fc5eee9-ad2d-4687-b636-dc7b2485e9e9', 'TEA-GTL-001-V71', NULL, 'Green Tea Latte - Regular Milk / Hot / Medium / 100% (Normal)', '[\"61b07662-86d3-40e4-84a8-276ac3dcd978\",\"aeefcc85-aa18-49dd-804d-b98c1feb5ae4\",\"873b34a2-268a-4932-a9aa-d368bd1f15f7\",\"8c291576-e719-4b19-97fb-483d667f92cc\"]', 40000.00, 12000.00, NULL, NULL, NULL, 1, 70, '2026-05-23 03:14:05', '2026-05-23 03:14:05'),
('cca5dede-8aa2-445b-a2a1-10d75dc3dba8', 'fb3613d7-2fd4-4119-8804-d923a10c3415', 'HOT-CAP-001-V54', NULL, 'Cappuccino - 0% (No Sugar) / Large / Soy Milk', '[\"f3e263dc-8724-4499-ab5a-6f232e257642\",\"6b991074-588c-43a8-84c5-70a852d1ca95\",\"5cc4e691-6cab-4cd2-b8dd-99c74ec54473\"]', 47000.00, 10000.00, NULL, NULL, NULL, 1, 53, '2026-05-23 03:14:02', '2026-05-23 03:14:02'),
('cd057ec3-e9ca-428d-828a-c7dc0a81c075', '0fc5eee9-ad2d-4687-b636-dc7b2485e9e9', 'TEA-GTL-001-V19', NULL, 'Green Tea Latte - Small / Hot / Soy Milk / 75%', '[\"2171395e-7935-49f5-9f7a-3e8941a915fa\",\"aeefcc85-aa18-49dd-804d-b98c1feb5ae4\",\"834c34b9-dfe6-40da-932d-72098f69c9b7\",\"5cc4e691-6cab-4cd2-b8dd-99c74ec54473\"]', 40000.00, 12000.00, NULL, NULL, NULL, 1, 18, '2026-05-23 03:14:04', '2026-05-23 03:14:04'),
('cd3a62e2-5a65-43bd-b867-226951ae49d0', '98fd8efd-a30f-4456-b83e-9544b36eeeeb', 'CHOCO-ICE-001-V247', NULL, 'Iced Chocolate - Less Ice / Oat Milk / Large / 100% (Normal)', '[\"f3e263dc-8724-4499-ab5a-6f232e257642\",\"52a108f2-cad2-44c9-a2e9-4a00f7378331\",\"873b34a2-268a-4932-a9aa-d368bd1f15f7\",\"6324d9b0-633b-4116-99ca-b48424ddbba5\"]', 50000.00, 10000.00, NULL, NULL, NULL, 1, 246, '2026-05-23 03:14:07', '2026-05-23 03:14:07'),
('cd758333-9f4a-4430-ac32-2db69a2d12c6', '1fcc6195-3ed1-453c-8b99-7a3579ab1e60', 'ICE-LAT-001-V266', NULL, 'Iced Latte - Regular Milk / Normal Ice / Large / 75%', '[\"f3e263dc-8724-4499-ab5a-6f232e257642\",\"b35d8b3c-7ef2-4abc-af56-5ae51da4bc32\",\"834c34b9-dfe6-40da-932d-72098f69c9b7\",\"8c291576-e719-4b19-97fb-483d667f92cc\"]', 45000.00, 11000.00, NULL, NULL, NULL, 1, 265, '2026-05-23 03:14:04', '2026-05-23 03:14:04'),
('cda1dde6-0f1d-43cb-a970-17bac736bad4', 'fb3613d7-2fd4-4119-8804-d923a10c3415', 'HOT-CAP-001-V31', NULL, 'Cappuccino - Regular Milk / Medium / 25%', '[\"61b07662-86d3-40e4-84a8-276ac3dcd978\",\"713c3c97-49d7-4059-9b4b-1f498206c998\",\"8c291576-e719-4b19-97fb-483d667f92cc\"]', 37000.00, 10000.00, NULL, NULL, NULL, 1, 30, '2026-05-23 03:14:02', '2026-05-23 03:14:02'),
('cdb42a31-0aae-4b70-81da-8c638427dddd', '6f2d59c8-1c5a-4ffe-aac4-ecf2f3d16975', 'TEA-EG-001-V15', NULL, 'Earl Grey - Hot / Medium / 100% (Normal)', '[\"61b07662-86d3-40e4-84a8-276ac3dcd978\",\"aeefcc85-aa18-49dd-804d-b98c1feb5ae4\",\"873b34a2-268a-4932-a9aa-d368bd1f15f7\"]', 30000.00, 6000.00, NULL, NULL, NULL, 1, 14, '2026-05-23 03:14:04', '2026-05-23 03:14:04'),
('cdccb4c0-8a3c-4757-863e-d66cb05529e1', '0fc5eee9-ad2d-4687-b636-dc7b2485e9e9', 'TEA-GTL-001-V62', NULL, 'Green Tea Latte - Hot / Medium / Oat Milk / 50%', '[\"61b07662-86d3-40e4-84a8-276ac3dcd978\",\"aeefcc85-aa18-49dd-804d-b98c1feb5ae4\",\"2bb41abb-44be-48d0-ba0e-813382cc1fd8\",\"6324d9b0-633b-4116-99ca-b48424ddbba5\"]', 48000.00, 12000.00, NULL, NULL, NULL, 1, 61, '2026-05-23 03:14:05', '2026-05-23 03:14:05'),
('ce10c0fc-0992-4048-b23a-ca5442d6bd50', '873fd30d-c076-46be-b7fe-98ea7b797a53', 'ICE-AME-001-V23', NULL, 'Iced Americano - No Ice / Medium / 50%', '[\"61b07662-86d3-40e4-84a8-276ac3dcd978\",\"989baece-dbd1-4821-9605-76f13862b0a7\",\"2bb41abb-44be-48d0-ba0e-813382cc1fd8\"]', 35000.00, 9000.00, NULL, NULL, NULL, 1, 22, '2026-05-23 03:14:03', '2026-05-23 03:14:03'),
('ce58770f-c823-4954-8139-3514e6f86fd7', 'fb3613d7-2fd4-4119-8804-d923a10c3415', 'HOT-CAP-001-V64', NULL, 'Cappuccino - 50% / Large / Soy Milk', '[\"f3e263dc-8724-4499-ab5a-6f232e257642\",\"2bb41abb-44be-48d0-ba0e-813382cc1fd8\",\"5cc4e691-6cab-4cd2-b8dd-99c74ec54473\"]', 47000.00, 10000.00, NULL, NULL, NULL, 1, 63, '2026-05-23 03:14:02', '2026-05-23 03:14:02'),
('ce6b222b-f9b0-4c2d-9fa4-8e78c39f5ff4', '372ca7f6-3db0-4726-949c-5871626ae4fe', 'CHOCO-HOT-001-V32', NULL, 'Hot Chocolate - Medium / Oat Milk / 25%', '[\"61b07662-86d3-40e4-84a8-276ac3dcd978\",\"713c3c97-49d7-4059-9b4b-1f498206c998\",\"6324d9b0-633b-4116-99ca-b48424ddbba5\"]', 43000.00, 9000.00, NULL, NULL, NULL, 1, 31, '2026-05-23 03:14:05', '2026-05-23 03:14:05'),
('ce7e253d-c469-4211-8035-96ee19a5bbc4', '873fd30d-c076-46be-b7fe-98ea7b797a53', 'ICE-AME-001-V18', NULL, 'Iced Americano - Small / 50% / Extra Ice', '[\"2171395e-7935-49f5-9f7a-3e8941a915fa\",\"14d9aa0a-e8db-4512-8dcd-b27204eace9b\",\"2bb41abb-44be-48d0-ba0e-813382cc1fd8\"]', 30000.00, 9000.00, NULL, NULL, NULL, 1, 17, '2026-05-23 03:14:03', '2026-05-23 03:14:03'),
('ceaed601-d11b-423d-86b8-a87765ca6e1c', '1fcc6195-3ed1-453c-8b99-7a3579ab1e60', 'ICE-LAT-001-V135', NULL, 'Iced Latte - Less Ice / Medium / 25% / Coconut Milk', '[\"61b07662-86d3-40e4-84a8-276ac3dcd978\",\"52a108f2-cad2-44c9-a2e9-4a00f7378331\",\"713c3c97-49d7-4059-9b4b-1f498206c998\",\"17c5a087-cdbc-4d5e-a025-2f8e30060abf\"]', 46000.00, 11000.00, NULL, NULL, NULL, 1, 134, '2026-05-23 03:14:03', '2026-05-23 03:14:03'),
('ceb94934-35c4-40d5-8388-b0c9906c4bff', '4f92d1dc-690a-4bfd-9ca3-84a39abd89de', 'HOT-LAT-001-V17', NULL, 'Cafe Latte - Small / Oat Milk / 75%', '[\"2171395e-7935-49f5-9f7a-3e8941a915fa\",\"834c34b9-dfe6-40da-932d-72098f69c9b7\",\"6324d9b0-633b-4116-99ca-b48424ddbba5\"]', 40000.00, 10000.00, NULL, NULL, NULL, 1, 16, '2026-05-23 03:14:02', '2026-05-23 03:14:02'),
('ced2d1ad-fef7-4b8a-a5a1-9c153ce40adb', '3e0acf7a-37c4-4add-bbe2-4f533165d9e7', 'TEA-CL-001-V19', NULL, 'Chai Latte - Small / Hot / Soy Milk / 75%', '[\"2171395e-7935-49f5-9f7a-3e8941a915fa\",\"aeefcc85-aa18-49dd-804d-b98c1feb5ae4\",\"834c34b9-dfe6-40da-932d-72098f69c9b7\",\"5cc4e691-6cab-4cd2-b8dd-99c74ec54473\"]', 37000.00, 10000.00, NULL, NULL, NULL, 1, 18, '2026-05-23 03:14:05', '2026-05-23 03:14:05'),
('cf011436-55e6-49ff-ad5c-edf7532a1a45', '0fc5eee9-ad2d-4687-b636-dc7b2485e9e9', 'TEA-GTL-001-V127', NULL, 'Green Tea Latte - 0% (No Sugar) / Iced / Oat Milk / Large', '[\"f3e263dc-8724-4499-ab5a-6f232e257642\",\"19346fb1-059e-41b3-ab8a-88077ff4985c\",\"6b991074-588c-43a8-84c5-70a852d1ca95\",\"6324d9b0-633b-4116-99ca-b48424ddbba5\"]', 56000.00, 12000.00, NULL, NULL, NULL, 1, 126, '2026-05-23 03:14:05', '2026-05-23 03:14:05'),
('cf1097fd-4ce7-4966-b6c2-30c7e5c49aa0', '1fcc6195-3ed1-453c-8b99-7a3579ab1e60', 'ICE-LAT-001-V187', NULL, 'Iced Latte - Medium / Oat Milk / 50% / Extra Ice', '[\"61b07662-86d3-40e4-84a8-276ac3dcd978\",\"14d9aa0a-e8db-4512-8dcd-b27204eace9b\",\"2bb41abb-44be-48d0-ba0e-813382cc1fd8\",\"6324d9b0-633b-4116-99ca-b48424ddbba5\"]', 48000.00, 11000.00, NULL, NULL, NULL, 1, 186, '2026-05-23 03:14:04', '2026-05-23 03:14:04'),
('cf2f4a0f-861d-479a-a23f-3c1d47031c8b', '98fd8efd-a30f-4456-b83e-9544b36eeeeb', 'CHOCO-ICE-001-V223', NULL, 'Iced Chocolate - No Ice / Almond Milk / Large / 100% (Normal)', '[\"f3e263dc-8724-4499-ab5a-6f232e257642\",\"989baece-dbd1-4821-9605-76f13862b0a7\",\"873b34a2-268a-4932-a9aa-d368bd1f15f7\",\"322f55ab-80e6-4f9f-a222-8e0578a60e50\"]', 50000.00, 10000.00, NULL, NULL, NULL, 1, 222, '2026-05-23 03:14:06', '2026-05-23 03:14:06'),
('cf4aeb6a-3cde-4e38-9597-bfb9462ad579', '873fd30d-c076-46be-b7fe-98ea7b797a53', 'ICE-AME-001-V32', NULL, 'Iced Americano - Medium / 25% / Normal Ice', '[\"61b07662-86d3-40e4-84a8-276ac3dcd978\",\"b35d8b3c-7ef2-4abc-af56-5ae51da4bc32\",\"713c3c97-49d7-4059-9b4b-1f498206c998\"]', 35000.00, 9000.00, NULL, NULL, NULL, 1, 31, '2026-05-23 03:14:03', '2026-05-23 03:14:03'),
('cf5c12f0-cc18-4c21-bef4-b94be1a2de57', '873fd30d-c076-46be-b7fe-98ea7b797a53', 'ICE-AME-001-V43', NULL, 'Iced Americano - No Ice / 50% / Large', '[\"f3e263dc-8724-4499-ab5a-6f232e257642\",\"989baece-dbd1-4821-9605-76f13862b0a7\",\"2bb41abb-44be-48d0-ba0e-813382cc1fd8\"]', 40000.00, 9000.00, NULL, NULL, NULL, 1, 42, '2026-05-23 03:14:03', '2026-05-23 03:14:03'),
('cf7ce1c7-d036-4a18-b2f0-4f84cbf7588b', '1fcc6195-3ed1-453c-8b99-7a3579ab1e60', 'ICE-LAT-001-V248', NULL, 'Iced Latte - Less Ice / Almond Milk / Large / 100% (Normal)', '[\"f3e263dc-8724-4499-ab5a-6f232e257642\",\"52a108f2-cad2-44c9-a2e9-4a00f7378331\",\"873b34a2-268a-4932-a9aa-d368bd1f15f7\",\"322f55ab-80e6-4f9f-a222-8e0578a60e50\"]', 53000.00, 11000.00, NULL, NULL, NULL, 1, 247, '2026-05-23 03:14:04', '2026-05-23 03:14:04'),
('cfa023f2-c770-4eb4-a4ec-7754b23331fa', 'fb3613d7-2fd4-4119-8804-d923a10c3415', 'HOT-CAP-001-V46', NULL, 'Cappuccino - Regular Milk / Medium / 100% (Normal)', '[\"61b07662-86d3-40e4-84a8-276ac3dcd978\",\"873b34a2-268a-4932-a9aa-d368bd1f15f7\",\"8c291576-e719-4b19-97fb-483d667f92cc\"]', 37000.00, 10000.00, NULL, NULL, NULL, 1, 45, '2026-05-23 03:14:02', '2026-05-23 03:14:02'),
('cfb5f778-c6a3-4b25-a6c5-4d271936c383', '1fcc6195-3ed1-453c-8b99-7a3579ab1e60', 'ICE-LAT-001-V174', NULL, 'Iced Latte - Medium / Normal Ice / Soy Milk / 100% (Normal)', '[\"61b07662-86d3-40e4-84a8-276ac3dcd978\",\"b35d8b3c-7ef2-4abc-af56-5ae51da4bc32\",\"873b34a2-268a-4932-a9aa-d368bd1f15f7\",\"5cc4e691-6cab-4cd2-b8dd-99c74ec54473\"]', 45000.00, 11000.00, NULL, NULL, NULL, 1, 173, '2026-05-23 03:14:03', '2026-05-23 03:14:03'),
('cfba175c-9c07-4444-a03b-4384e306f6fe', '98fd8efd-a30f-4456-b83e-9544b36eeeeb', 'CHOCO-ICE-001-V51', NULL, 'Iced Chocolate - Small / 0% (No Sugar) / Regular Milk / Normal Ice', '[\"2171395e-7935-49f5-9f7a-3e8941a915fa\",\"b35d8b3c-7ef2-4abc-af56-5ae51da4bc32\",\"6b991074-588c-43a8-84c5-70a852d1ca95\",\"8c291576-e719-4b19-97fb-483d667f92cc\"]', 32000.00, 10000.00, NULL, NULL, NULL, 1, 50, '2026-05-23 03:14:06', '2026-05-23 03:14:06'),
('cfc49605-a699-4d4e-8cc7-8953d024bf64', '3e0acf7a-37c4-4add-bbe2-4f533165d9e7', 'TEA-CL-001-V98', NULL, 'Chai Latte - Iced / Medium / Almond Milk / 100% (Normal)', '[\"61b07662-86d3-40e4-84a8-276ac3dcd978\",\"19346fb1-059e-41b3-ab8a-88077ff4985c\",\"873b34a2-268a-4932-a9aa-d368bd1f15f7\",\"322f55ab-80e6-4f9f-a222-8e0578a60e50\"]', 48000.00, 10000.00, NULL, NULL, NULL, 1, 97, '2026-05-23 03:14:05', '2026-05-23 03:14:05'),
('cfd19b1e-4629-4ce9-9d05-bb65f23f66ba', '1fcc6195-3ed1-453c-8b99-7a3579ab1e60', 'ICE-LAT-001-V42', NULL, 'Iced Latte - Small / Less Ice / Oat Milk / 75%', '[\"2171395e-7935-49f5-9f7a-3e8941a915fa\",\"52a108f2-cad2-44c9-a2e9-4a00f7378331\",\"834c34b9-dfe6-40da-932d-72098f69c9b7\",\"6324d9b0-633b-4116-99ca-b48424ddbba5\"]', 43000.00, 11000.00, NULL, NULL, NULL, 1, 41, '2026-05-23 03:14:03', '2026-05-23 03:14:03'),
('cfe97465-5680-4cb2-af5a-87b4b42b45d9', '98fd8efd-a30f-4456-b83e-9544b36eeeeb', 'CHOCO-ICE-001-V218', NULL, 'Iced Chocolate - No Ice / Almond Milk / Large / 75%', '[\"f3e263dc-8724-4499-ab5a-6f232e257642\",\"989baece-dbd1-4821-9605-76f13862b0a7\",\"834c34b9-dfe6-40da-932d-72098f69c9b7\",\"322f55ab-80e6-4f9f-a222-8e0578a60e50\"]', 50000.00, 10000.00, NULL, NULL, NULL, 1, 217, '2026-05-23 03:14:06', '2026-05-23 03:14:06'),
('cff95b36-e058-4e96-87ff-86ef0493b8d9', '98fd8efd-a30f-4456-b83e-9544b36eeeeb', 'CHOCO-ICE-001-V149', NULL, 'Iced Chocolate - Less Ice / Medium / Soy Milk / 100% (Normal)', '[\"61b07662-86d3-40e4-84a8-276ac3dcd978\",\"52a108f2-cad2-44c9-a2e9-4a00f7378331\",\"873b34a2-268a-4932-a9aa-d368bd1f15f7\",\"5cc4e691-6cab-4cd2-b8dd-99c74ec54473\"]', 42000.00, 10000.00, NULL, NULL, NULL, 1, 148, '2026-05-23 03:14:06', '2026-05-23 03:14:06'),
('d01a0d6d-e92c-4ed9-9724-ea6f61cef14f', '1fcc6195-3ed1-453c-8b99-7a3579ab1e60', 'ICE-LAT-001-V18', NULL, 'Iced Latte - Small / No Ice / Almond Milk / 75%', '[\"2171395e-7935-49f5-9f7a-3e8941a915fa\",\"989baece-dbd1-4821-9605-76f13862b0a7\",\"834c34b9-dfe6-40da-932d-72098f69c9b7\",\"322f55ab-80e6-4f9f-a222-8e0578a60e50\"]', 43000.00, 11000.00, NULL, NULL, NULL, 1, 17, '2026-05-23 03:14:03', '2026-05-23 03:14:03'),
('d0312197-7a04-4dc2-b6ce-7c97696f4736', '98fd8efd-a30f-4456-b83e-9544b36eeeeb', 'CHOCO-ICE-001-V200', NULL, 'Iced Chocolate - Medium / Extra Ice / Coconut Milk / 100% (Normal)', '[\"61b07662-86d3-40e4-84a8-276ac3dcd978\",\"14d9aa0a-e8db-4512-8dcd-b27204eace9b\",\"873b34a2-268a-4932-a9aa-d368bd1f15f7\",\"17c5a087-cdbc-4d5e-a025-2f8e30060abf\"]', 43000.00, 10000.00, NULL, NULL, NULL, 1, 199, '2026-05-23 03:14:06', '2026-05-23 03:14:06'),
('d0328282-e40b-4fe5-abd3-988745ca2470', '0caa53a2-18b3-416f-8b28-c57e1208ba2c', 'ICE-CB-001-V43', NULL, 'Cold Brew - No Ice / 50% / Large', '[\"f3e263dc-8724-4499-ab5a-6f232e257642\",\"989baece-dbd1-4821-9605-76f13862b0a7\",\"2bb41abb-44be-48d0-ba0e-813382cc1fd8\"]', 48000.00, 12000.00, NULL, NULL, NULL, 1, 42, '2026-05-23 03:14:04', '2026-05-23 03:14:04'),
('d037efcf-96c3-4f98-bb5c-89702580ea9d', 'fb3613d7-2fd4-4119-8804-d923a10c3415', 'HOT-CAP-001-V69', NULL, 'Cappuccino - Large / Soy Milk / 75%', '[\"f3e263dc-8724-4499-ab5a-6f232e257642\",\"834c34b9-dfe6-40da-932d-72098f69c9b7\",\"5cc4e691-6cab-4cd2-b8dd-99c74ec54473\"]', 47000.00, 10000.00, NULL, NULL, NULL, 1, 68, '2026-05-23 03:14:02', '2026-05-23 03:14:02'),
('d075ed7e-5a8e-41c4-838f-d09c0eebf0bf', '3e0acf7a-37c4-4add-bbe2-4f533165d9e7', 'TEA-CL-001-V79', NULL, 'Chai Latte - 0% (No Sugar) / Iced / Medium / Soy Milk', '[\"61b07662-86d3-40e4-84a8-276ac3dcd978\",\"19346fb1-059e-41b3-ab8a-88077ff4985c\",\"6b991074-588c-43a8-84c5-70a852d1ca95\",\"5cc4e691-6cab-4cd2-b8dd-99c74ec54473\"]', 45000.00, 10000.00, NULL, NULL, NULL, 1, 78, '2026-05-23 03:14:05', '2026-05-23 03:14:05'),
('d07ce4b7-550f-4440-97ba-81eba2a650b3', '873fd30d-c076-46be-b7fe-98ea7b797a53', 'ICE-AME-001-V47', NULL, 'Iced Americano - Less Ice / 25% / Large', '[\"f3e263dc-8724-4499-ab5a-6f232e257642\",\"52a108f2-cad2-44c9-a2e9-4a00f7378331\",\"713c3c97-49d7-4059-9b4b-1f498206c998\"]', 40000.00, 9000.00, NULL, NULL, NULL, 1, 46, '2026-05-23 03:14:03', '2026-05-23 03:14:03'),
('d0fdfb2f-b41d-47b9-9272-e6e911ea66c8', '0fc5eee9-ad2d-4687-b636-dc7b2485e9e9', 'TEA-GTL-001-V11', NULL, 'Green Tea Latte - Small / Regular Milk / Hot / 50%', '[\"2171395e-7935-49f5-9f7a-3e8941a915fa\",\"aeefcc85-aa18-49dd-804d-b98c1feb5ae4\",\"2bb41abb-44be-48d0-ba0e-813382cc1fd8\",\"8c291576-e719-4b19-97fb-483d667f92cc\"]', 35000.00, 12000.00, NULL, NULL, NULL, 1, 10, '2026-05-23 03:14:04', '2026-05-23 03:14:04'),
('d15b8dcf-a2a4-4680-bea8-47b33914b805', '1fcc6195-3ed1-453c-8b99-7a3579ab1e60', 'ICE-LAT-001-V143', NULL, 'Iced Latte - Less Ice / Medium / Almond Milk / 75%', '[\"61b07662-86d3-40e4-84a8-276ac3dcd978\",\"52a108f2-cad2-44c9-a2e9-4a00f7378331\",\"834c34b9-dfe6-40da-932d-72098f69c9b7\",\"322f55ab-80e6-4f9f-a222-8e0578a60e50\"]', 48000.00, 11000.00, NULL, NULL, NULL, 1, 142, '2026-05-23 03:14:03', '2026-05-23 03:14:03'),
('d2126481-55ca-4d27-a060-8c91887c429b', '98fd8efd-a30f-4456-b83e-9544b36eeeeb', 'CHOCO-ICE-001-V157', NULL, 'Iced Chocolate - Medium / Oat Milk / 25% / Normal Ice', '[\"61b07662-86d3-40e4-84a8-276ac3dcd978\",\"b35d8b3c-7ef2-4abc-af56-5ae51da4bc32\",\"713c3c97-49d7-4059-9b4b-1f498206c998\",\"6324d9b0-633b-4116-99ca-b48424ddbba5\"]', 45000.00, 10000.00, NULL, NULL, NULL, 1, 156, '2026-05-23 03:14:06', '2026-05-23 03:14:06'),
('d24edab3-edaa-4a86-a24f-61e5d727ce9c', '372ca7f6-3db0-4726-949c-5871626ae4fe', 'CHOCO-HOT-001-V23', NULL, 'Hot Chocolate - Small / Almond Milk / 100% (Normal)', '[\"2171395e-7935-49f5-9f7a-3e8941a915fa\",\"873b34a2-268a-4932-a9aa-d368bd1f15f7\",\"322f55ab-80e6-4f9f-a222-8e0578a60e50\"]', 38000.00, 9000.00, NULL, NULL, NULL, 1, 22, '2026-05-23 03:14:05', '2026-05-23 03:14:05'),
('d2531d9b-31ec-42ce-af90-ff9cb378a18a', '1fcc6195-3ed1-453c-8b99-7a3579ab1e60', 'ICE-LAT-001-V228', NULL, 'Iced Latte - 0% (No Sugar) / Less Ice / Almond Milk / Large', '[\"f3e263dc-8724-4499-ab5a-6f232e257642\",\"52a108f2-cad2-44c9-a2e9-4a00f7378331\",\"6b991074-588c-43a8-84c5-70a852d1ca95\",\"322f55ab-80e6-4f9f-a222-8e0578a60e50\"]', 53000.00, 11000.00, NULL, NULL, NULL, 1, 227, '2026-05-23 03:14:04', '2026-05-23 03:14:04'),
('d297dadb-1eb9-4ae2-b6a5-f1ec286f1ef3', '3e0acf7a-37c4-4add-bbe2-4f533165d9e7', 'TEA-CL-001-V35', NULL, 'Chai Latte - Small / Iced / 25% / Coconut Milk', '[\"2171395e-7935-49f5-9f7a-3e8941a915fa\",\"19346fb1-059e-41b3-ab8a-88077ff4985c\",\"713c3c97-49d7-4059-9b4b-1f498206c998\",\"17c5a087-cdbc-4d5e-a025-2f8e30060abf\"]', 41000.00, 10000.00, NULL, NULL, NULL, 1, 34, '2026-05-23 03:14:05', '2026-05-23 03:14:05'),
('d2ae5d68-7404-427a-bb7a-e60182c69bf3', '1fcc6195-3ed1-453c-8b99-7a3579ab1e60', 'ICE-LAT-001-V264', NULL, 'Iced Latte - 50% / Normal Ice / Large / Soy Milk', '[\"f3e263dc-8724-4499-ab5a-6f232e257642\",\"b35d8b3c-7ef2-4abc-af56-5ae51da4bc32\",\"2bb41abb-44be-48d0-ba0e-813382cc1fd8\",\"5cc4e691-6cab-4cd2-b8dd-99c74ec54473\"]', 50000.00, 11000.00, NULL, NULL, NULL, 1, 263, '2026-05-23 03:14:04', '2026-05-23 03:14:04'),
('d316d103-975d-4e8d-8f65-a818a440753c', '6f2d59c8-1c5a-4ffe-aac4-ecf2f3d16975', 'TEA-EG-001-V17', NULL, 'Earl Grey - Iced / Medium / 25%', '[\"61b07662-86d3-40e4-84a8-276ac3dcd978\",\"19346fb1-059e-41b3-ab8a-88077ff4985c\",\"713c3c97-49d7-4059-9b4b-1f498206c998\"]', 33000.00, 6000.00, NULL, NULL, NULL, 1, 16, '2026-05-23 03:14:04', '2026-05-23 03:14:04'),
('d34b8343-9286-4fc8-be3e-d55182d3086f', '372ca7f6-3db0-4726-949c-5871626ae4fe', 'CHOCO-HOT-001-V29', NULL, 'Hot Chocolate - 0% (No Sugar) / Medium / Soy Milk', '[\"61b07662-86d3-40e4-84a8-276ac3dcd978\",\"6b991074-588c-43a8-84c5-70a852d1ca95\",\"5cc4e691-6cab-4cd2-b8dd-99c74ec54473\"]', 40000.00, 9000.00, NULL, NULL, NULL, 1, 28, '2026-05-23 03:14:05', '2026-05-23 03:14:05'),
('d34bc69a-b1ea-434c-8148-caf33aa8d237', '1fcc6195-3ed1-453c-8b99-7a3579ab1e60', 'ICE-LAT-001-V14', NULL, 'Iced Latte - Small / No Ice / 50% / Soy Milk', '[\"2171395e-7935-49f5-9f7a-3e8941a915fa\",\"989baece-dbd1-4821-9605-76f13862b0a7\",\"2bb41abb-44be-48d0-ba0e-813382cc1fd8\",\"5cc4e691-6cab-4cd2-b8dd-99c74ec54473\"]', 40000.00, 11000.00, NULL, NULL, NULL, 1, 13, '2026-05-23 03:14:03', '2026-05-23 03:14:03'),
('d3d5d7dc-fb1a-4bbe-9016-702f09ae9bcb', '873fd30d-c076-46be-b7fe-98ea7b797a53', 'ICE-AME-001-V35', NULL, 'Iced Americano - Medium / Normal Ice / 100% (Normal)', '[\"61b07662-86d3-40e4-84a8-276ac3dcd978\",\"b35d8b3c-7ef2-4abc-af56-5ae51da4bc32\",\"873b34a2-268a-4932-a9aa-d368bd1f15f7\"]', 35000.00, 9000.00, NULL, NULL, NULL, 1, 34, '2026-05-23 03:14:03', '2026-05-23 03:14:03'),
('d41ca657-3f5d-43e8-af04-02faa3ff2863', '873fd30d-c076-46be-b7fe-98ea7b797a53', 'ICE-AME-001-V54', NULL, 'Iced Americano - Normal Ice / Large / 75%', '[\"f3e263dc-8724-4499-ab5a-6f232e257642\",\"b35d8b3c-7ef2-4abc-af56-5ae51da4bc32\",\"834c34b9-dfe6-40da-932d-72098f69c9b7\"]', 40000.00, 9000.00, NULL, NULL, NULL, 1, 53, '2026-05-23 03:14:03', '2026-05-23 03:14:03'),
('d43f7100-0af4-4bb0-a84a-a14e2661429f', '1fcc6195-3ed1-453c-8b99-7a3579ab1e60', 'ICE-LAT-001-V276', NULL, 'Iced Latte - 0% (No Sugar) / Regular Milk / Large / Extra Ice', '[\"f3e263dc-8724-4499-ab5a-6f232e257642\",\"14d9aa0a-e8db-4512-8dcd-b27204eace9b\",\"6b991074-588c-43a8-84c5-70a852d1ca95\",\"8c291576-e719-4b19-97fb-483d667f92cc\"]', 45000.00, 11000.00, NULL, NULL, NULL, 1, 275, '2026-05-23 03:14:04', '2026-05-23 03:14:04'),
('d48a54d6-393b-438e-8ec9-ce17745a6d8f', '873fd30d-c076-46be-b7fe-98ea7b797a53', 'ICE-AME-001-V17', NULL, 'Iced Americano - Small / 25% / Extra Ice', '[\"2171395e-7935-49f5-9f7a-3e8941a915fa\",\"14d9aa0a-e8db-4512-8dcd-b27204eace9b\",\"713c3c97-49d7-4059-9b4b-1f498206c998\"]', 30000.00, 9000.00, NULL, NULL, NULL, 1, 16, '2026-05-23 03:14:03', '2026-05-23 03:14:03'),
('d48f9f75-ffb4-498b-8860-d3a8c8e06f67', '1fcc6195-3ed1-453c-8b99-7a3579ab1e60', 'ICE-LAT-001-V97', NULL, 'Iced Latte - Small / Oat Milk / Extra Ice / 100% (Normal)', '[\"2171395e-7935-49f5-9f7a-3e8941a915fa\",\"14d9aa0a-e8db-4512-8dcd-b27204eace9b\",\"873b34a2-268a-4932-a9aa-d368bd1f15f7\",\"6324d9b0-633b-4116-99ca-b48424ddbba5\"]', 43000.00, 11000.00, NULL, NULL, NULL, 1, 96, '2026-05-23 03:14:03', '2026-05-23 03:14:03'),
('d494e940-32ea-4e6f-854e-baeb339bbea9', '6f2d59c8-1c5a-4ffe-aac4-ecf2f3d16975', 'TEA-EG-001-V11', NULL, 'Earl Grey - 0% (No Sugar) / Hot / Medium', '[\"61b07662-86d3-40e4-84a8-276ac3dcd978\",\"aeefcc85-aa18-49dd-804d-b98c1feb5ae4\",\"6b991074-588c-43a8-84c5-70a852d1ca95\"]', 30000.00, 6000.00, NULL, NULL, NULL, 1, 10, '2026-05-23 03:14:04', '2026-05-23 03:14:04'),
('d4c27e5c-a805-4ae6-9c65-d70df783f2c7', '98fd8efd-a30f-4456-b83e-9544b36eeeeb', 'CHOCO-ICE-001-V12', NULL, 'Iced Chocolate - Small / No Ice / Oat Milk / 50%', '[\"2171395e-7935-49f5-9f7a-3e8941a915fa\",\"989baece-dbd1-4821-9605-76f13862b0a7\",\"2bb41abb-44be-48d0-ba0e-813382cc1fd8\",\"6324d9b0-633b-4116-99ca-b48424ddbba5\"]', 40000.00, 10000.00, NULL, NULL, NULL, 1, 11, '2026-05-23 03:14:06', '2026-05-23 03:14:06'),
('d4f81ec2-095c-4f3d-b4ce-1ececbd12ec7', 'fb3613d7-2fd4-4119-8804-d923a10c3415', 'HOT-CAP-001-V57', NULL, 'Cappuccino - Oat Milk / 25% / Large', '[\"f3e263dc-8724-4499-ab5a-6f232e257642\",\"713c3c97-49d7-4059-9b4b-1f498206c998\",\"6324d9b0-633b-4116-99ca-b48424ddbba5\"]', 50000.00, 10000.00, NULL, NULL, NULL, 1, 56, '2026-05-23 03:14:02', '2026-05-23 03:14:02');
INSERT INTO `product_variants` (`id`, `product_id`, `sku`, `barcode`, `name`, `option_ids`, `price`, `cost_price`, `inventory_item_id`, `recipe_id`, `image`, `is_active`, `sort_order`, `created_at`, `updated_at`) VALUES
('d50a1bfd-b420-4d80-ac3f-9a7035cf268d', '1fcc6195-3ed1-453c-8b99-7a3579ab1e60', 'ICE-LAT-001-V98', NULL, 'Iced Latte - Small / Almond Milk / Extra Ice / 100% (Normal)', '[\"2171395e-7935-49f5-9f7a-3e8941a915fa\",\"14d9aa0a-e8db-4512-8dcd-b27204eace9b\",\"873b34a2-268a-4932-a9aa-d368bd1f15f7\",\"322f55ab-80e6-4f9f-a222-8e0578a60e50\"]', 43000.00, 11000.00, NULL, NULL, NULL, 1, 97, '2026-05-23 03:14:03', '2026-05-23 03:14:03'),
('d5731b45-bad9-4c88-b950-a94a89f3cd07', '3e0acf7a-37c4-4add-bbe2-4f533165d9e7', 'TEA-CL-001-V139', NULL, 'Chai Latte - Iced / 50% / Large / Soy Milk', '[\"f3e263dc-8724-4499-ab5a-6f232e257642\",\"19346fb1-059e-41b3-ab8a-88077ff4985c\",\"2bb41abb-44be-48d0-ba0e-813382cc1fd8\",\"5cc4e691-6cab-4cd2-b8dd-99c74ec54473\"]', 50000.00, 10000.00, NULL, NULL, NULL, 1, 138, '2026-05-23 03:14:05', '2026-05-23 03:14:05'),
('d5c19f05-43a9-4c81-98a9-ab6fa6b7b350', '1fcc6195-3ed1-453c-8b99-7a3579ab1e60', 'ICE-LAT-001-V229', NULL, 'Iced Latte - 0% (No Sugar) / Less Ice / Large / Soy Milk', '[\"f3e263dc-8724-4499-ab5a-6f232e257642\",\"52a108f2-cad2-44c9-a2e9-4a00f7378331\",\"6b991074-588c-43a8-84c5-70a852d1ca95\",\"5cc4e691-6cab-4cd2-b8dd-99c74ec54473\"]', 50000.00, 11000.00, NULL, NULL, NULL, 1, 228, '2026-05-23 03:14:04', '2026-05-23 03:14:04'),
('d617530c-2100-4b73-8bc8-67149ab172cf', '98fd8efd-a30f-4456-b83e-9544b36eeeeb', 'CHOCO-ICE-001-V141', NULL, 'Iced Chocolate - Regular Milk / Less Ice / Medium / 75%', '[\"61b07662-86d3-40e4-84a8-276ac3dcd978\",\"52a108f2-cad2-44c9-a2e9-4a00f7378331\",\"834c34b9-dfe6-40da-932d-72098f69c9b7\",\"8c291576-e719-4b19-97fb-483d667f92cc\"]', 37000.00, 10000.00, NULL, NULL, NULL, 1, 140, '2026-05-23 03:14:06', '2026-05-23 03:14:06'),
('d62d6282-e563-480f-89ec-f5119b6f7ed1', '0fc5eee9-ad2d-4687-b636-dc7b2485e9e9', 'TEA-GTL-001-V8', NULL, 'Green Tea Latte - Small / Hot / 25% / Almond Milk', '[\"2171395e-7935-49f5-9f7a-3e8941a915fa\",\"aeefcc85-aa18-49dd-804d-b98c1feb5ae4\",\"713c3c97-49d7-4059-9b4b-1f498206c998\",\"322f55ab-80e6-4f9f-a222-8e0578a60e50\"]', 43000.00, 12000.00, NULL, NULL, NULL, 1, 7, '2026-05-23 03:14:04', '2026-05-23 03:14:04'),
('d6ed5845-6c47-490f-b8ed-3f37eff34707', '0caa53a2-18b3-416f-8b28-c57e1208ba2c', 'ICE-CB-001-V22', NULL, 'Cold Brew - No Ice / Medium / 25%', '[\"61b07662-86d3-40e4-84a8-276ac3dcd978\",\"989baece-dbd1-4821-9605-76f13862b0a7\",\"713c3c97-49d7-4059-9b4b-1f498206c998\"]', 43000.00, 12000.00, NULL, NULL, NULL, 1, 21, '2026-05-23 03:14:04', '2026-05-23 03:14:04'),
('d6ff0184-cf9d-4166-85d7-0d9aea321462', '1fcc6195-3ed1-453c-8b99-7a3579ab1e60', 'ICE-LAT-001-V162', NULL, 'Iced Latte - Medium / Oat Milk / 50% / Normal Ice', '[\"61b07662-86d3-40e4-84a8-276ac3dcd978\",\"b35d8b3c-7ef2-4abc-af56-5ae51da4bc32\",\"2bb41abb-44be-48d0-ba0e-813382cc1fd8\",\"6324d9b0-633b-4116-99ca-b48424ddbba5\"]', 48000.00, 11000.00, NULL, NULL, NULL, 1, 161, '2026-05-23 03:14:03', '2026-05-23 03:14:03'),
('d74baee3-6e5b-482b-b3ad-d5886a6960a0', '1fcc6195-3ed1-453c-8b99-7a3579ab1e60', 'ICE-LAT-001-V28', NULL, 'Iced Latte - Small / 0% (No Sugar) / Less Ice / Almond Milk', '[\"2171395e-7935-49f5-9f7a-3e8941a915fa\",\"52a108f2-cad2-44c9-a2e9-4a00f7378331\",\"6b991074-588c-43a8-84c5-70a852d1ca95\",\"322f55ab-80e6-4f9f-a222-8e0578a60e50\"]', 43000.00, 11000.00, NULL, NULL, NULL, 1, 27, '2026-05-23 03:14:03', '2026-05-23 03:14:03'),
('d7591ecc-d962-40d3-98b4-a87cdf02a283', '0caa53a2-18b3-416f-8b28-c57e1208ba2c', 'ICE-CB-001-V54', NULL, 'Cold Brew - Normal Ice / Large / 75%', '[\"f3e263dc-8724-4499-ab5a-6f232e257642\",\"b35d8b3c-7ef2-4abc-af56-5ae51da4bc32\",\"834c34b9-dfe6-40da-932d-72098f69c9b7\"]', 48000.00, 12000.00, NULL, NULL, NULL, 1, 53, '2026-05-23 03:14:04', '2026-05-23 03:14:04'),
('d77f6b24-bece-4a08-a2c2-4c8c9ecbf556', '873fd30d-c076-46be-b7fe-98ea7b797a53', 'ICE-AME-001-V24', NULL, 'Iced Americano - No Ice / Medium / 75%', '[\"61b07662-86d3-40e4-84a8-276ac3dcd978\",\"989baece-dbd1-4821-9605-76f13862b0a7\",\"834c34b9-dfe6-40da-932d-72098f69c9b7\"]', 35000.00, 9000.00, NULL, NULL, NULL, 1, 23, '2026-05-23 03:14:03', '2026-05-23 03:14:03'),
('d7a5d4d1-f0fb-4455-a564-469f75112440', '1fcc6195-3ed1-453c-8b99-7a3579ab1e60', 'ICE-LAT-001-V277', NULL, 'Iced Latte - 0% (No Sugar) / Oat Milk / Large / Extra Ice', '[\"f3e263dc-8724-4499-ab5a-6f232e257642\",\"14d9aa0a-e8db-4512-8dcd-b27204eace9b\",\"6b991074-588c-43a8-84c5-70a852d1ca95\",\"6324d9b0-633b-4116-99ca-b48424ddbba5\"]', 53000.00, 11000.00, NULL, NULL, NULL, 1, 276, '2026-05-23 03:14:04', '2026-05-23 03:14:04'),
('d86680fd-748a-487b-a8cc-00b767e0d3da', '0fc5eee9-ad2d-4687-b636-dc7b2485e9e9', 'TEA-GTL-001-V31', NULL, 'Green Tea Latte - Small / Regular Milk / Iced / 25%', '[\"2171395e-7935-49f5-9f7a-3e8941a915fa\",\"19346fb1-059e-41b3-ab8a-88077ff4985c\",\"713c3c97-49d7-4059-9b4b-1f498206c998\",\"8c291576-e719-4b19-97fb-483d667f92cc\"]', 38000.00, 12000.00, NULL, NULL, NULL, 1, 30, '2026-05-23 03:14:04', '2026-05-23 03:14:04'),
('d8c77324-87f3-4e10-ace3-381f06138187', '98fd8efd-a30f-4456-b83e-9544b36eeeeb', 'CHOCO-ICE-001-V259', NULL, 'Iced Chocolate - 25% / Normal Ice / Large / Soy Milk', '[\"f3e263dc-8724-4499-ab5a-6f232e257642\",\"b35d8b3c-7ef2-4abc-af56-5ae51da4bc32\",\"713c3c97-49d7-4059-9b4b-1f498206c998\",\"5cc4e691-6cab-4cd2-b8dd-99c74ec54473\"]', 47000.00, 10000.00, NULL, NULL, NULL, 1, 258, '2026-05-23 03:14:07', '2026-05-23 03:14:07'),
('d93a1b9e-ea38-4eb1-9f0e-28cf9c4980b3', '873fd30d-c076-46be-b7fe-98ea7b797a53', 'ICE-AME-001-V9', NULL, 'Iced Americano - Small / Less Ice / 75%', '[\"2171395e-7935-49f5-9f7a-3e8941a915fa\",\"52a108f2-cad2-44c9-a2e9-4a00f7378331\",\"834c34b9-dfe6-40da-932d-72098f69c9b7\"]', 30000.00, 9000.00, NULL, NULL, NULL, 1, 8, '2026-05-23 03:14:03', '2026-05-23 03:14:03'),
('d96fc7c2-4417-475f-a361-798fc8ca4d02', '372ca7f6-3db0-4726-949c-5871626ae4fe', 'CHOCO-HOT-001-V30', NULL, 'Hot Chocolate - 0% (No Sugar) / Medium / Coconut Milk', '[\"61b07662-86d3-40e4-84a8-276ac3dcd978\",\"6b991074-588c-43a8-84c5-70a852d1ca95\",\"17c5a087-cdbc-4d5e-a025-2f8e30060abf\"]', 41000.00, 9000.00, NULL, NULL, NULL, 1, 29, '2026-05-23 03:14:05', '2026-05-23 03:14:05'),
('d9797b20-63f7-49cf-ad63-ad6f8ce854aa', '0caa53a2-18b3-416f-8b28-c57e1208ba2c', 'ICE-CB-001-V39', NULL, 'Cold Brew - Medium / Extra Ice / 75%', '[\"61b07662-86d3-40e4-84a8-276ac3dcd978\",\"14d9aa0a-e8db-4512-8dcd-b27204eace9b\",\"834c34b9-dfe6-40da-932d-72098f69c9b7\"]', 43000.00, 12000.00, NULL, NULL, NULL, 1, 38, '2026-05-23 03:14:04', '2026-05-23 03:14:04'),
('d99027bf-0e64-4289-984f-91bd21a33723', '4f92d1dc-690a-4bfd-9ca3-84a39abd89de', 'HOT-LAT-001-V29', NULL, 'Cafe Latte - 0% (No Sugar) / Medium / Soy Milk', '[\"61b07662-86d3-40e4-84a8-276ac3dcd978\",\"6b991074-588c-43a8-84c5-70a852d1ca95\",\"5cc4e691-6cab-4cd2-b8dd-99c74ec54473\"]', 42000.00, 10000.00, NULL, NULL, NULL, 1, 28, '2026-05-23 03:14:02', '2026-05-23 03:14:02'),
('d9cd7245-db02-40ee-8eac-31165f38a9e0', '4f92d1dc-690a-4bfd-9ca3-84a39abd89de', 'HOT-LAT-001-V47', NULL, 'Cafe Latte - Medium / Oat Milk / 100% (Normal)', '[\"61b07662-86d3-40e4-84a8-276ac3dcd978\",\"873b34a2-268a-4932-a9aa-d368bd1f15f7\",\"6324d9b0-633b-4116-99ca-b48424ddbba5\"]', 45000.00, 10000.00, NULL, NULL, NULL, 1, 46, '2026-05-23 03:14:03', '2026-05-23 03:14:03'),
('d9dd9e66-0f6e-4dea-bba1-bb8f601e78ad', '1fcc6195-3ed1-453c-8b99-7a3579ab1e60', 'ICE-LAT-001-V188', NULL, 'Iced Latte - Medium / 50% / Almond Milk / Extra Ice', '[\"61b07662-86d3-40e4-84a8-276ac3dcd978\",\"14d9aa0a-e8db-4512-8dcd-b27204eace9b\",\"2bb41abb-44be-48d0-ba0e-813382cc1fd8\",\"322f55ab-80e6-4f9f-a222-8e0578a60e50\"]', 48000.00, 11000.00, NULL, NULL, NULL, 1, 187, '2026-05-23 03:14:04', '2026-05-23 03:14:04'),
('d9e92bd8-decb-45c7-89be-afac8b01cbd8', 'fb3613d7-2fd4-4119-8804-d923a10c3415', 'HOT-CAP-001-V22', NULL, 'Cappuccino - Small / Oat Milk / 100% (Normal)', '[\"2171395e-7935-49f5-9f7a-3e8941a915fa\",\"873b34a2-268a-4932-a9aa-d368bd1f15f7\",\"6324d9b0-633b-4116-99ca-b48424ddbba5\"]', 40000.00, 10000.00, NULL, NULL, NULL, 1, 21, '2026-05-23 03:14:02', '2026-05-23 03:14:02'),
('da05f6b6-3752-432b-ae82-8b56aee3ad0e', '1fcc6195-3ed1-453c-8b99-7a3579ab1e60', 'ICE-LAT-001-V275', NULL, 'Iced Latte - Normal Ice / Large / Coconut Milk / 100% (Normal)', '[\"f3e263dc-8724-4499-ab5a-6f232e257642\",\"b35d8b3c-7ef2-4abc-af56-5ae51da4bc32\",\"873b34a2-268a-4932-a9aa-d368bd1f15f7\",\"17c5a087-cdbc-4d5e-a025-2f8e30060abf\"]', 51000.00, 11000.00, NULL, NULL, NULL, 1, 274, '2026-05-23 03:14:04', '2026-05-23 03:14:04'),
('da2368c2-f0eb-4427-94b8-5b82f5d782f4', '873fd30d-c076-46be-b7fe-98ea7b797a53', 'ICE-AME-001-V58', NULL, 'Iced Americano - 50% / Large / Extra Ice', '[\"f3e263dc-8724-4499-ab5a-6f232e257642\",\"14d9aa0a-e8db-4512-8dcd-b27204eace9b\",\"2bb41abb-44be-48d0-ba0e-813382cc1fd8\"]', 40000.00, 9000.00, NULL, NULL, NULL, 1, 57, '2026-05-23 03:14:03', '2026-05-23 03:14:03'),
('da5186c0-4744-41c5-83bd-8e2065e931bf', '372ca7f6-3db0-4726-949c-5871626ae4fe', 'CHOCO-HOT-001-V58', NULL, 'Hot Chocolate - 25% / Almond Milk / Large', '[\"f3e263dc-8724-4499-ab5a-6f232e257642\",\"713c3c97-49d7-4059-9b4b-1f498206c998\",\"322f55ab-80e6-4f9f-a222-8e0578a60e50\"]', 48000.00, 9000.00, NULL, NULL, NULL, 1, 57, '2026-05-23 03:14:06', '2026-05-23 03:14:06'),
('da770d45-f41e-4925-af34-3ddb9eeefb51', '0fc5eee9-ad2d-4687-b636-dc7b2485e9e9', 'TEA-GTL-001-V40', NULL, 'Green Tea Latte - Small / Iced / 50% / Coconut Milk', '[\"2171395e-7935-49f5-9f7a-3e8941a915fa\",\"19346fb1-059e-41b3-ab8a-88077ff4985c\",\"2bb41abb-44be-48d0-ba0e-813382cc1fd8\",\"17c5a087-cdbc-4d5e-a025-2f8e30060abf\"]', 44000.00, 12000.00, NULL, NULL, NULL, 1, 39, '2026-05-23 03:14:04', '2026-05-23 03:14:04'),
('dae856ac-e869-4394-aef4-57420b2fd97f', '3e0acf7a-37c4-4add-bbe2-4f533165d9e7', 'TEA-CL-001-V102', NULL, 'Chai Latte - 0% (No Sugar) / Hot / Oat Milk / Large', '[\"f3e263dc-8724-4499-ab5a-6f232e257642\",\"aeefcc85-aa18-49dd-804d-b98c1feb5ae4\",\"6b991074-588c-43a8-84c5-70a852d1ca95\",\"6324d9b0-633b-4116-99ca-b48424ddbba5\"]', 50000.00, 10000.00, NULL, NULL, NULL, 1, 101, '2026-05-23 03:14:05', '2026-05-23 03:14:05'),
('db0b6e3b-13e0-4bd3-8ed7-ccf5d9a16e46', '0fc5eee9-ad2d-4687-b636-dc7b2485e9e9', 'TEA-GTL-001-V65', NULL, 'Green Tea Latte - Hot / Medium / 50% / Coconut Milk', '[\"61b07662-86d3-40e4-84a8-276ac3dcd978\",\"aeefcc85-aa18-49dd-804d-b98c1feb5ae4\",\"2bb41abb-44be-48d0-ba0e-813382cc1fd8\",\"17c5a087-cdbc-4d5e-a025-2f8e30060abf\"]', 46000.00, 12000.00, NULL, NULL, NULL, 1, 64, '2026-05-23 03:14:05', '2026-05-23 03:14:05'),
('db190153-ba52-406b-9acd-ea50382a1bb0', 'fb3613d7-2fd4-4119-8804-d923a10c3415', 'HOT-CAP-001-V45', NULL, 'Cappuccino - Medium / 75% / Coconut Milk', '[\"61b07662-86d3-40e4-84a8-276ac3dcd978\",\"834c34b9-dfe6-40da-932d-72098f69c9b7\",\"17c5a087-cdbc-4d5e-a025-2f8e30060abf\"]', 43000.00, 10000.00, NULL, NULL, NULL, 1, 44, '2026-05-23 03:14:02', '2026-05-23 03:14:02'),
('db4e54bb-0567-4e06-95c9-3b8d631bb042', 'fb3613d7-2fd4-4119-8804-d923a10c3415', 'HOT-CAP-001-V40', NULL, 'Cappuccino - Medium / 50% / Coconut Milk', '[\"61b07662-86d3-40e4-84a8-276ac3dcd978\",\"2bb41abb-44be-48d0-ba0e-813382cc1fd8\",\"17c5a087-cdbc-4d5e-a025-2f8e30060abf\"]', 43000.00, 10000.00, NULL, NULL, NULL, 1, 39, '2026-05-23 03:14:02', '2026-05-23 03:14:02'),
('dbb82c2b-0055-4e18-b45e-d71230d4ca1c', '1fcc6195-3ed1-453c-8b99-7a3579ab1e60', 'ICE-LAT-001-V100', NULL, 'Iced Latte - Small / Extra Ice / Coconut Milk / 100% (Normal)', '[\"2171395e-7935-49f5-9f7a-3e8941a915fa\",\"14d9aa0a-e8db-4512-8dcd-b27204eace9b\",\"873b34a2-268a-4932-a9aa-d368bd1f15f7\",\"17c5a087-cdbc-4d5e-a025-2f8e30060abf\"]', 41000.00, 11000.00, NULL, NULL, NULL, 1, 99, '2026-05-23 03:14:03', '2026-05-23 03:14:03'),
('dbfc235a-b631-4d4d-a427-d494342c4f43', '4f92d1dc-690a-4bfd-9ca3-84a39abd89de', 'HOT-LAT-001-V44', NULL, 'Cafe Latte - Medium / Soy Milk / 75%', '[\"61b07662-86d3-40e4-84a8-276ac3dcd978\",\"834c34b9-dfe6-40da-932d-72098f69c9b7\",\"5cc4e691-6cab-4cd2-b8dd-99c74ec54473\"]', 42000.00, 10000.00, NULL, NULL, NULL, 1, 43, '2026-05-23 03:14:03', '2026-05-23 03:14:03'),
('dc86a49c-7d04-4c2f-895e-10b09305f23f', '4f92d1dc-690a-4bfd-9ca3-84a39abd89de', 'HOT-LAT-001-V57', NULL, 'Cafe Latte - Oat Milk / 25% / Large', '[\"f3e263dc-8724-4499-ab5a-6f232e257642\",\"713c3c97-49d7-4059-9b4b-1f498206c998\",\"6324d9b0-633b-4116-99ca-b48424ddbba5\"]', 50000.00, 10000.00, NULL, NULL, NULL, 1, 56, '2026-05-23 03:14:03', '2026-05-23 03:14:03'),
('dcba16a0-4f09-419f-ae4b-24ac3aa37280', 'fb3613d7-2fd4-4119-8804-d923a10c3415', 'HOT-CAP-001-V56', NULL, 'Cappuccino - Regular Milk / 25% / Large', '[\"f3e263dc-8724-4499-ab5a-6f232e257642\",\"713c3c97-49d7-4059-9b4b-1f498206c998\",\"8c291576-e719-4b19-97fb-483d667f92cc\"]', 42000.00, 10000.00, NULL, NULL, NULL, 1, 55, '2026-05-23 03:14:02', '2026-05-23 03:14:02'),
('dcdc074f-b7c1-40f7-b836-d0952a044cf6', '92923011-cecd-4166-a42d-6487b490275f', 'HOT-AME-001-V10', NULL, 'Americano - Medium / 100% (Normal)', '[\"61b07662-86d3-40e4-84a8-276ac3dcd978\",\"873b34a2-268a-4932-a9aa-d368bd1f15f7\"]', 33000.00, 8000.00, NULL, NULL, NULL, 1, 9, '2026-05-23 03:14:02', '2026-05-23 03:14:02'),
('dd1ec950-71b4-47c2-9ad2-fca973810241', '1fcc6195-3ed1-453c-8b99-7a3579ab1e60', 'ICE-LAT-001-V132', NULL, 'Iced Latte - Less Ice / Medium / Oat Milk / 25%', '[\"61b07662-86d3-40e4-84a8-276ac3dcd978\",\"52a108f2-cad2-44c9-a2e9-4a00f7378331\",\"713c3c97-49d7-4059-9b4b-1f498206c998\",\"6324d9b0-633b-4116-99ca-b48424ddbba5\"]', 48000.00, 11000.00, NULL, NULL, NULL, 1, 131, '2026-05-23 03:14:03', '2026-05-23 03:14:03'),
('dd27bacd-1e0f-4c8e-b2f1-1061244ed10a', 'fb3613d7-2fd4-4119-8804-d923a10c3415', 'HOT-CAP-001-V48', NULL, 'Cappuccino - Medium / Almond Milk / 100% (Normal)', '[\"61b07662-86d3-40e4-84a8-276ac3dcd978\",\"873b34a2-268a-4932-a9aa-d368bd1f15f7\",\"322f55ab-80e6-4f9f-a222-8e0578a60e50\"]', 45000.00, 10000.00, NULL, NULL, NULL, 1, 47, '2026-05-23 03:14:02', '2026-05-23 03:14:02'),
('dd9116ff-8446-4ce3-a1c9-ab37e7f339c9', '0caa53a2-18b3-416f-8b28-c57e1208ba2c', 'ICE-CB-001-V32', NULL, 'Cold Brew - Medium / 25% / Normal Ice', '[\"61b07662-86d3-40e4-84a8-276ac3dcd978\",\"b35d8b3c-7ef2-4abc-af56-5ae51da4bc32\",\"713c3c97-49d7-4059-9b4b-1f498206c998\"]', 43000.00, 12000.00, NULL, NULL, NULL, 1, 31, '2026-05-23 03:14:04', '2026-05-23 03:14:04'),
('dda34511-af55-42ca-837d-1f10a42a5ea4', '1fcc6195-3ed1-453c-8b99-7a3579ab1e60', 'ICE-LAT-001-V239', NULL, 'Iced Latte - Less Ice / 50% / Large / Soy Milk', '[\"f3e263dc-8724-4499-ab5a-6f232e257642\",\"52a108f2-cad2-44c9-a2e9-4a00f7378331\",\"2bb41abb-44be-48d0-ba0e-813382cc1fd8\",\"5cc4e691-6cab-4cd2-b8dd-99c74ec54473\"]', 50000.00, 11000.00, NULL, NULL, NULL, 1, 238, '2026-05-23 03:14:04', '2026-05-23 03:14:04'),
('ddcb7206-0ff5-4f10-a107-cf3361762b15', '3e0acf7a-37c4-4add-bbe2-4f533165d9e7', 'TEA-CL-001-V141', NULL, 'Chai Latte - Regular Milk / Iced / Large / 75%', '[\"f3e263dc-8724-4499-ab5a-6f232e257642\",\"19346fb1-059e-41b3-ab8a-88077ff4985c\",\"834c34b9-dfe6-40da-932d-72098f69c9b7\",\"8c291576-e719-4b19-97fb-483d667f92cc\"]', 45000.00, 10000.00, NULL, NULL, NULL, 1, 140, '2026-05-23 03:14:05', '2026-05-23 03:14:05'),
('de459fcc-5140-4772-8bca-9ac521e4cc6b', '98fd8efd-a30f-4456-b83e-9544b36eeeeb', 'CHOCO-ICE-001-V253', NULL, 'Iced Chocolate - 0% (No Sugar) / Almond Milk / Normal Ice / Large', '[\"f3e263dc-8724-4499-ab5a-6f232e257642\",\"b35d8b3c-7ef2-4abc-af56-5ae51da4bc32\",\"6b991074-588c-43a8-84c5-70a852d1ca95\",\"322f55ab-80e6-4f9f-a222-8e0578a60e50\"]', 50000.00, 10000.00, NULL, NULL, NULL, 1, 252, '2026-05-23 03:14:07', '2026-05-23 03:14:07'),
('de7cd662-547e-451a-8518-c06d6d1ad09d', '1fcc6195-3ed1-453c-8b99-7a3579ab1e60', 'ICE-LAT-001-V84', NULL, 'Iced Latte - Small / 25% / Extra Ice / Soy Milk', '[\"2171395e-7935-49f5-9f7a-3e8941a915fa\",\"14d9aa0a-e8db-4512-8dcd-b27204eace9b\",\"713c3c97-49d7-4059-9b4b-1f498206c998\",\"5cc4e691-6cab-4cd2-b8dd-99c74ec54473\"]', 40000.00, 11000.00, NULL, NULL, NULL, 1, 83, '2026-05-23 03:14:03', '2026-05-23 03:14:03'),
('de8e68fe-2cd9-48fa-8a71-20d80bcf33cd', '98fd8efd-a30f-4456-b83e-9544b36eeeeb', 'CHOCO-ICE-001-V289', NULL, 'Iced Chocolate - 50% / Large / Extra Ice / Soy Milk', '[\"f3e263dc-8724-4499-ab5a-6f232e257642\",\"14d9aa0a-e8db-4512-8dcd-b27204eace9b\",\"2bb41abb-44be-48d0-ba0e-813382cc1fd8\",\"5cc4e691-6cab-4cd2-b8dd-99c74ec54473\"]', 47000.00, 10000.00, NULL, NULL, NULL, 1, 288, '2026-05-23 03:14:07', '2026-05-23 03:14:07'),
('df10dc21-4042-4e4c-850c-a19bca681510', '4f92d1dc-690a-4bfd-9ca3-84a39abd89de', 'HOT-LAT-001-V64', NULL, 'Cafe Latte - 50% / Large / Soy Milk', '[\"f3e263dc-8724-4499-ab5a-6f232e257642\",\"2bb41abb-44be-48d0-ba0e-813382cc1fd8\",\"5cc4e691-6cab-4cd2-b8dd-99c74ec54473\"]', 47000.00, 10000.00, NULL, NULL, NULL, 1, 63, '2026-05-23 03:14:03', '2026-05-23 03:14:03'),
('df67fa8f-f316-475f-837c-aa51030ff94c', '98fd8efd-a30f-4456-b83e-9544b36eeeeb', 'CHOCO-ICE-001-V96', NULL, 'Iced Chocolate - Small / Regular Milk / Extra Ice / 100% (Normal)', '[\"2171395e-7935-49f5-9f7a-3e8941a915fa\",\"14d9aa0a-e8db-4512-8dcd-b27204eace9b\",\"873b34a2-268a-4932-a9aa-d368bd1f15f7\",\"8c291576-e719-4b19-97fb-483d667f92cc\"]', 32000.00, 10000.00, NULL, NULL, NULL, 1, 95, '2026-05-23 03:14:06', '2026-05-23 03:14:06'),
('df8973e9-3d20-4c19-a469-1c4946a462b8', '1fcc6195-3ed1-453c-8b99-7a3579ab1e60', 'ICE-LAT-001-V22', NULL, 'Iced Latte - Small / No Ice / Oat Milk / 100% (Normal)', '[\"2171395e-7935-49f5-9f7a-3e8941a915fa\",\"989baece-dbd1-4821-9605-76f13862b0a7\",\"873b34a2-268a-4932-a9aa-d368bd1f15f7\",\"6324d9b0-633b-4116-99ca-b48424ddbba5\"]', 43000.00, 11000.00, NULL, NULL, NULL, 1, 21, '2026-05-23 03:14:03', '2026-05-23 03:14:03'),
('dfc564bd-a27e-43da-8442-1c578d8923df', '98fd8efd-a30f-4456-b83e-9544b36eeeeb', 'CHOCO-ICE-001-V35', NULL, 'Iced Chocolate - Small / Less Ice / 25% / Coconut Milk', '[\"2171395e-7935-49f5-9f7a-3e8941a915fa\",\"52a108f2-cad2-44c9-a2e9-4a00f7378331\",\"713c3c97-49d7-4059-9b4b-1f498206c998\",\"17c5a087-cdbc-4d5e-a025-2f8e30060abf\"]', 38000.00, 10000.00, NULL, NULL, NULL, 1, 34, '2026-05-23 03:14:06', '2026-05-23 03:14:06'),
('dfc60b31-deb9-4f8e-8aef-2c047d51771f', '873fd30d-c076-46be-b7fe-98ea7b797a53', 'ICE-AME-001-V7', NULL, 'Iced Americano - Small / Less Ice / 25%', '[\"2171395e-7935-49f5-9f7a-3e8941a915fa\",\"52a108f2-cad2-44c9-a2e9-4a00f7378331\",\"713c3c97-49d7-4059-9b4b-1f498206c998\"]', 30000.00, 9000.00, NULL, NULL, NULL, 1, 6, '2026-05-23 03:14:03', '2026-05-23 03:14:03'),
('dff7c6de-ac16-405c-b042-a8780cc23490', 'fb3613d7-2fd4-4119-8804-d923a10c3415', 'HOT-CAP-001-V28', NULL, 'Cappuccino - 0% (No Sugar) / Medium / Almond Milk', '[\"61b07662-86d3-40e4-84a8-276ac3dcd978\",\"6b991074-588c-43a8-84c5-70a852d1ca95\",\"322f55ab-80e6-4f9f-a222-8e0578a60e50\"]', 45000.00, 10000.00, NULL, NULL, NULL, 1, 27, '2026-05-23 03:14:02', '2026-05-23 03:14:02'),
('e029a93f-399a-4989-a830-28101ad6ecef', '0caa53a2-18b3-416f-8b28-c57e1208ba2c', 'ICE-CB-001-V13', NULL, 'Cold Brew - Small / 50% / Normal Ice', '[\"2171395e-7935-49f5-9f7a-3e8941a915fa\",\"b35d8b3c-7ef2-4abc-af56-5ae51da4bc32\",\"2bb41abb-44be-48d0-ba0e-813382cc1fd8\"]', 38000.00, 12000.00, NULL, NULL, NULL, 1, 12, '2026-05-23 03:14:04', '2026-05-23 03:14:04'),
('e02de9ca-7c8a-4d41-876c-5fcbe040f7e9', '4f92d1dc-690a-4bfd-9ca3-84a39abd89de', 'HOT-LAT-001-V5', NULL, 'Cafe Latte - Small / 0% (No Sugar) / Coconut Milk', '[\"2171395e-7935-49f5-9f7a-3e8941a915fa\",\"6b991074-588c-43a8-84c5-70a852d1ca95\",\"17c5a087-cdbc-4d5e-a025-2f8e30060abf\"]', 38000.00, 10000.00, NULL, NULL, NULL, 1, 4, '2026-05-23 03:14:02', '2026-05-23 03:14:02'),
('e034b07e-0d6c-4732-976d-9359515e9c47', '98fd8efd-a30f-4456-b83e-9544b36eeeeb', 'CHOCO-ICE-001-V274', NULL, 'Iced Chocolate - Normal Ice / Large / Soy Milk / 100% (Normal)', '[\"f3e263dc-8724-4499-ab5a-6f232e257642\",\"b35d8b3c-7ef2-4abc-af56-5ae51da4bc32\",\"873b34a2-268a-4932-a9aa-d368bd1f15f7\",\"5cc4e691-6cab-4cd2-b8dd-99c74ec54473\"]', 47000.00, 10000.00, NULL, NULL, NULL, 1, 273, '2026-05-23 03:14:07', '2026-05-23 03:14:07'),
('e0456eee-78d8-4184-b417-e3bb53c34899', '1fcc6195-3ed1-453c-8b99-7a3579ab1e60', 'ICE-LAT-001-V215', NULL, 'Iced Latte - No Ice / 50% / Large / Coconut Milk', '[\"f3e263dc-8724-4499-ab5a-6f232e257642\",\"989baece-dbd1-4821-9605-76f13862b0a7\",\"2bb41abb-44be-48d0-ba0e-813382cc1fd8\",\"17c5a087-cdbc-4d5e-a025-2f8e30060abf\"]', 51000.00, 11000.00, NULL, NULL, NULL, 1, 214, '2026-05-23 03:14:04', '2026-05-23 03:14:04'),
('e0752dd1-39e9-4c1f-814b-9ed8af607e60', '3e0acf7a-37c4-4add-bbe2-4f533165d9e7', 'TEA-CL-001-V127', NULL, 'Chai Latte - 0% (No Sugar) / Iced / Oat Milk / Large', '[\"f3e263dc-8724-4499-ab5a-6f232e257642\",\"19346fb1-059e-41b3-ab8a-88077ff4985c\",\"6b991074-588c-43a8-84c5-70a852d1ca95\",\"6324d9b0-633b-4116-99ca-b48424ddbba5\"]', 53000.00, 10000.00, NULL, NULL, NULL, 1, 126, '2026-05-23 03:14:05', '2026-05-23 03:14:05'),
('e09e8b56-5214-492f-8f00-ef9ab2ba5933', '1fcc6195-3ed1-453c-8b99-7a3579ab1e60', 'ICE-LAT-001-V160', NULL, 'Iced Latte - Medium / 25% / Normal Ice / Coconut Milk', '[\"61b07662-86d3-40e4-84a8-276ac3dcd978\",\"b35d8b3c-7ef2-4abc-af56-5ae51da4bc32\",\"713c3c97-49d7-4059-9b4b-1f498206c998\",\"17c5a087-cdbc-4d5e-a025-2f8e30060abf\"]', 46000.00, 11000.00, NULL, NULL, NULL, 1, 159, '2026-05-23 03:14:03', '2026-05-23 03:14:03'),
('e1364355-51bf-4a7c-a770-3358a18e3640', '98fd8efd-a30f-4456-b83e-9544b36eeeeb', 'CHOCO-ICE-001-V135', NULL, 'Iced Chocolate - Less Ice / Medium / 25% / Coconut Milk', '[\"61b07662-86d3-40e4-84a8-276ac3dcd978\",\"52a108f2-cad2-44c9-a2e9-4a00f7378331\",\"713c3c97-49d7-4059-9b4b-1f498206c998\",\"17c5a087-cdbc-4d5e-a025-2f8e30060abf\"]', 43000.00, 10000.00, NULL, NULL, NULL, 1, 134, '2026-05-23 03:14:06', '2026-05-23 03:14:06'),
('e151ac2e-0a25-49cd-8587-c3ee8665dad9', '1fcc6195-3ed1-453c-8b99-7a3579ab1e60', 'ICE-LAT-001-V268', NULL, 'Iced Latte - Almond Milk / Normal Ice / Large / 75%', '[\"f3e263dc-8724-4499-ab5a-6f232e257642\",\"b35d8b3c-7ef2-4abc-af56-5ae51da4bc32\",\"834c34b9-dfe6-40da-932d-72098f69c9b7\",\"322f55ab-80e6-4f9f-a222-8e0578a60e50\"]', 53000.00, 11000.00, NULL, NULL, NULL, 1, 267, '2026-05-23 03:14:04', '2026-05-23 03:14:04'),
('e1962bc7-59a9-4653-8d43-7b253e03498c', '98fd8efd-a30f-4456-b83e-9544b36eeeeb', 'CHOCO-ICE-001-V133', NULL, 'Iced Chocolate - Less Ice / Medium / 25% / Almond Milk', '[\"61b07662-86d3-40e4-84a8-276ac3dcd978\",\"52a108f2-cad2-44c9-a2e9-4a00f7378331\",\"713c3c97-49d7-4059-9b4b-1f498206c998\",\"322f55ab-80e6-4f9f-a222-8e0578a60e50\"]', 45000.00, 10000.00, NULL, NULL, NULL, 1, 132, '2026-05-23 03:14:06', '2026-05-23 03:14:06'),
('e257b6a5-5f81-40d5-b41d-fff6eeaed1ae', '1fcc6195-3ed1-453c-8b99-7a3579ab1e60', 'ICE-LAT-001-V179', NULL, 'Iced Latte - 0% (No Sugar) / Medium / Extra Ice / Soy Milk', '[\"61b07662-86d3-40e4-84a8-276ac3dcd978\",\"14d9aa0a-e8db-4512-8dcd-b27204eace9b\",\"6b991074-588c-43a8-84c5-70a852d1ca95\",\"5cc4e691-6cab-4cd2-b8dd-99c74ec54473\"]', 45000.00, 11000.00, NULL, NULL, NULL, 1, 178, '2026-05-23 03:14:04', '2026-05-23 03:14:04'),
('e26a6fd9-3e68-4661-ab8d-a0aa31f14b43', '1fcc6195-3ed1-453c-8b99-7a3579ab1e60', 'ICE-LAT-001-V59', NULL, 'Iced Latte - Small / 25% / Normal Ice / Soy Milk', '[\"2171395e-7935-49f5-9f7a-3e8941a915fa\",\"b35d8b3c-7ef2-4abc-af56-5ae51da4bc32\",\"713c3c97-49d7-4059-9b4b-1f498206c998\",\"5cc4e691-6cab-4cd2-b8dd-99c74ec54473\"]', 40000.00, 11000.00, NULL, NULL, NULL, 1, 58, '2026-05-23 03:14:03', '2026-05-23 03:14:03'),
('e275525a-d81d-43e2-a3a2-d7cbed8a65f0', '1fcc6195-3ed1-453c-8b99-7a3579ab1e60', 'ICE-LAT-001-V85', NULL, 'Iced Latte - Small / 25% / Extra Ice / Coconut Milk', '[\"2171395e-7935-49f5-9f7a-3e8941a915fa\",\"14d9aa0a-e8db-4512-8dcd-b27204eace9b\",\"713c3c97-49d7-4059-9b4b-1f498206c998\",\"17c5a087-cdbc-4d5e-a025-2f8e30060abf\"]', 41000.00, 11000.00, NULL, NULL, NULL, 1, 84, '2026-05-23 03:14:03', '2026-05-23 03:14:03'),
('e29c0b8a-3618-4593-8b52-a524bd7eb1fb', '1fcc6195-3ed1-453c-8b99-7a3579ab1e60', 'ICE-LAT-001-V164', NULL, 'Iced Latte - Medium / 50% / Normal Ice / Soy Milk', '[\"61b07662-86d3-40e4-84a8-276ac3dcd978\",\"b35d8b3c-7ef2-4abc-af56-5ae51da4bc32\",\"2bb41abb-44be-48d0-ba0e-813382cc1fd8\",\"5cc4e691-6cab-4cd2-b8dd-99c74ec54473\"]', 45000.00, 11000.00, NULL, NULL, NULL, 1, 163, '2026-05-23 03:14:03', '2026-05-23 03:14:03'),
('e3375596-53f3-4211-b44a-ce12e7996f1d', '1fcc6195-3ed1-453c-8b99-7a3579ab1e60', 'ICE-LAT-001-V133', NULL, 'Iced Latte - Less Ice / Medium / 25% / Almond Milk', '[\"61b07662-86d3-40e4-84a8-276ac3dcd978\",\"52a108f2-cad2-44c9-a2e9-4a00f7378331\",\"713c3c97-49d7-4059-9b4b-1f498206c998\",\"322f55ab-80e6-4f9f-a222-8e0578a60e50\"]', 48000.00, 11000.00, NULL, NULL, NULL, 1, 132, '2026-05-23 03:14:03', '2026-05-23 03:14:03'),
('e34eaaa7-9832-4950-a918-2c9e85cd6c45', '98fd8efd-a30f-4456-b83e-9544b36eeeeb', 'CHOCO-ICE-001-V46', NULL, 'Iced Chocolate - Small / Regular Milk / Less Ice / 100% (Normal)', '[\"2171395e-7935-49f5-9f7a-3e8941a915fa\",\"52a108f2-cad2-44c9-a2e9-4a00f7378331\",\"873b34a2-268a-4932-a9aa-d368bd1f15f7\",\"8c291576-e719-4b19-97fb-483d667f92cc\"]', 32000.00, 10000.00, NULL, NULL, NULL, 1, 45, '2026-05-23 03:14:06', '2026-05-23 03:14:06'),
('e3809f27-c646-4cc3-bc09-3956ab125f6f', '98fd8efd-a30f-4456-b83e-9544b36eeeeb', 'CHOCO-ICE-001-V272', NULL, 'Iced Chocolate - Oat Milk / Normal Ice / Large / 100% (Normal)', '[\"f3e263dc-8724-4499-ab5a-6f232e257642\",\"b35d8b3c-7ef2-4abc-af56-5ae51da4bc32\",\"873b34a2-268a-4932-a9aa-d368bd1f15f7\",\"6324d9b0-633b-4116-99ca-b48424ddbba5\"]', 50000.00, 10000.00, NULL, NULL, NULL, 1, 271, '2026-05-23 03:14:07', '2026-05-23 03:14:07'),
('e3fd4092-2753-4d5e-ad77-7457a0176b36', '98fd8efd-a30f-4456-b83e-9544b36eeeeb', 'CHOCO-ICE-001-V194', NULL, 'Iced Chocolate - Medium / Extra Ice / Soy Milk / 75%', '[\"61b07662-86d3-40e4-84a8-276ac3dcd978\",\"14d9aa0a-e8db-4512-8dcd-b27204eace9b\",\"834c34b9-dfe6-40da-932d-72098f69c9b7\",\"5cc4e691-6cab-4cd2-b8dd-99c74ec54473\"]', 42000.00, 10000.00, NULL, NULL, NULL, 1, 193, '2026-05-23 03:14:06', '2026-05-23 03:14:06'),
('e4273b36-1e9e-4da9-ab5a-303bdf58b174', '0fc5eee9-ad2d-4687-b636-dc7b2485e9e9', 'TEA-GTL-001-V63', NULL, 'Green Tea Latte - Hot / Medium / 50% / Almond Milk', '[\"61b07662-86d3-40e4-84a8-276ac3dcd978\",\"aeefcc85-aa18-49dd-804d-b98c1feb5ae4\",\"2bb41abb-44be-48d0-ba0e-813382cc1fd8\",\"322f55ab-80e6-4f9f-a222-8e0578a60e50\"]', 48000.00, 12000.00, NULL, NULL, NULL, 1, 62, '2026-05-23 03:14:05', '2026-05-23 03:14:05'),
('e428516b-5cfa-4894-9af1-7a585e2808ac', '0fc5eee9-ad2d-4687-b636-dc7b2485e9e9', 'TEA-GTL-001-V12', NULL, 'Green Tea Latte - Small / Hot / Oat Milk / 50%', '[\"2171395e-7935-49f5-9f7a-3e8941a915fa\",\"aeefcc85-aa18-49dd-804d-b98c1feb5ae4\",\"2bb41abb-44be-48d0-ba0e-813382cc1fd8\",\"6324d9b0-633b-4116-99ca-b48424ddbba5\"]', 43000.00, 12000.00, NULL, NULL, NULL, 1, 11, '2026-05-23 03:14:04', '2026-05-23 03:14:04'),
('e50842fb-6c1a-46cd-8f64-9876c5af915f', '873fd30d-c076-46be-b7fe-98ea7b797a53', 'ICE-AME-001-V37', NULL, 'Iced Americano - Medium / 25% / Extra Ice', '[\"61b07662-86d3-40e4-84a8-276ac3dcd978\",\"14d9aa0a-e8db-4512-8dcd-b27204eace9b\",\"713c3c97-49d7-4059-9b4b-1f498206c998\"]', 35000.00, 9000.00, NULL, NULL, NULL, 1, 36, '2026-05-23 03:14:03', '2026-05-23 03:14:03'),
('e59e91da-21a3-42ee-b3ac-183dba5fcff0', 'fb3613d7-2fd4-4119-8804-d923a10c3415', 'HOT-CAP-001-V15', NULL, 'Cappuccino - Small / 50% / Coconut Milk', '[\"2171395e-7935-49f5-9f7a-3e8941a915fa\",\"2bb41abb-44be-48d0-ba0e-813382cc1fd8\",\"17c5a087-cdbc-4d5e-a025-2f8e30060abf\"]', 38000.00, 10000.00, NULL, NULL, NULL, 1, 14, '2026-05-23 03:14:02', '2026-05-23 03:14:02'),
('e5bddbf0-c891-4b4c-bec4-ffa4c50f43ab', '1fcc6195-3ed1-453c-8b99-7a3579ab1e60', 'ICE-LAT-001-V153', NULL, 'Iced Latte - 0% (No Sugar) / Medium / Almond Milk / Normal Ice', '[\"61b07662-86d3-40e4-84a8-276ac3dcd978\",\"b35d8b3c-7ef2-4abc-af56-5ae51da4bc32\",\"6b991074-588c-43a8-84c5-70a852d1ca95\",\"322f55ab-80e6-4f9f-a222-8e0578a60e50\"]', 48000.00, 11000.00, NULL, NULL, NULL, 1, 152, '2026-05-23 03:14:03', '2026-05-23 03:14:03'),
('e5e8b922-24b9-4fa5-803c-8a8fc44c511c', '3e0acf7a-37c4-4add-bbe2-4f533165d9e7', 'TEA-CL-001-V33', NULL, 'Chai Latte - Small / Iced / 25% / Almond Milk', '[\"2171395e-7935-49f5-9f7a-3e8941a915fa\",\"19346fb1-059e-41b3-ab8a-88077ff4985c\",\"713c3c97-49d7-4059-9b4b-1f498206c998\",\"322f55ab-80e6-4f9f-a222-8e0578a60e50\"]', 43000.00, 10000.00, NULL, NULL, NULL, 1, 32, '2026-05-23 03:14:05', '2026-05-23 03:14:05'),
('e60d958b-ef41-408b-905a-2638eb32fee1', '372ca7f6-3db0-4726-949c-5871626ae4fe', 'CHOCO-HOT-001-V25', NULL, 'Hot Chocolate - Small / Coconut Milk / 100% (Normal)', '[\"2171395e-7935-49f5-9f7a-3e8941a915fa\",\"873b34a2-268a-4932-a9aa-d368bd1f15f7\",\"17c5a087-cdbc-4d5e-a025-2f8e30060abf\"]', 36000.00, 9000.00, NULL, NULL, NULL, 1, 24, '2026-05-23 03:14:05', '2026-05-23 03:14:05'),
('e617395e-e4b3-4592-9f9d-531b0160e269', '0fc5eee9-ad2d-4687-b636-dc7b2485e9e9', 'TEA-GTL-001-V10', NULL, 'Green Tea Latte - Small / Hot / 25% / Coconut Milk', '[\"2171395e-7935-49f5-9f7a-3e8941a915fa\",\"aeefcc85-aa18-49dd-804d-b98c1feb5ae4\",\"713c3c97-49d7-4059-9b4b-1f498206c998\",\"17c5a087-cdbc-4d5e-a025-2f8e30060abf\"]', 41000.00, 12000.00, NULL, NULL, NULL, 1, 9, '2026-05-23 03:14:04', '2026-05-23 03:14:04'),
('e637b9cb-e177-4a4e-bbb5-540e8bcf3b73', '0fc5eee9-ad2d-4687-b636-dc7b2485e9e9', 'TEA-GTL-001-V37', NULL, 'Green Tea Latte - Small / Iced / Oat Milk / 50%', '[\"2171395e-7935-49f5-9f7a-3e8941a915fa\",\"19346fb1-059e-41b3-ab8a-88077ff4985c\",\"2bb41abb-44be-48d0-ba0e-813382cc1fd8\",\"6324d9b0-633b-4116-99ca-b48424ddbba5\"]', 46000.00, 12000.00, NULL, NULL, NULL, 1, 36, '2026-05-23 03:14:04', '2026-05-23 03:14:04'),
('e63d2054-81d2-44da-8137-1f694ad404aa', '1fcc6195-3ed1-453c-8b99-7a3579ab1e60', 'ICE-LAT-001-V293', NULL, 'Iced Latte - Almond Milk / Large / Extra Ice / 75%', '[\"f3e263dc-8724-4499-ab5a-6f232e257642\",\"14d9aa0a-e8db-4512-8dcd-b27204eace9b\",\"834c34b9-dfe6-40da-932d-72098f69c9b7\",\"322f55ab-80e6-4f9f-a222-8e0578a60e50\"]', 53000.00, 11000.00, NULL, NULL, NULL, 1, 292, '2026-05-23 03:14:04', '2026-05-23 03:14:04'),
('e65b727a-2c1e-4eee-bf50-bc2517434f9d', '4f92d1dc-690a-4bfd-9ca3-84a39abd89de', 'HOT-LAT-001-V15', NULL, 'Cafe Latte - Small / 50% / Coconut Milk', '[\"2171395e-7935-49f5-9f7a-3e8941a915fa\",\"2bb41abb-44be-48d0-ba0e-813382cc1fd8\",\"17c5a087-cdbc-4d5e-a025-2f8e30060abf\"]', 38000.00, 10000.00, NULL, NULL, NULL, 1, 14, '2026-05-23 03:14:02', '2026-05-23 03:14:02'),
('e661fdff-1968-49a9-a3c9-2187d3577737', '4f92d1dc-690a-4bfd-9ca3-84a39abd89de', 'HOT-LAT-001-V38', NULL, 'Cafe Latte - Medium / 50% / Almond Milk', '[\"61b07662-86d3-40e4-84a8-276ac3dcd978\",\"2bb41abb-44be-48d0-ba0e-813382cc1fd8\",\"322f55ab-80e6-4f9f-a222-8e0578a60e50\"]', 45000.00, 10000.00, NULL, NULL, NULL, 1, 37, '2026-05-23 03:14:03', '2026-05-23 03:14:03'),
('e6774abc-d1bb-4e6b-92ab-c1213d1592db', '873fd30d-c076-46be-b7fe-98ea7b797a53', 'ICE-AME-001-V12', NULL, 'Iced Americano - Small / 25% / Normal Ice', '[\"2171395e-7935-49f5-9f7a-3e8941a915fa\",\"b35d8b3c-7ef2-4abc-af56-5ae51da4bc32\",\"713c3c97-49d7-4059-9b4b-1f498206c998\"]', 30000.00, 9000.00, NULL, NULL, NULL, 1, 11, '2026-05-23 03:14:03', '2026-05-23 03:14:03'),
('e692d03f-1fa3-4b80-87a9-0c2e3874fb22', '1fcc6195-3ed1-453c-8b99-7a3579ab1e60', 'ICE-LAT-001-V71', NULL, 'Iced Latte - Small / Regular Milk / Normal Ice / 100% (Normal)', '[\"2171395e-7935-49f5-9f7a-3e8941a915fa\",\"b35d8b3c-7ef2-4abc-af56-5ae51da4bc32\",\"873b34a2-268a-4932-a9aa-d368bd1f15f7\",\"8c291576-e719-4b19-97fb-483d667f92cc\"]', 35000.00, 11000.00, NULL, NULL, NULL, 1, 70, '2026-05-23 03:14:03', '2026-05-23 03:14:03'),
('e783351d-ddb5-4f9f-87a3-406f32c883ee', '1fcc6195-3ed1-453c-8b99-7a3579ab1e60', 'ICE-LAT-001-V87', NULL, 'Iced Latte - Small / Oat Milk / 50% / Extra Ice', '[\"2171395e-7935-49f5-9f7a-3e8941a915fa\",\"14d9aa0a-e8db-4512-8dcd-b27204eace9b\",\"2bb41abb-44be-48d0-ba0e-813382cc1fd8\",\"6324d9b0-633b-4116-99ca-b48424ddbba5\"]', 43000.00, 11000.00, NULL, NULL, NULL, 1, 86, '2026-05-23 03:14:03', '2026-05-23 03:14:03'),
('e793ac62-9a84-499c-b89f-cbbb1784a451', 'fb3613d7-2fd4-4119-8804-d923a10c3415', 'HOT-CAP-001-V75', NULL, 'Cappuccino - Large / Coconut Milk / 100% (Normal)', '[\"f3e263dc-8724-4499-ab5a-6f232e257642\",\"873b34a2-268a-4932-a9aa-d368bd1f15f7\",\"17c5a087-cdbc-4d5e-a025-2f8e30060abf\"]', 48000.00, 10000.00, NULL, NULL, NULL, 1, 74, '2026-05-23 03:14:02', '2026-05-23 03:14:02'),
('e7a2a6e9-0686-4350-b639-7d28df75dc27', '98fd8efd-a30f-4456-b83e-9544b36eeeeb', 'CHOCO-ICE-001-V82', NULL, 'Iced Chocolate - Small / Oat Milk / 25% / Extra Ice', '[\"2171395e-7935-49f5-9f7a-3e8941a915fa\",\"14d9aa0a-e8db-4512-8dcd-b27204eace9b\",\"713c3c97-49d7-4059-9b4b-1f498206c998\",\"6324d9b0-633b-4116-99ca-b48424ddbba5\"]', 40000.00, 10000.00, NULL, NULL, NULL, 1, 81, '2026-05-23 03:14:06', '2026-05-23 03:14:06'),
('e7ae3b1f-79b8-4b80-86af-f09a90856de9', '1fcc6195-3ed1-453c-8b99-7a3579ab1e60', 'ICE-LAT-001-V286', NULL, 'Iced Latte - Regular Milk / 50% / Large / Extra Ice', '[\"f3e263dc-8724-4499-ab5a-6f232e257642\",\"14d9aa0a-e8db-4512-8dcd-b27204eace9b\",\"2bb41abb-44be-48d0-ba0e-813382cc1fd8\",\"8c291576-e719-4b19-97fb-483d667f92cc\"]', 45000.00, 11000.00, NULL, NULL, NULL, 1, 285, '2026-05-23 03:14:04', '2026-05-23 03:14:04'),
('e831a850-d68e-48e8-aa27-222a7979736b', '92923011-cecd-4166-a42d-6487b490275f', 'HOT-AME-001-V2', NULL, 'Americano - Small / 25%', '[\"2171395e-7935-49f5-9f7a-3e8941a915fa\",\"713c3c97-49d7-4059-9b4b-1f498206c998\"]', 28000.00, 8000.00, NULL, NULL, NULL, 1, 1, '2026-05-23 03:14:02', '2026-05-23 03:14:02'),
('e83f2095-f35c-4212-a07c-d91560707238', '98fd8efd-a30f-4456-b83e-9544b36eeeeb', 'CHOCO-ICE-001-V66', NULL, 'Iced Chocolate - Small / Regular Milk / Normal Ice / 75%', '[\"2171395e-7935-49f5-9f7a-3e8941a915fa\",\"b35d8b3c-7ef2-4abc-af56-5ae51da4bc32\",\"834c34b9-dfe6-40da-932d-72098f69c9b7\",\"8c291576-e719-4b19-97fb-483d667f92cc\"]', 32000.00, 10000.00, NULL, NULL, NULL, 1, 65, '2026-05-23 03:14:06', '2026-05-23 03:14:06'),
('e85e3eab-efc2-459b-aab4-94e05caac7ea', '3e0acf7a-37c4-4add-bbe2-4f533165d9e7', 'TEA-CL-001-V57', NULL, 'Chai Latte - Hot / Medium / Oat Milk / 25%', '[\"61b07662-86d3-40e4-84a8-276ac3dcd978\",\"aeefcc85-aa18-49dd-804d-b98c1feb5ae4\",\"713c3c97-49d7-4059-9b4b-1f498206c998\",\"6324d9b0-633b-4116-99ca-b48424ddbba5\"]', 45000.00, 10000.00, NULL, NULL, NULL, 1, 56, '2026-05-23 03:14:05', '2026-05-23 03:14:05'),
('e8f3a151-1dd4-408f-b8cc-0db61ca8bbb4', '0fc5eee9-ad2d-4687-b636-dc7b2485e9e9', 'TEA-GTL-001-V93', NULL, 'Green Tea Latte - Iced / Medium / Almond Milk / 75%', '[\"61b07662-86d3-40e4-84a8-276ac3dcd978\",\"19346fb1-059e-41b3-ab8a-88077ff4985c\",\"834c34b9-dfe6-40da-932d-72098f69c9b7\",\"322f55ab-80e6-4f9f-a222-8e0578a60e50\"]', 51000.00, 12000.00, NULL, NULL, NULL, 1, 92, '2026-05-23 03:14:05', '2026-05-23 03:14:05'),
('e909e558-d384-4e44-bb03-65b018975c42', '98fd8efd-a30f-4456-b83e-9544b36eeeeb', 'CHOCO-ICE-001-V148', NULL, 'Iced Chocolate - Less Ice / Medium / Almond Milk / 100% (Normal)', '[\"61b07662-86d3-40e4-84a8-276ac3dcd978\",\"52a108f2-cad2-44c9-a2e9-4a00f7378331\",\"873b34a2-268a-4932-a9aa-d368bd1f15f7\",\"322f55ab-80e6-4f9f-a222-8e0578a60e50\"]', 45000.00, 10000.00, NULL, NULL, NULL, 1, 147, '2026-05-23 03:14:06', '2026-05-23 03:14:06'),
('e9131c0b-8667-4a0f-b8f7-5ac8fcaacc9f', '0fc5eee9-ad2d-4687-b636-dc7b2485e9e9', 'TEA-GTL-001-V144', NULL, 'Green Tea Latte - Iced / Large / Soy Milk / 75%', '[\"f3e263dc-8724-4499-ab5a-6f232e257642\",\"19346fb1-059e-41b3-ab8a-88077ff4985c\",\"834c34b9-dfe6-40da-932d-72098f69c9b7\",\"5cc4e691-6cab-4cd2-b8dd-99c74ec54473\"]', 53000.00, 12000.00, NULL, NULL, NULL, 1, 143, '2026-05-23 03:14:05', '2026-05-23 03:14:05'),
('e947d871-67a6-45ce-a88c-5f7182f52ef1', '873fd30d-c076-46be-b7fe-98ea7b797a53', 'ICE-AME-001-V2', NULL, 'Iced Americano - Small / No Ice / 25%', '[\"2171395e-7935-49f5-9f7a-3e8941a915fa\",\"989baece-dbd1-4821-9605-76f13862b0a7\",\"713c3c97-49d7-4059-9b4b-1f498206c998\"]', 30000.00, 9000.00, NULL, NULL, NULL, 1, 1, '2026-05-23 03:14:03', '2026-05-23 03:14:03'),
('e96bb567-c3f3-4447-9ae0-f1c9c56952f5', '3e0acf7a-37c4-4add-bbe2-4f533165d9e7', 'TEA-CL-001-V146', NULL, 'Chai Latte - Regular Milk / Iced / Large / 100% (Normal)', '[\"f3e263dc-8724-4499-ab5a-6f232e257642\",\"19346fb1-059e-41b3-ab8a-88077ff4985c\",\"873b34a2-268a-4932-a9aa-d368bd1f15f7\",\"8c291576-e719-4b19-97fb-483d667f92cc\"]', 45000.00, 10000.00, NULL, NULL, NULL, 1, 145, '2026-05-23 03:14:05', '2026-05-23 03:14:05'),
('e9db6984-a3ad-48af-a2ff-fe58b68f381c', '98fd8efd-a30f-4456-b83e-9544b36eeeeb', 'CHOCO-ICE-001-V168', NULL, 'Iced Chocolate - Medium / Almond Milk / Normal Ice / 75%', '[\"61b07662-86d3-40e4-84a8-276ac3dcd978\",\"b35d8b3c-7ef2-4abc-af56-5ae51da4bc32\",\"834c34b9-dfe6-40da-932d-72098f69c9b7\",\"322f55ab-80e6-4f9f-a222-8e0578a60e50\"]', 45000.00, 10000.00, NULL, NULL, NULL, 1, 167, '2026-05-23 03:14:06', '2026-05-23 03:14:06'),
('e9f7c676-1437-4d78-a8fe-f6373fbeadc1', '0fc5eee9-ad2d-4687-b636-dc7b2485e9e9', 'TEA-GTL-001-V7', NULL, 'Green Tea Latte - Small / Hot / Oat Milk / 25%', '[\"2171395e-7935-49f5-9f7a-3e8941a915fa\",\"aeefcc85-aa18-49dd-804d-b98c1feb5ae4\",\"713c3c97-49d7-4059-9b4b-1f498206c998\",\"6324d9b0-633b-4116-99ca-b48424ddbba5\"]', 43000.00, 12000.00, NULL, NULL, NULL, 1, 6, '2026-05-23 03:14:04', '2026-05-23 03:14:04'),
('e9fc9654-f946-400d-9908-42c4e7a408ff', '0fc5eee9-ad2d-4687-b636-dc7b2485e9e9', 'TEA-GTL-001-V139', NULL, 'Green Tea Latte - Iced / 50% / Large / Soy Milk', '[\"f3e263dc-8724-4499-ab5a-6f232e257642\",\"19346fb1-059e-41b3-ab8a-88077ff4985c\",\"2bb41abb-44be-48d0-ba0e-813382cc1fd8\",\"5cc4e691-6cab-4cd2-b8dd-99c74ec54473\"]', 53000.00, 12000.00, NULL, NULL, NULL, 1, 138, '2026-05-23 03:14:05', '2026-05-23 03:14:05'),
('ea0d50cc-da7d-42c7-a6cf-528c65e44d43', '0fc5eee9-ad2d-4687-b636-dc7b2485e9e9', 'TEA-GTL-001-V50', NULL, 'Green Tea Latte - Small / Iced / Coconut Milk / 100% (Normal)', '[\"2171395e-7935-49f5-9f7a-3e8941a915fa\",\"19346fb1-059e-41b3-ab8a-88077ff4985c\",\"873b34a2-268a-4932-a9aa-d368bd1f15f7\",\"17c5a087-cdbc-4d5e-a025-2f8e30060abf\"]', 44000.00, 12000.00, NULL, NULL, NULL, 1, 49, '2026-05-23 03:14:04', '2026-05-23 03:14:04'),
('ea1d4cff-be76-42ef-99e7-b926da0274f4', '0fc5eee9-ad2d-4687-b636-dc7b2485e9e9', 'TEA-GTL-001-V75', NULL, 'Green Tea Latte - Hot / Medium / Coconut Milk / 100% (Normal)', '[\"61b07662-86d3-40e4-84a8-276ac3dcd978\",\"aeefcc85-aa18-49dd-804d-b98c1feb5ae4\",\"873b34a2-268a-4932-a9aa-d368bd1f15f7\",\"17c5a087-cdbc-4d5e-a025-2f8e30060abf\"]', 46000.00, 12000.00, NULL, NULL, NULL, 1, 74, '2026-05-23 03:14:05', '2026-05-23 03:14:05'),
('ea96206b-765e-467b-9cde-7de40f928b1a', '98fd8efd-a30f-4456-b83e-9544b36eeeeb', 'CHOCO-ICE-001-V180', NULL, 'Iced Chocolate - 0% (No Sugar) / Medium / Extra Ice / Coconut Milk', '[\"61b07662-86d3-40e4-84a8-276ac3dcd978\",\"14d9aa0a-e8db-4512-8dcd-b27204eace9b\",\"6b991074-588c-43a8-84c5-70a852d1ca95\",\"17c5a087-cdbc-4d5e-a025-2f8e30060abf\"]', 43000.00, 10000.00, NULL, NULL, NULL, 1, 179, '2026-05-23 03:14:06', '2026-05-23 03:14:06'),
('eaa426bb-fb8a-42b7-bb6c-240b02b1ac80', '98fd8efd-a30f-4456-b83e-9544b36eeeeb', 'CHOCO-ICE-001-V143', NULL, 'Iced Chocolate - Less Ice / Medium / Almond Milk / 75%', '[\"61b07662-86d3-40e4-84a8-276ac3dcd978\",\"52a108f2-cad2-44c9-a2e9-4a00f7378331\",\"834c34b9-dfe6-40da-932d-72098f69c9b7\",\"322f55ab-80e6-4f9f-a222-8e0578a60e50\"]', 45000.00, 10000.00, NULL, NULL, NULL, 1, 142, '2026-05-23 03:14:06', '2026-05-23 03:14:06'),
('eacf1add-2872-49e8-abba-529e6ab7dada', 'fb3613d7-2fd4-4119-8804-d923a10c3415', 'HOT-CAP-001-V59', NULL, 'Cappuccino - 25% / Large / Soy Milk', '[\"f3e263dc-8724-4499-ab5a-6f232e257642\",\"713c3c97-49d7-4059-9b4b-1f498206c998\",\"5cc4e691-6cab-4cd2-b8dd-99c74ec54473\"]', 47000.00, 10000.00, NULL, NULL, NULL, 1, 58, '2026-05-23 03:14:02', '2026-05-23 03:14:02'),
('ead7401f-52b1-48a7-81f9-52868392fb5f', '98fd8efd-a30f-4456-b83e-9544b36eeeeb', 'CHOCO-ICE-001-V264', NULL, 'Iced Chocolate - 50% / Normal Ice / Large / Soy Milk', '[\"f3e263dc-8724-4499-ab5a-6f232e257642\",\"b35d8b3c-7ef2-4abc-af56-5ae51da4bc32\",\"2bb41abb-44be-48d0-ba0e-813382cc1fd8\",\"5cc4e691-6cab-4cd2-b8dd-99c74ec54473\"]', 47000.00, 10000.00, NULL, NULL, NULL, 1, 263, '2026-05-23 03:14:07', '2026-05-23 03:14:07'),
('eb0c5703-47a0-4062-9263-2b647c9111ba', '1fcc6195-3ed1-453c-8b99-7a3579ab1e60', 'ICE-LAT-001-V199', NULL, 'Iced Latte - Medium / Extra Ice / Soy Milk / 100% (Normal)', '[\"61b07662-86d3-40e4-84a8-276ac3dcd978\",\"14d9aa0a-e8db-4512-8dcd-b27204eace9b\",\"873b34a2-268a-4932-a9aa-d368bd1f15f7\",\"5cc4e691-6cab-4cd2-b8dd-99c74ec54473\"]', 45000.00, 11000.00, NULL, NULL, NULL, 1, 198, '2026-05-23 03:14:04', '2026-05-23 03:14:04'),
('ebb3449d-fd5b-4d7c-8ea6-c20e3f422277', '873fd30d-c076-46be-b7fe-98ea7b797a53', 'ICE-AME-001-V6', NULL, 'Iced Americano - Small / 0% (No Sugar) / Less Ice', '[\"2171395e-7935-49f5-9f7a-3e8941a915fa\",\"52a108f2-cad2-44c9-a2e9-4a00f7378331\",\"6b991074-588c-43a8-84c5-70a852d1ca95\"]', 30000.00, 9000.00, NULL, NULL, NULL, 1, 5, '2026-05-23 03:14:03', '2026-05-23 03:14:03'),
('ec130ee1-4aa1-4b3c-9c6f-402759a21922', '1fcc6195-3ed1-453c-8b99-7a3579ab1e60', 'ICE-LAT-001-V24', NULL, 'Iced Latte - Small / No Ice / Soy Milk / 100% (Normal)', '[\"2171395e-7935-49f5-9f7a-3e8941a915fa\",\"989baece-dbd1-4821-9605-76f13862b0a7\",\"873b34a2-268a-4932-a9aa-d368bd1f15f7\",\"5cc4e691-6cab-4cd2-b8dd-99c74ec54473\"]', 40000.00, 11000.00, NULL, NULL, NULL, 1, 23, '2026-05-23 03:14:03', '2026-05-23 03:14:03'),
('ec596d51-36a1-45ab-b997-a293faa98dd1', '98fd8efd-a30f-4456-b83e-9544b36eeeeb', 'CHOCO-ICE-001-V176', NULL, 'Iced Chocolate - 0% (No Sugar) / Regular Milk / Medium / Extra Ice', '[\"61b07662-86d3-40e4-84a8-276ac3dcd978\",\"14d9aa0a-e8db-4512-8dcd-b27204eace9b\",\"6b991074-588c-43a8-84c5-70a852d1ca95\",\"8c291576-e719-4b19-97fb-483d667f92cc\"]', 37000.00, 10000.00, NULL, NULL, NULL, 1, 175, '2026-05-23 03:14:06', '2026-05-23 03:14:06'),
('ec5ff7d3-a6c9-4547-8ca4-6bf0e1e2e877', '372ca7f6-3db0-4726-949c-5871626ae4fe', 'CHOCO-HOT-001-V53', NULL, 'Hot Chocolate - 0% (No Sugar) / Almond Milk / Large', '[\"f3e263dc-8724-4499-ab5a-6f232e257642\",\"6b991074-588c-43a8-84c5-70a852d1ca95\",\"322f55ab-80e6-4f9f-a222-8e0578a60e50\"]', 48000.00, 9000.00, NULL, NULL, NULL, 1, 52, '2026-05-23 03:14:06', '2026-05-23 03:14:06'),
('ec8586a5-091e-4b4a-88a3-275fa87e79b4', '3e0acf7a-37c4-4add-bbe2-4f533165d9e7', 'TEA-CL-001-V45', NULL, 'Chai Latte - Small / Iced / 75% / Coconut Milk', '[\"2171395e-7935-49f5-9f7a-3e8941a915fa\",\"19346fb1-059e-41b3-ab8a-88077ff4985c\",\"834c34b9-dfe6-40da-932d-72098f69c9b7\",\"17c5a087-cdbc-4d5e-a025-2f8e30060abf\"]', 41000.00, 10000.00, NULL, NULL, NULL, 1, 44, '2026-05-23 03:14:05', '2026-05-23 03:14:05'),
('ecd628ae-0701-4adc-bce0-fe0d93463b9c', '372ca7f6-3db0-4726-949c-5871626ae4fe', 'CHOCO-HOT-001-V27', NULL, 'Hot Chocolate - 0% (No Sugar) / Medium / Oat Milk', '[\"61b07662-86d3-40e4-84a8-276ac3dcd978\",\"6b991074-588c-43a8-84c5-70a852d1ca95\",\"6324d9b0-633b-4116-99ca-b48424ddbba5\"]', 43000.00, 9000.00, NULL, NULL, NULL, 1, 26, '2026-05-23 03:14:05', '2026-05-23 03:14:05'),
('ed864fa3-39ce-44d5-bbcd-9b935c06ca23', '0fc5eee9-ad2d-4687-b636-dc7b2485e9e9', 'TEA-GTL-001-V124', NULL, 'Green Tea Latte - Hot / Large / Soy Milk / 100% (Normal)', '[\"f3e263dc-8724-4499-ab5a-6f232e257642\",\"aeefcc85-aa18-49dd-804d-b98c1feb5ae4\",\"873b34a2-268a-4932-a9aa-d368bd1f15f7\",\"5cc4e691-6cab-4cd2-b8dd-99c74ec54473\"]', 50000.00, 12000.00, NULL, NULL, NULL, 1, 123, '2026-05-23 03:14:05', '2026-05-23 03:14:05'),
('ed9f6c4a-dc89-4068-b0fc-8874b8c54ad0', '873fd30d-c076-46be-b7fe-98ea7b797a53', 'ICE-AME-001-V26', NULL, 'Iced Americano - 0% (No Sugar) / Less Ice / Medium', '[\"61b07662-86d3-40e4-84a8-276ac3dcd978\",\"52a108f2-cad2-44c9-a2e9-4a00f7378331\",\"6b991074-588c-43a8-84c5-70a852d1ca95\"]', 35000.00, 9000.00, NULL, NULL, NULL, 1, 25, '2026-05-23 03:14:03', '2026-05-23 03:14:03'),
('ee68abf9-2362-4079-a4b7-49e799e8a590', '873fd30d-c076-46be-b7fe-98ea7b797a53', 'ICE-AME-001-V59', NULL, 'Iced Americano - Large / Extra Ice / 75%', '[\"f3e263dc-8724-4499-ab5a-6f232e257642\",\"14d9aa0a-e8db-4512-8dcd-b27204eace9b\",\"834c34b9-dfe6-40da-932d-72098f69c9b7\"]', 40000.00, 9000.00, NULL, NULL, NULL, 1, 58, '2026-05-23 03:14:03', '2026-05-23 03:14:03'),
('ee8e1d34-5d20-43a3-976b-bc838faf6f13', '0fc5eee9-ad2d-4687-b636-dc7b2485e9e9', 'TEA-GTL-001-V70', NULL, 'Green Tea Latte - Hot / Medium / 75% / Coconut Milk', '[\"61b07662-86d3-40e4-84a8-276ac3dcd978\",\"aeefcc85-aa18-49dd-804d-b98c1feb5ae4\",\"834c34b9-dfe6-40da-932d-72098f69c9b7\",\"17c5a087-cdbc-4d5e-a025-2f8e30060abf\"]', 46000.00, 12000.00, NULL, NULL, NULL, 1, 69, '2026-05-23 03:14:05', '2026-05-23 03:14:05'),
('eec927d9-7ad6-4f42-bcf7-8f8d9e1d5910', '873fd30d-c076-46be-b7fe-98ea7b797a53', 'ICE-AME-001-V34', NULL, 'Iced Americano - Medium / Normal Ice / 75%', '[\"61b07662-86d3-40e4-84a8-276ac3dcd978\",\"b35d8b3c-7ef2-4abc-af56-5ae51da4bc32\",\"834c34b9-dfe6-40da-932d-72098f69c9b7\"]', 35000.00, 9000.00, NULL, NULL, NULL, 1, 33, '2026-05-23 03:14:03', '2026-05-23 03:14:03'),
('eecf45dd-0b7d-4ce8-9bee-be97456fcc8e', '372ca7f6-3db0-4726-949c-5871626ae4fe', 'CHOCO-HOT-001-V6', NULL, 'Hot Chocolate - Small / Regular Milk / 25%', '[\"2171395e-7935-49f5-9f7a-3e8941a915fa\",\"713c3c97-49d7-4059-9b4b-1f498206c998\",\"8c291576-e719-4b19-97fb-483d667f92cc\"]', 30000.00, 9000.00, NULL, NULL, NULL, 1, 5, '2026-05-23 03:14:05', '2026-05-23 03:14:05'),
('eed39b74-4198-4f2f-91ab-8cf7cf6d37b7', '98fd8efd-a30f-4456-b83e-9544b36eeeeb', 'CHOCO-ICE-001-V162', NULL, 'Iced Chocolate - Medium / Oat Milk / 50% / Normal Ice', '[\"61b07662-86d3-40e4-84a8-276ac3dcd978\",\"b35d8b3c-7ef2-4abc-af56-5ae51da4bc32\",\"2bb41abb-44be-48d0-ba0e-813382cc1fd8\",\"6324d9b0-633b-4116-99ca-b48424ddbba5\"]', 45000.00, 10000.00, NULL, NULL, NULL, 1, 161, '2026-05-23 03:14:06', '2026-05-23 03:14:06'),
('ef2d2a8f-545b-4c3e-a35b-5b9324295809', '1fcc6195-3ed1-453c-8b99-7a3579ab1e60', 'ICE-LAT-001-V140', NULL, 'Iced Latte - Less Ice / Medium / 50% / Coconut Milk', '[\"61b07662-86d3-40e4-84a8-276ac3dcd978\",\"52a108f2-cad2-44c9-a2e9-4a00f7378331\",\"2bb41abb-44be-48d0-ba0e-813382cc1fd8\",\"17c5a087-cdbc-4d5e-a025-2f8e30060abf\"]', 46000.00, 11000.00, NULL, NULL, NULL, 1, 139, '2026-05-23 03:14:03', '2026-05-23 03:14:03'),
('ef91d41d-f9d3-4040-9aae-547d8f0fb152', '873fd30d-c076-46be-b7fe-98ea7b797a53', 'ICE-AME-001-V53', NULL, 'Iced Americano - 50% / Normal Ice / Large', '[\"f3e263dc-8724-4499-ab5a-6f232e257642\",\"b35d8b3c-7ef2-4abc-af56-5ae51da4bc32\",\"2bb41abb-44be-48d0-ba0e-813382cc1fd8\"]', 40000.00, 9000.00, NULL, NULL, NULL, 1, 52, '2026-05-23 03:14:03', '2026-05-23 03:14:03'),
('efad48b2-4457-4002-8e6b-a1b6020dc8bb', '0caa53a2-18b3-416f-8b28-c57e1208ba2c', 'ICE-CB-001-V3', NULL, 'Cold Brew - Small / No Ice / 50%', '[\"2171395e-7935-49f5-9f7a-3e8941a915fa\",\"989baece-dbd1-4821-9605-76f13862b0a7\",\"2bb41abb-44be-48d0-ba0e-813382cc1fd8\"]', 38000.00, 12000.00, NULL, NULL, NULL, 1, 2, '2026-05-23 03:14:04', '2026-05-23 03:14:04'),
('efb65e05-4d99-4754-8138-1ff646af7968', '3e0acf7a-37c4-4add-bbe2-4f533165d9e7', 'TEA-CL-001-V91', NULL, 'Chai Latte - Regular Milk / Iced / Medium / 75%', '[\"61b07662-86d3-40e4-84a8-276ac3dcd978\",\"19346fb1-059e-41b3-ab8a-88077ff4985c\",\"834c34b9-dfe6-40da-932d-72098f69c9b7\",\"8c291576-e719-4b19-97fb-483d667f92cc\"]', 40000.00, 10000.00, NULL, NULL, NULL, 1, 90, '2026-05-23 03:14:05', '2026-05-23 03:14:05'),
('efba5771-3234-44af-b0a5-1df9fa0c1091', '1fcc6195-3ed1-453c-8b99-7a3579ab1e60', 'ICE-LAT-001-V190', NULL, 'Iced Latte - Medium / 50% / Extra Ice / Coconut Milk', '[\"61b07662-86d3-40e4-84a8-276ac3dcd978\",\"14d9aa0a-e8db-4512-8dcd-b27204eace9b\",\"2bb41abb-44be-48d0-ba0e-813382cc1fd8\",\"17c5a087-cdbc-4d5e-a025-2f8e30060abf\"]', 46000.00, 11000.00, NULL, NULL, NULL, 1, 189, '2026-05-23 03:14:04', '2026-05-23 03:14:04'),
('f0030aeb-f2bc-4a15-a71d-a2274e8cc499', 'fb3613d7-2fd4-4119-8804-d923a10c3415', 'HOT-CAP-001-V19', NULL, 'Cappuccino - Small / Soy Milk / 75%', '[\"2171395e-7935-49f5-9f7a-3e8941a915fa\",\"834c34b9-dfe6-40da-932d-72098f69c9b7\",\"5cc4e691-6cab-4cd2-b8dd-99c74ec54473\"]', 37000.00, 10000.00, NULL, NULL, NULL, 1, 18, '2026-05-23 03:14:02', '2026-05-23 03:14:02'),
('f06db13f-d388-4b1d-b679-32cb3d9c9ca4', '3e0acf7a-37c4-4add-bbe2-4f533165d9e7', 'TEA-CL-001-V64', NULL, 'Chai Latte - Hot / Medium / 50% / Soy Milk', '[\"61b07662-86d3-40e4-84a8-276ac3dcd978\",\"aeefcc85-aa18-49dd-804d-b98c1feb5ae4\",\"2bb41abb-44be-48d0-ba0e-813382cc1fd8\",\"5cc4e691-6cab-4cd2-b8dd-99c74ec54473\"]', 42000.00, 10000.00, NULL, NULL, NULL, 1, 63, '2026-05-23 03:14:05', '2026-05-23 03:14:05'),
('f0b13701-352a-4dd3-85eb-a9ef6272b960', '1fcc6195-3ed1-453c-8b99-7a3579ab1e60', 'ICE-LAT-001-V130', NULL, 'Iced Latte - 0% (No Sugar) / Less Ice / Medium / Coconut Milk', '[\"61b07662-86d3-40e4-84a8-276ac3dcd978\",\"52a108f2-cad2-44c9-a2e9-4a00f7378331\",\"6b991074-588c-43a8-84c5-70a852d1ca95\",\"17c5a087-cdbc-4d5e-a025-2f8e30060abf\"]', 46000.00, 11000.00, NULL, NULL, NULL, 1, 129, '2026-05-23 03:14:03', '2026-05-23 03:14:03'),
('f0d8ef05-c00c-4883-b646-d7248ba69b64', '1fcc6195-3ed1-453c-8b99-7a3579ab1e60', 'ICE-LAT-001-V170', NULL, 'Iced Latte - Medium / Normal Ice / 75% / Coconut Milk', '[\"61b07662-86d3-40e4-84a8-276ac3dcd978\",\"b35d8b3c-7ef2-4abc-af56-5ae51da4bc32\",\"834c34b9-dfe6-40da-932d-72098f69c9b7\",\"17c5a087-cdbc-4d5e-a025-2f8e30060abf\"]', 46000.00, 11000.00, NULL, NULL, NULL, 1, 169, '2026-05-23 03:14:03', '2026-05-23 03:14:03'),
('f0e3bc5d-060c-4655-8b8f-0c4a37b2a9ca', '1fcc6195-3ed1-453c-8b99-7a3579ab1e60', 'ICE-LAT-001-V233', NULL, 'Iced Latte - Less Ice / 25% / Almond Milk / Large', '[\"f3e263dc-8724-4499-ab5a-6f232e257642\",\"52a108f2-cad2-44c9-a2e9-4a00f7378331\",\"713c3c97-49d7-4059-9b4b-1f498206c998\",\"322f55ab-80e6-4f9f-a222-8e0578a60e50\"]', 53000.00, 11000.00, NULL, NULL, NULL, 1, 232, '2026-05-23 03:14:04', '2026-05-23 03:14:04');
INSERT INTO `product_variants` (`id`, `product_id`, `sku`, `barcode`, `name`, `option_ids`, `price`, `cost_price`, `inventory_item_id`, `recipe_id`, `image`, `is_active`, `sort_order`, `created_at`, `updated_at`) VALUES
('f0e8b2c0-fa37-4c6b-955d-fb0b8fc210ca', '0fc5eee9-ad2d-4687-b636-dc7b2485e9e9', 'TEA-GTL-001-V109', NULL, 'Green Tea Latte - Hot / 25% / Large / Soy Milk', '[\"f3e263dc-8724-4499-ab5a-6f232e257642\",\"aeefcc85-aa18-49dd-804d-b98c1feb5ae4\",\"713c3c97-49d7-4059-9b4b-1f498206c998\",\"5cc4e691-6cab-4cd2-b8dd-99c74ec54473\"]', 50000.00, 12000.00, NULL, NULL, NULL, 1, 108, '2026-05-23 03:14:05', '2026-05-23 03:14:05'),
('f0ed24c5-64b7-4df6-acea-aa22beeb34d8', '1fcc6195-3ed1-453c-8b99-7a3579ab1e60', 'ICE-LAT-001-V262', NULL, 'Iced Latte - Oat Milk / 50% / Normal Ice / Large', '[\"f3e263dc-8724-4499-ab5a-6f232e257642\",\"b35d8b3c-7ef2-4abc-af56-5ae51da4bc32\",\"2bb41abb-44be-48d0-ba0e-813382cc1fd8\",\"6324d9b0-633b-4116-99ca-b48424ddbba5\"]', 53000.00, 11000.00, NULL, NULL, NULL, 1, 261, '2026-05-23 03:14:04', '2026-05-23 03:14:04'),
('f0f51a6e-bc68-4da4-befc-249d00f45751', '1fcc6195-3ed1-453c-8b99-7a3579ab1e60', 'ICE-LAT-001-V150', NULL, 'Iced Latte - Less Ice / Medium / Coconut Milk / 100% (Normal)', '[\"61b07662-86d3-40e4-84a8-276ac3dcd978\",\"52a108f2-cad2-44c9-a2e9-4a00f7378331\",\"873b34a2-268a-4932-a9aa-d368bd1f15f7\",\"17c5a087-cdbc-4d5e-a025-2f8e30060abf\"]', 46000.00, 11000.00, NULL, NULL, NULL, 1, 149, '2026-05-23 03:14:03', '2026-05-23 03:14:03'),
('f0fa763b-953e-41a1-b7ad-370eeef4a23e', '0fc5eee9-ad2d-4687-b636-dc7b2485e9e9', 'TEA-GTL-001-V80', NULL, 'Green Tea Latte - 0% (No Sugar) / Iced / Medium / Coconut Milk', '[\"61b07662-86d3-40e4-84a8-276ac3dcd978\",\"19346fb1-059e-41b3-ab8a-88077ff4985c\",\"6b991074-588c-43a8-84c5-70a852d1ca95\",\"17c5a087-cdbc-4d5e-a025-2f8e30060abf\"]', 49000.00, 12000.00, NULL, NULL, NULL, 1, 79, '2026-05-23 03:14:05', '2026-05-23 03:14:05'),
('f20f8a41-5532-4220-b739-d5ce52a1f86f', '0fc5eee9-ad2d-4687-b636-dc7b2485e9e9', 'TEA-GTL-001-V110', NULL, 'Green Tea Latte - Hot / 25% / Large / Coconut Milk', '[\"f3e263dc-8724-4499-ab5a-6f232e257642\",\"aeefcc85-aa18-49dd-804d-b98c1feb5ae4\",\"713c3c97-49d7-4059-9b4b-1f498206c998\",\"17c5a087-cdbc-4d5e-a025-2f8e30060abf\"]', 51000.00, 12000.00, NULL, NULL, NULL, 1, 109, '2026-05-23 03:14:05', '2026-05-23 03:14:05'),
('f21f00f5-fc28-41de-8cae-21870a90701d', '98fd8efd-a30f-4456-b83e-9544b36eeeeb', 'CHOCO-ICE-001-V91', NULL, 'Iced Chocolate - Small / Regular Milk / Extra Ice / 75%', '[\"2171395e-7935-49f5-9f7a-3e8941a915fa\",\"14d9aa0a-e8db-4512-8dcd-b27204eace9b\",\"834c34b9-dfe6-40da-932d-72098f69c9b7\",\"8c291576-e719-4b19-97fb-483d667f92cc\"]', 32000.00, 10000.00, NULL, NULL, NULL, 1, 90, '2026-05-23 03:14:06', '2026-05-23 03:14:06'),
('f28508ae-2867-404b-b27a-f4359ee7282d', '1fcc6195-3ed1-453c-8b99-7a3579ab1e60', 'ICE-LAT-001-V36', NULL, 'Iced Latte - Small / Regular Milk / Less Ice / 50%', '[\"2171395e-7935-49f5-9f7a-3e8941a915fa\",\"52a108f2-cad2-44c9-a2e9-4a00f7378331\",\"2bb41abb-44be-48d0-ba0e-813382cc1fd8\",\"8c291576-e719-4b19-97fb-483d667f92cc\"]', 35000.00, 11000.00, NULL, NULL, NULL, 1, 35, '2026-05-23 03:14:03', '2026-05-23 03:14:03'),
('f2bd9ae5-264e-41c8-bf29-352d1e18d281', '1fcc6195-3ed1-453c-8b99-7a3579ab1e60', 'ICE-LAT-001-V213', NULL, 'Iced Latte - No Ice / 50% / Almond Milk / Large', '[\"f3e263dc-8724-4499-ab5a-6f232e257642\",\"989baece-dbd1-4821-9605-76f13862b0a7\",\"2bb41abb-44be-48d0-ba0e-813382cc1fd8\",\"322f55ab-80e6-4f9f-a222-8e0578a60e50\"]', 53000.00, 11000.00, NULL, NULL, NULL, 1, 212, '2026-05-23 03:14:04', '2026-05-23 03:14:04'),
('f2f5c723-287b-4084-80fa-c03cc1442c34', '98fd8efd-a30f-4456-b83e-9544b36eeeeb', 'CHOCO-ICE-001-V86', NULL, 'Iced Chocolate - Small / Regular Milk / 50% / Extra Ice', '[\"2171395e-7935-49f5-9f7a-3e8941a915fa\",\"14d9aa0a-e8db-4512-8dcd-b27204eace9b\",\"2bb41abb-44be-48d0-ba0e-813382cc1fd8\",\"8c291576-e719-4b19-97fb-483d667f92cc\"]', 32000.00, 10000.00, NULL, NULL, NULL, 1, 85, '2026-05-23 03:14:06', '2026-05-23 03:14:06'),
('f330c1e8-2b48-4d28-a55e-b6a3cbd1b57d', '1fcc6195-3ed1-453c-8b99-7a3579ab1e60', 'ICE-LAT-001-V261', NULL, 'Iced Latte - Regular Milk / 50% / Normal Ice / Large', '[\"f3e263dc-8724-4499-ab5a-6f232e257642\",\"b35d8b3c-7ef2-4abc-af56-5ae51da4bc32\",\"2bb41abb-44be-48d0-ba0e-813382cc1fd8\",\"8c291576-e719-4b19-97fb-483d667f92cc\"]', 45000.00, 11000.00, NULL, NULL, NULL, 1, 260, '2026-05-23 03:14:04', '2026-05-23 03:14:04'),
('f3597107-066c-4f95-921a-8d451817c90f', '3e0acf7a-37c4-4add-bbe2-4f533165d9e7', 'TEA-CL-001-V149', NULL, 'Chai Latte - Iced / Large / Soy Milk / 100% (Normal)', '[\"f3e263dc-8724-4499-ab5a-6f232e257642\",\"19346fb1-059e-41b3-ab8a-88077ff4985c\",\"873b34a2-268a-4932-a9aa-d368bd1f15f7\",\"5cc4e691-6cab-4cd2-b8dd-99c74ec54473\"]', 50000.00, 10000.00, NULL, NULL, NULL, 1, 148, '2026-05-23 03:14:05', '2026-05-23 03:14:05'),
('f3b35679-5e67-40cd-bf73-4f9cbd865ba6', '4f92d1dc-690a-4bfd-9ca3-84a39abd89de', 'HOT-LAT-001-V21', NULL, 'Cafe Latte - Small / Regular Milk / 100% (Normal)', '[\"2171395e-7935-49f5-9f7a-3e8941a915fa\",\"873b34a2-268a-4932-a9aa-d368bd1f15f7\",\"8c291576-e719-4b19-97fb-483d667f92cc\"]', 32000.00, 10000.00, NULL, NULL, NULL, 1, 20, '2026-05-23 03:14:02', '2026-05-23 03:14:02'),
('f3f48b65-729e-4726-a1c7-6712aba69655', '1fcc6195-3ed1-453c-8b99-7a3579ab1e60', 'ICE-LAT-001-V121', NULL, 'Iced Latte - Regular Milk / No Ice / Medium / 100% (Normal)', '[\"61b07662-86d3-40e4-84a8-276ac3dcd978\",\"989baece-dbd1-4821-9605-76f13862b0a7\",\"873b34a2-268a-4932-a9aa-d368bd1f15f7\",\"8c291576-e719-4b19-97fb-483d667f92cc\"]', 40000.00, 11000.00, NULL, NULL, NULL, 1, 120, '2026-05-23 03:14:03', '2026-05-23 03:14:03'),
('f3fb5516-8153-4679-b7db-a813d71304b8', '1fcc6195-3ed1-453c-8b99-7a3579ab1e60', 'ICE-LAT-001-V7', NULL, 'Iced Latte - Small / No Ice / Oat Milk / 25%', '[\"2171395e-7935-49f5-9f7a-3e8941a915fa\",\"989baece-dbd1-4821-9605-76f13862b0a7\",\"713c3c97-49d7-4059-9b4b-1f498206c998\",\"6324d9b0-633b-4116-99ca-b48424ddbba5\"]', 43000.00, 11000.00, NULL, NULL, NULL, 1, 6, '2026-05-23 03:14:03', '2026-05-23 03:14:03'),
('f40ad264-848e-410c-bb48-6d27a93b3c5e', '1fcc6195-3ed1-453c-8b99-7a3579ab1e60', 'ICE-LAT-001-V250', NULL, 'Iced Latte - Less Ice / Large / Coconut Milk / 100% (Normal)', '[\"f3e263dc-8724-4499-ab5a-6f232e257642\",\"52a108f2-cad2-44c9-a2e9-4a00f7378331\",\"873b34a2-268a-4932-a9aa-d368bd1f15f7\",\"17c5a087-cdbc-4d5e-a025-2f8e30060abf\"]', 51000.00, 11000.00, NULL, NULL, NULL, 1, 249, '2026-05-23 03:14:04', '2026-05-23 03:14:04'),
('f42f8cba-5f3a-4368-9c19-7dd4d116df99', '98fd8efd-a30f-4456-b83e-9544b36eeeeb', 'CHOCO-ICE-001-V107', NULL, 'Iced Chocolate - No Ice / Medium / Oat Milk / 25%', '[\"61b07662-86d3-40e4-84a8-276ac3dcd978\",\"989baece-dbd1-4821-9605-76f13862b0a7\",\"713c3c97-49d7-4059-9b4b-1f498206c998\",\"6324d9b0-633b-4116-99ca-b48424ddbba5\"]', 45000.00, 10000.00, NULL, NULL, NULL, 1, 106, '2026-05-23 03:14:06', '2026-05-23 03:14:06'),
('f4ee9a5e-321a-4486-a9ba-49d5ad613259', '98fd8efd-a30f-4456-b83e-9544b36eeeeb', 'CHOCO-ICE-001-V294', NULL, 'Iced Chocolate - Large / Extra Ice / Soy Milk / 75%', '[\"f3e263dc-8724-4499-ab5a-6f232e257642\",\"14d9aa0a-e8db-4512-8dcd-b27204eace9b\",\"834c34b9-dfe6-40da-932d-72098f69c9b7\",\"5cc4e691-6cab-4cd2-b8dd-99c74ec54473\"]', 47000.00, 10000.00, NULL, NULL, NULL, 1, 293, '2026-05-23 03:14:07', '2026-05-23 03:14:07'),
('f4f3928c-ee8d-45a8-8657-54c8773e2fed', '98fd8efd-a30f-4456-b83e-9544b36eeeeb', 'CHOCO-ICE-001-V62', NULL, 'Iced Chocolate - Small / Oat Milk / 50% / Normal Ice', '[\"2171395e-7935-49f5-9f7a-3e8941a915fa\",\"b35d8b3c-7ef2-4abc-af56-5ae51da4bc32\",\"2bb41abb-44be-48d0-ba0e-813382cc1fd8\",\"6324d9b0-633b-4116-99ca-b48424ddbba5\"]', 40000.00, 10000.00, NULL, NULL, NULL, 1, 61, '2026-05-23 03:14:06', '2026-05-23 03:14:06'),
('f4feb8fe-afe3-43a4-9987-53b3aae25bd7', '98fd8efd-a30f-4456-b83e-9544b36eeeeb', 'CHOCO-ICE-001-V6', NULL, 'Iced Chocolate - Small / Regular Milk / No Ice / 25%', '[\"2171395e-7935-49f5-9f7a-3e8941a915fa\",\"989baece-dbd1-4821-9605-76f13862b0a7\",\"713c3c97-49d7-4059-9b4b-1f498206c998\",\"8c291576-e719-4b19-97fb-483d667f92cc\"]', 32000.00, 10000.00, NULL, NULL, NULL, 1, 5, '2026-05-23 03:14:06', '2026-05-23 03:14:06'),
('f5399e9d-431b-4e34-9d6b-3765b1840909', '372ca7f6-3db0-4726-949c-5871626ae4fe', 'CHOCO-HOT-001-V65', NULL, 'Hot Chocolate - 50% / Large / Coconut Milk', '[\"f3e263dc-8724-4499-ab5a-6f232e257642\",\"2bb41abb-44be-48d0-ba0e-813382cc1fd8\",\"17c5a087-cdbc-4d5e-a025-2f8e30060abf\"]', 46000.00, 9000.00, NULL, NULL, NULL, 1, 64, '2026-05-23 03:14:06', '2026-05-23 03:14:06'),
('f54dafa0-2577-4e9c-b996-9ff2936ece28', '1fcc6195-3ed1-453c-8b99-7a3579ab1e60', 'ICE-LAT-001-V76', NULL, 'Iced Latte - Small / 0% (No Sugar) / Regular Milk / Extra Ice', '[\"2171395e-7935-49f5-9f7a-3e8941a915fa\",\"14d9aa0a-e8db-4512-8dcd-b27204eace9b\",\"6b991074-588c-43a8-84c5-70a852d1ca95\",\"8c291576-e719-4b19-97fb-483d667f92cc\"]', 35000.00, 11000.00, NULL, NULL, NULL, 1, 75, '2026-05-23 03:14:03', '2026-05-23 03:14:03'),
('f5757fac-7014-4f85-b9a1-66198b1ce388', '0caa53a2-18b3-416f-8b28-c57e1208ba2c', 'ICE-CB-001-V26', NULL, 'Cold Brew - 0% (No Sugar) / Less Ice / Medium', '[\"61b07662-86d3-40e4-84a8-276ac3dcd978\",\"52a108f2-cad2-44c9-a2e9-4a00f7378331\",\"6b991074-588c-43a8-84c5-70a852d1ca95\"]', 43000.00, 12000.00, NULL, NULL, NULL, 1, 25, '2026-05-23 03:14:04', '2026-05-23 03:14:04'),
('f5ead2e7-4a50-4124-aa33-177ac75f0508', '4f92d1dc-690a-4bfd-9ca3-84a39abd89de', 'HOT-LAT-001-V67', NULL, 'Cafe Latte - Oat Milk / Large / 75%', '[\"f3e263dc-8724-4499-ab5a-6f232e257642\",\"834c34b9-dfe6-40da-932d-72098f69c9b7\",\"6324d9b0-633b-4116-99ca-b48424ddbba5\"]', 50000.00, 10000.00, NULL, NULL, NULL, 1, 66, '2026-05-23 03:14:03', '2026-05-23 03:14:03'),
('f605f1ac-65ba-4a95-b9ee-497f26fac3ba', '1fcc6195-3ed1-453c-8b99-7a3579ab1e60', 'ICE-LAT-001-V62', NULL, 'Iced Latte - Small / Oat Milk / 50% / Normal Ice', '[\"2171395e-7935-49f5-9f7a-3e8941a915fa\",\"b35d8b3c-7ef2-4abc-af56-5ae51da4bc32\",\"2bb41abb-44be-48d0-ba0e-813382cc1fd8\",\"6324d9b0-633b-4116-99ca-b48424ddbba5\"]', 43000.00, 11000.00, NULL, NULL, NULL, 1, 61, '2026-05-23 03:14:03', '2026-05-23 03:14:03'),
('f61209ff-f424-4d7d-a1a2-32ddfb020c72', '0caa53a2-18b3-416f-8b28-c57e1208ba2c', 'ICE-CB-001-V31', NULL, 'Cold Brew - 0% (No Sugar) / Medium / Normal Ice', '[\"61b07662-86d3-40e4-84a8-276ac3dcd978\",\"b35d8b3c-7ef2-4abc-af56-5ae51da4bc32\",\"6b991074-588c-43a8-84c5-70a852d1ca95\"]', 43000.00, 12000.00, NULL, NULL, NULL, 1, 30, '2026-05-23 03:14:04', '2026-05-23 03:14:04'),
('f6250222-8ad4-4b5a-bee7-8d30566bdb81', '0fc5eee9-ad2d-4687-b636-dc7b2485e9e9', 'TEA-GTL-001-V98', NULL, 'Green Tea Latte - Iced / Medium / Almond Milk / 100% (Normal)', '[\"61b07662-86d3-40e4-84a8-276ac3dcd978\",\"19346fb1-059e-41b3-ab8a-88077ff4985c\",\"873b34a2-268a-4932-a9aa-d368bd1f15f7\",\"322f55ab-80e6-4f9f-a222-8e0578a60e50\"]', 51000.00, 12000.00, NULL, NULL, NULL, 1, 97, '2026-05-23 03:14:05', '2026-05-23 03:14:05'),
('f6a0d427-180e-4dc1-a8a5-7985675cac75', '3e0acf7a-37c4-4add-bbe2-4f533165d9e7', 'TEA-CL-001-V84', NULL, 'Chai Latte - Iced / Medium / 25% / Soy Milk', '[\"61b07662-86d3-40e4-84a8-276ac3dcd978\",\"19346fb1-059e-41b3-ab8a-88077ff4985c\",\"713c3c97-49d7-4059-9b4b-1f498206c998\",\"5cc4e691-6cab-4cd2-b8dd-99c74ec54473\"]', 45000.00, 10000.00, NULL, NULL, NULL, 1, 83, '2026-05-23 03:14:05', '2026-05-23 03:14:05'),
('f6f78db3-a9b6-4adc-8daa-931c351314aa', '3e0acf7a-37c4-4add-bbe2-4f533165d9e7', 'TEA-CL-001-V140', NULL, 'Chai Latte - Iced / 50% / Large / Coconut Milk', '[\"f3e263dc-8724-4499-ab5a-6f232e257642\",\"19346fb1-059e-41b3-ab8a-88077ff4985c\",\"2bb41abb-44be-48d0-ba0e-813382cc1fd8\",\"17c5a087-cdbc-4d5e-a025-2f8e30060abf\"]', 51000.00, 10000.00, NULL, NULL, NULL, 1, 139, '2026-05-23 03:14:05', '2026-05-23 03:14:05'),
('f72755da-49be-45a2-ae4c-409cddac6cbe', '3e0acf7a-37c4-4add-bbe2-4f533165d9e7', 'TEA-CL-001-V30', NULL, 'Chai Latte - Small / 0% (No Sugar) / Iced / Coconut Milk', '[\"2171395e-7935-49f5-9f7a-3e8941a915fa\",\"19346fb1-059e-41b3-ab8a-88077ff4985c\",\"6b991074-588c-43a8-84c5-70a852d1ca95\",\"17c5a087-cdbc-4d5e-a025-2f8e30060abf\"]', 41000.00, 10000.00, NULL, NULL, NULL, 1, 29, '2026-05-23 03:14:05', '2026-05-23 03:14:05'),
('f72d7309-31af-4c6c-9753-33713cdcb6d7', '3e0acf7a-37c4-4add-bbe2-4f533165d9e7', 'TEA-CL-001-V38', NULL, 'Chai Latte - Small / Iced / 50% / Almond Milk', '[\"2171395e-7935-49f5-9f7a-3e8941a915fa\",\"19346fb1-059e-41b3-ab8a-88077ff4985c\",\"2bb41abb-44be-48d0-ba0e-813382cc1fd8\",\"322f55ab-80e6-4f9f-a222-8e0578a60e50\"]', 43000.00, 10000.00, NULL, NULL, NULL, 1, 37, '2026-05-23 03:14:05', '2026-05-23 03:14:05'),
('f73711dd-667a-4644-b04c-a03d5353ee58', '6f2d59c8-1c5a-4ffe-aac4-ecf2f3d16975', 'TEA-EG-001-V13', NULL, 'Earl Grey - Hot / Medium / 50%', '[\"61b07662-86d3-40e4-84a8-276ac3dcd978\",\"aeefcc85-aa18-49dd-804d-b98c1feb5ae4\",\"2bb41abb-44be-48d0-ba0e-813382cc1fd8\"]', 30000.00, 6000.00, NULL, NULL, NULL, 1, 12, '2026-05-23 03:14:04', '2026-05-23 03:14:04'),
('f73ac599-355c-4b6a-a0b6-ee3b22e0dcba', '1fcc6195-3ed1-453c-8b99-7a3579ab1e60', 'ICE-LAT-001-V256', NULL, 'Iced Latte - Regular Milk / 25% / Normal Ice / Large', '[\"f3e263dc-8724-4499-ab5a-6f232e257642\",\"b35d8b3c-7ef2-4abc-af56-5ae51da4bc32\",\"713c3c97-49d7-4059-9b4b-1f498206c998\",\"8c291576-e719-4b19-97fb-483d667f92cc\"]', 45000.00, 11000.00, NULL, NULL, NULL, 1, 255, '2026-05-23 03:14:04', '2026-05-23 03:14:04'),
('f73ca3a6-1dd5-4a71-9946-9b4cde558ec2', '0fc5eee9-ad2d-4687-b636-dc7b2485e9e9', 'TEA-GTL-001-V115', NULL, 'Green Tea Latte - Hot / 50% / Large / Coconut Milk', '[\"f3e263dc-8724-4499-ab5a-6f232e257642\",\"aeefcc85-aa18-49dd-804d-b98c1feb5ae4\",\"2bb41abb-44be-48d0-ba0e-813382cc1fd8\",\"17c5a087-cdbc-4d5e-a025-2f8e30060abf\"]', 51000.00, 12000.00, NULL, NULL, NULL, 1, 114, '2026-05-23 03:14:05', '2026-05-23 03:14:05'),
('f7535a6c-3e27-47fe-9f52-df8f729abf5e', '3e0acf7a-37c4-4add-bbe2-4f533165d9e7', 'TEA-CL-001-V22', NULL, 'Chai Latte - Small / Hot / Oat Milk / 100% (Normal)', '[\"2171395e-7935-49f5-9f7a-3e8941a915fa\",\"aeefcc85-aa18-49dd-804d-b98c1feb5ae4\",\"873b34a2-268a-4932-a9aa-d368bd1f15f7\",\"6324d9b0-633b-4116-99ca-b48424ddbba5\"]', 40000.00, 10000.00, NULL, NULL, NULL, 1, 21, '2026-05-23 03:14:05', '2026-05-23 03:14:05'),
('f7644511-1553-4e57-a55d-b3de53ba9c8c', '873fd30d-c076-46be-b7fe-98ea7b797a53', 'ICE-AME-001-V5', NULL, 'Iced Americano - Small / No Ice / 100% (Normal)', '[\"2171395e-7935-49f5-9f7a-3e8941a915fa\",\"989baece-dbd1-4821-9605-76f13862b0a7\",\"873b34a2-268a-4932-a9aa-d368bd1f15f7\"]', 30000.00, 9000.00, NULL, NULL, NULL, 1, 4, '2026-05-23 03:14:03', '2026-05-23 03:14:03'),
('f7a2a73b-5b3c-43f2-a665-a20ecdc67c1a', '1fcc6195-3ed1-453c-8b99-7a3579ab1e60', 'ICE-LAT-001-V41', NULL, 'Iced Latte - Small / Regular Milk / Less Ice / 75%', '[\"2171395e-7935-49f5-9f7a-3e8941a915fa\",\"52a108f2-cad2-44c9-a2e9-4a00f7378331\",\"834c34b9-dfe6-40da-932d-72098f69c9b7\",\"8c291576-e719-4b19-97fb-483d667f92cc\"]', 35000.00, 11000.00, NULL, NULL, NULL, 1, 40, '2026-05-23 03:14:03', '2026-05-23 03:14:03'),
('f7af59e3-9923-4411-8e07-3e266522f95d', '3e0acf7a-37c4-4add-bbe2-4f533165d9e7', 'TEA-CL-001-V28', NULL, 'Chai Latte - Small / 0% (No Sugar) / Iced / Almond Milk', '[\"2171395e-7935-49f5-9f7a-3e8941a915fa\",\"19346fb1-059e-41b3-ab8a-88077ff4985c\",\"6b991074-588c-43a8-84c5-70a852d1ca95\",\"322f55ab-80e6-4f9f-a222-8e0578a60e50\"]', 43000.00, 10000.00, NULL, NULL, NULL, 1, 27, '2026-05-23 03:14:05', '2026-05-23 03:14:05'),
('f8234fc3-2f9e-4b7a-a3f6-5d347bbbfd6d', '0caa53a2-18b3-416f-8b28-c57e1208ba2c', 'ICE-CB-001-V41', NULL, 'Cold Brew - 0% (No Sugar) / No Ice / Large', '[\"f3e263dc-8724-4499-ab5a-6f232e257642\",\"989baece-dbd1-4821-9605-76f13862b0a7\",\"6b991074-588c-43a8-84c5-70a852d1ca95\"]', 48000.00, 12000.00, NULL, NULL, NULL, 1, 40, '2026-05-23 03:14:04', '2026-05-23 03:14:04'),
('f8542f4f-9fb4-45c7-a0a3-47609d164262', '1fcc6195-3ed1-453c-8b99-7a3579ab1e60', 'ICE-LAT-001-V208', NULL, 'Iced Latte - No Ice / 25% / Almond Milk / Large', '[\"f3e263dc-8724-4499-ab5a-6f232e257642\",\"989baece-dbd1-4821-9605-76f13862b0a7\",\"713c3c97-49d7-4059-9b4b-1f498206c998\",\"322f55ab-80e6-4f9f-a222-8e0578a60e50\"]', 53000.00, 11000.00, NULL, NULL, NULL, 1, 207, '2026-05-23 03:14:04', '2026-05-23 03:14:04'),
('f85bdca7-b844-43e8-bd7c-c252814f8e61', '4f92d1dc-690a-4bfd-9ca3-84a39abd89de', 'HOT-LAT-001-V9', NULL, 'Cafe Latte - Small / 25% / Soy Milk', '[\"2171395e-7935-49f5-9f7a-3e8941a915fa\",\"713c3c97-49d7-4059-9b4b-1f498206c998\",\"5cc4e691-6cab-4cd2-b8dd-99c74ec54473\"]', 37000.00, 10000.00, NULL, NULL, NULL, 1, 8, '2026-05-23 03:14:02', '2026-05-23 03:14:02'),
('f8acc088-3c05-4ff0-875b-7e4a6632a0ef', '98fd8efd-a30f-4456-b83e-9544b36eeeeb', 'CHOCO-ICE-001-V80', NULL, 'Iced Chocolate - Small / 0% (No Sugar) / Extra Ice / Coconut Milk', '[\"2171395e-7935-49f5-9f7a-3e8941a915fa\",\"14d9aa0a-e8db-4512-8dcd-b27204eace9b\",\"6b991074-588c-43a8-84c5-70a852d1ca95\",\"17c5a087-cdbc-4d5e-a025-2f8e30060abf\"]', 38000.00, 10000.00, NULL, NULL, NULL, 1, 79, '2026-05-23 03:14:06', '2026-05-23 03:14:06'),
('f8fc3bc3-7543-4a8f-b56b-09218fa509b6', '4f92d1dc-690a-4bfd-9ca3-84a39abd89de', 'HOT-LAT-001-V56', NULL, 'Cafe Latte - Regular Milk / 25% / Large', '[\"f3e263dc-8724-4499-ab5a-6f232e257642\",\"713c3c97-49d7-4059-9b4b-1f498206c998\",\"8c291576-e719-4b19-97fb-483d667f92cc\"]', 42000.00, 10000.00, NULL, NULL, NULL, 1, 55, '2026-05-23 03:14:03', '2026-05-23 03:14:03'),
('f92dd434-dfb9-4185-90f0-093662b987d5', '1fcc6195-3ed1-453c-8b99-7a3579ab1e60', 'ICE-LAT-001-V218', NULL, 'Iced Latte - No Ice / Almond Milk / Large / 75%', '[\"f3e263dc-8724-4499-ab5a-6f232e257642\",\"989baece-dbd1-4821-9605-76f13862b0a7\",\"834c34b9-dfe6-40da-932d-72098f69c9b7\",\"322f55ab-80e6-4f9f-a222-8e0578a60e50\"]', 53000.00, 11000.00, NULL, NULL, NULL, 1, 217, '2026-05-23 03:14:04', '2026-05-23 03:14:04'),
('f93b1509-b374-4bd6-b462-673e0b009664', '1fcc6195-3ed1-453c-8b99-7a3579ab1e60', 'ICE-LAT-001-V226', NULL, 'Iced Latte - 0% (No Sugar) / Regular Milk / Less Ice / Large', '[\"f3e263dc-8724-4499-ab5a-6f232e257642\",\"52a108f2-cad2-44c9-a2e9-4a00f7378331\",\"6b991074-588c-43a8-84c5-70a852d1ca95\",\"8c291576-e719-4b19-97fb-483d667f92cc\"]', 45000.00, 11000.00, NULL, NULL, NULL, 1, 225, '2026-05-23 03:14:04', '2026-05-23 03:14:04'),
('f93d1322-63a6-41d3-a59a-6958f96f98f4', '98fd8efd-a30f-4456-b83e-9544b36eeeeb', 'CHOCO-ICE-001-V43', NULL, 'Iced Chocolate - Small / Less Ice / Almond Milk / 75%', '[\"2171395e-7935-49f5-9f7a-3e8941a915fa\",\"52a108f2-cad2-44c9-a2e9-4a00f7378331\",\"834c34b9-dfe6-40da-932d-72098f69c9b7\",\"322f55ab-80e6-4f9f-a222-8e0578a60e50\"]', 40000.00, 10000.00, NULL, NULL, NULL, 1, 42, '2026-05-23 03:14:06', '2026-05-23 03:14:06'),
('f98ee4ef-70d0-4d88-bbaa-e7e7c819dcd4', '0fc5eee9-ad2d-4687-b636-dc7b2485e9e9', 'TEA-GTL-001-V23', NULL, 'Green Tea Latte - Small / Hot / Almond Milk / 100% (Normal)', '[\"2171395e-7935-49f5-9f7a-3e8941a915fa\",\"aeefcc85-aa18-49dd-804d-b98c1feb5ae4\",\"873b34a2-268a-4932-a9aa-d368bd1f15f7\",\"322f55ab-80e6-4f9f-a222-8e0578a60e50\"]', 43000.00, 12000.00, NULL, NULL, NULL, 1, 22, '2026-05-23 03:14:04', '2026-05-23 03:14:04'),
('f9a206db-c032-4183-afa5-7f3dde381a02', '3e0acf7a-37c4-4add-bbe2-4f533165d9e7', 'TEA-CL-001-V117', NULL, 'Chai Latte - Hot / Oat Milk / Large / 75%', '[\"f3e263dc-8724-4499-ab5a-6f232e257642\",\"aeefcc85-aa18-49dd-804d-b98c1feb5ae4\",\"834c34b9-dfe6-40da-932d-72098f69c9b7\",\"6324d9b0-633b-4116-99ca-b48424ddbba5\"]', 50000.00, 10000.00, NULL, NULL, NULL, 1, 116, '2026-05-23 03:14:05', '2026-05-23 03:14:05'),
('f9ad7896-657d-40fd-9225-e1158fd335b9', '98fd8efd-a30f-4456-b83e-9544b36eeeeb', 'CHOCO-ICE-001-V33', NULL, 'Iced Chocolate - Small / Less Ice / 25% / Almond Milk', '[\"2171395e-7935-49f5-9f7a-3e8941a915fa\",\"52a108f2-cad2-44c9-a2e9-4a00f7378331\",\"713c3c97-49d7-4059-9b4b-1f498206c998\",\"322f55ab-80e6-4f9f-a222-8e0578a60e50\"]', 40000.00, 10000.00, NULL, NULL, NULL, 1, 32, '2026-05-23 03:14:06', '2026-05-23 03:14:06'),
('f9b68384-f855-4a96-ab2c-bf02617cccdb', '0fc5eee9-ad2d-4687-b636-dc7b2485e9e9', 'TEA-GTL-001-V135', NULL, 'Green Tea Latte - Iced / 25% / Large / Coconut Milk', '[\"f3e263dc-8724-4499-ab5a-6f232e257642\",\"19346fb1-059e-41b3-ab8a-88077ff4985c\",\"713c3c97-49d7-4059-9b4b-1f498206c998\",\"17c5a087-cdbc-4d5e-a025-2f8e30060abf\"]', 54000.00, 12000.00, NULL, NULL, NULL, 1, 134, '2026-05-23 03:14:05', '2026-05-23 03:14:05'),
('f9befbbb-8432-49be-b4d7-d30499cdb15a', '1fcc6195-3ed1-453c-8b99-7a3579ab1e60', 'ICE-LAT-001-V32', NULL, 'Iced Latte - Small / Less Ice / Oat Milk / 25%', '[\"2171395e-7935-49f5-9f7a-3e8941a915fa\",\"52a108f2-cad2-44c9-a2e9-4a00f7378331\",\"713c3c97-49d7-4059-9b4b-1f498206c998\",\"6324d9b0-633b-4116-99ca-b48424ddbba5\"]', 43000.00, 11000.00, NULL, NULL, NULL, 1, 31, '2026-05-23 03:14:03', '2026-05-23 03:14:03'),
('f9f187d6-73ac-46da-8ea0-628ff96d5be3', '873fd30d-c076-46be-b7fe-98ea7b797a53', 'ICE-AME-001-V10', NULL, 'Iced Americano - Small / Less Ice / 100% (Normal)', '[\"2171395e-7935-49f5-9f7a-3e8941a915fa\",\"52a108f2-cad2-44c9-a2e9-4a00f7378331\",\"873b34a2-268a-4932-a9aa-d368bd1f15f7\"]', 30000.00, 9000.00, NULL, NULL, NULL, 1, 9, '2026-05-23 03:14:03', '2026-05-23 03:14:03'),
('fa40930f-dbfc-47a2-8d70-e5fd7500fc56', '0fc5eee9-ad2d-4687-b636-dc7b2485e9e9', 'TEA-GTL-001-V126', NULL, 'Green Tea Latte - 0% (No Sugar) / Regular Milk / Iced / Large', '[\"f3e263dc-8724-4499-ab5a-6f232e257642\",\"19346fb1-059e-41b3-ab8a-88077ff4985c\",\"6b991074-588c-43a8-84c5-70a852d1ca95\",\"8c291576-e719-4b19-97fb-483d667f92cc\"]', 48000.00, 12000.00, NULL, NULL, NULL, 1, 125, '2026-05-23 03:14:05', '2026-05-23 03:14:05'),
('fa912184-75b5-4475-bee5-ee66d0a8f0dd', '0caa53a2-18b3-416f-8b28-c57e1208ba2c', 'ICE-CB-001-V38', NULL, 'Cold Brew - Medium / 50% / Extra Ice', '[\"61b07662-86d3-40e4-84a8-276ac3dcd978\",\"14d9aa0a-e8db-4512-8dcd-b27204eace9b\",\"2bb41abb-44be-48d0-ba0e-813382cc1fd8\"]', 43000.00, 12000.00, NULL, NULL, NULL, 1, 37, '2026-05-23 03:14:04', '2026-05-23 03:14:04'),
('faa59a24-d908-4074-89a2-3f0c964d3180', '1fcc6195-3ed1-453c-8b99-7a3579ab1e60', 'ICE-LAT-001-V165', NULL, 'Iced Latte - Medium / 50% / Normal Ice / Coconut Milk', '[\"61b07662-86d3-40e4-84a8-276ac3dcd978\",\"b35d8b3c-7ef2-4abc-af56-5ae51da4bc32\",\"2bb41abb-44be-48d0-ba0e-813382cc1fd8\",\"17c5a087-cdbc-4d5e-a025-2f8e30060abf\"]', 46000.00, 11000.00, NULL, NULL, NULL, 1, 164, '2026-05-23 03:14:03', '2026-05-23 03:14:03'),
('fac7ed2e-89b8-4e5c-9030-01929bc63af3', '0fc5eee9-ad2d-4687-b636-dc7b2485e9e9', 'TEA-GTL-001-V72', NULL, 'Green Tea Latte - Hot / Medium / Oat Milk / 100% (Normal)', '[\"61b07662-86d3-40e4-84a8-276ac3dcd978\",\"aeefcc85-aa18-49dd-804d-b98c1feb5ae4\",\"873b34a2-268a-4932-a9aa-d368bd1f15f7\",\"6324d9b0-633b-4116-99ca-b48424ddbba5\"]', 48000.00, 12000.00, NULL, NULL, NULL, 1, 71, '2026-05-23 03:14:05', '2026-05-23 03:14:05'),
('fb0661dc-5d70-4bfb-a665-6a0d8dc007bb', '98fd8efd-a30f-4456-b83e-9544b36eeeeb', 'CHOCO-ICE-001-V285', NULL, 'Iced Chocolate - 25% / Large / Extra Ice / Coconut Milk', '[\"f3e263dc-8724-4499-ab5a-6f232e257642\",\"14d9aa0a-e8db-4512-8dcd-b27204eace9b\",\"713c3c97-49d7-4059-9b4b-1f498206c998\",\"17c5a087-cdbc-4d5e-a025-2f8e30060abf\"]', 48000.00, 10000.00, NULL, NULL, NULL, 1, 284, '2026-05-23 03:14:07', '2026-05-23 03:14:07'),
('fb184acd-9e36-41b6-8e97-3743f4e57baa', '98fd8efd-a30f-4456-b83e-9544b36eeeeb', 'CHOCO-ICE-001-V191', NULL, 'Iced Chocolate - Regular Milk / Medium / Extra Ice / 75%', '[\"61b07662-86d3-40e4-84a8-276ac3dcd978\",\"14d9aa0a-e8db-4512-8dcd-b27204eace9b\",\"834c34b9-dfe6-40da-932d-72098f69c9b7\",\"8c291576-e719-4b19-97fb-483d667f92cc\"]', 37000.00, 10000.00, NULL, NULL, NULL, 1, 190, '2026-05-23 03:14:06', '2026-05-23 03:14:06'),
('fb5eb0cf-0bf5-4206-905f-7f660b4b65da', '98fd8efd-a30f-4456-b83e-9544b36eeeeb', 'CHOCO-ICE-001-V90', NULL, 'Iced Chocolate - Small / 50% / Extra Ice / Coconut Milk', '[\"2171395e-7935-49f5-9f7a-3e8941a915fa\",\"14d9aa0a-e8db-4512-8dcd-b27204eace9b\",\"2bb41abb-44be-48d0-ba0e-813382cc1fd8\",\"17c5a087-cdbc-4d5e-a025-2f8e30060abf\"]', 38000.00, 10000.00, NULL, NULL, NULL, 1, 89, '2026-05-23 03:14:06', '2026-05-23 03:14:06'),
('fb855993-37fb-4e84-8604-c1cb412c7fe6', '4f92d1dc-690a-4bfd-9ca3-84a39abd89de', 'HOT-LAT-001-V74', NULL, 'Cafe Latte - Large / Soy Milk / 100% (Normal)', '[\"f3e263dc-8724-4499-ab5a-6f232e257642\",\"873b34a2-268a-4932-a9aa-d368bd1f15f7\",\"5cc4e691-6cab-4cd2-b8dd-99c74ec54473\"]', 47000.00, 10000.00, NULL, NULL, NULL, 1, 73, '2026-05-23 03:14:03', '2026-05-23 03:14:03'),
('fbc72c92-54c5-4f7c-8b88-f6a73e66c301', '6f2d59c8-1c5a-4ffe-aac4-ecf2f3d16975', 'TEA-EG-001-V21', NULL, 'Earl Grey - 0% (No Sugar) / Hot / Large', '[\"f3e263dc-8724-4499-ab5a-6f232e257642\",\"aeefcc85-aa18-49dd-804d-b98c1feb5ae4\",\"6b991074-588c-43a8-84c5-70a852d1ca95\"]', 35000.00, 6000.00, NULL, NULL, NULL, 1, 20, '2026-05-23 03:14:04', '2026-05-23 03:14:04'),
('fbdf617a-9c64-4c81-b545-71e872ee25ca', '98fd8efd-a30f-4456-b83e-9544b36eeeeb', 'CHOCO-ICE-001-V23', NULL, 'Iced Chocolate - Small / No Ice / Almond Milk / 100% (Normal)', '[\"2171395e-7935-49f5-9f7a-3e8941a915fa\",\"989baece-dbd1-4821-9605-76f13862b0a7\",\"873b34a2-268a-4932-a9aa-d368bd1f15f7\",\"322f55ab-80e6-4f9f-a222-8e0578a60e50\"]', 40000.00, 10000.00, NULL, NULL, NULL, 1, 22, '2026-05-23 03:14:06', '2026-05-23 03:14:06'),
('fc3e7b24-5d8a-4d3e-92c1-4cfc8233d4e9', '1fcc6195-3ed1-453c-8b99-7a3579ab1e60', 'ICE-LAT-001-V40', NULL, 'Iced Latte - Small / Less Ice / 50% / Coconut Milk', '[\"2171395e-7935-49f5-9f7a-3e8941a915fa\",\"52a108f2-cad2-44c9-a2e9-4a00f7378331\",\"2bb41abb-44be-48d0-ba0e-813382cc1fd8\",\"17c5a087-cdbc-4d5e-a025-2f8e30060abf\"]', 41000.00, 11000.00, NULL, NULL, NULL, 1, 39, '2026-05-23 03:14:03', '2026-05-23 03:14:03'),
('fc411733-950e-42f3-9cda-19c4b9ab53cf', '0fc5eee9-ad2d-4687-b636-dc7b2485e9e9', 'TEA-GTL-001-V105', NULL, 'Green Tea Latte - 0% (No Sugar) / Hot / Large / Coconut Milk', '[\"f3e263dc-8724-4499-ab5a-6f232e257642\",\"aeefcc85-aa18-49dd-804d-b98c1feb5ae4\",\"6b991074-588c-43a8-84c5-70a852d1ca95\",\"17c5a087-cdbc-4d5e-a025-2f8e30060abf\"]', 51000.00, 12000.00, NULL, NULL, NULL, 1, 104, '2026-05-23 03:14:05', '2026-05-23 03:14:05'),
('fc4b2ea0-c4d9-4844-9226-a5fccc6270b1', '1fcc6195-3ed1-453c-8b99-7a3579ab1e60', 'ICE-LAT-001-V294', NULL, 'Iced Latte - Large / Extra Ice / Soy Milk / 75%', '[\"f3e263dc-8724-4499-ab5a-6f232e257642\",\"14d9aa0a-e8db-4512-8dcd-b27204eace9b\",\"834c34b9-dfe6-40da-932d-72098f69c9b7\",\"5cc4e691-6cab-4cd2-b8dd-99c74ec54473\"]', 50000.00, 11000.00, NULL, NULL, NULL, 1, 293, '2026-05-23 03:14:04', '2026-05-23 03:14:04'),
('fca8d6c9-fd42-44f1-bbab-d9b67197f81c', '1fcc6195-3ed1-453c-8b99-7a3579ab1e60', 'ICE-LAT-001-V173', NULL, 'Iced Latte - Medium / Almond Milk / Normal Ice / 100% (Normal)', '[\"61b07662-86d3-40e4-84a8-276ac3dcd978\",\"b35d8b3c-7ef2-4abc-af56-5ae51da4bc32\",\"873b34a2-268a-4932-a9aa-d368bd1f15f7\",\"322f55ab-80e6-4f9f-a222-8e0578a60e50\"]', 48000.00, 11000.00, NULL, NULL, NULL, 1, 172, '2026-05-23 03:14:03', '2026-05-23 03:14:03'),
('fcd850d1-eef4-4b12-a69e-4a9e3041c576', '1fcc6195-3ed1-453c-8b99-7a3579ab1e60', 'ICE-LAT-001-V158', NULL, 'Iced Latte - Medium / 25% / Almond Milk / Normal Ice', '[\"61b07662-86d3-40e4-84a8-276ac3dcd978\",\"b35d8b3c-7ef2-4abc-af56-5ae51da4bc32\",\"713c3c97-49d7-4059-9b4b-1f498206c998\",\"322f55ab-80e6-4f9f-a222-8e0578a60e50\"]', 48000.00, 11000.00, NULL, NULL, NULL, 1, 157, '2026-05-23 03:14:03', '2026-05-23 03:14:03'),
('fce5a6e0-67fd-435b-83d7-6972077e2a07', '4f92d1dc-690a-4bfd-9ca3-84a39abd89de', 'HOT-LAT-001-V20', NULL, 'Cafe Latte - Small / 75% / Coconut Milk', '[\"2171395e-7935-49f5-9f7a-3e8941a915fa\",\"834c34b9-dfe6-40da-932d-72098f69c9b7\",\"17c5a087-cdbc-4d5e-a025-2f8e30060abf\"]', 38000.00, 10000.00, NULL, NULL, NULL, 1, 19, '2026-05-23 03:14:02', '2026-05-23 03:14:02'),
('fcfa6598-3324-47df-ae63-d9b6f5856304', '1fcc6195-3ed1-453c-8b99-7a3579ab1e60', 'ICE-LAT-001-V13', NULL, 'Iced Latte - Small / No Ice / 50% / Almond Milk', '[\"2171395e-7935-49f5-9f7a-3e8941a915fa\",\"989baece-dbd1-4821-9605-76f13862b0a7\",\"2bb41abb-44be-48d0-ba0e-813382cc1fd8\",\"322f55ab-80e6-4f9f-a222-8e0578a60e50\"]', 43000.00, 11000.00, NULL, NULL, NULL, 1, 12, '2026-05-23 03:14:03', '2026-05-23 03:14:03'),
('fdd60c9b-cbb7-4422-94f3-2980f41d9da0', '873fd30d-c076-46be-b7fe-98ea7b797a53', 'ICE-AME-001-V40', NULL, 'Iced Americano - Medium / Extra Ice / 100% (Normal)', '[\"61b07662-86d3-40e4-84a8-276ac3dcd978\",\"14d9aa0a-e8db-4512-8dcd-b27204eace9b\",\"873b34a2-268a-4932-a9aa-d368bd1f15f7\"]', 35000.00, 9000.00, NULL, NULL, NULL, 1, 39, '2026-05-23 03:14:03', '2026-05-23 03:14:03'),
('fde4e134-554b-44d0-a132-66e18af2a616', 'fb3613d7-2fd4-4119-8804-d923a10c3415', 'HOT-CAP-001-V47', NULL, 'Cappuccino - Medium / Oat Milk / 100% (Normal)', '[\"61b07662-86d3-40e4-84a8-276ac3dcd978\",\"873b34a2-268a-4932-a9aa-d368bd1f15f7\",\"6324d9b0-633b-4116-99ca-b48424ddbba5\"]', 45000.00, 10000.00, NULL, NULL, NULL, 1, 46, '2026-05-23 03:14:02', '2026-05-23 03:14:02'),
('fe15da4e-2214-45c7-a1b6-e9d71c07a237', '3e0acf7a-37c4-4add-bbe2-4f533165d9e7', 'TEA-CL-001-V53', NULL, 'Chai Latte - 0% (No Sugar) / Hot / Medium / Almond Milk', '[\"61b07662-86d3-40e4-84a8-276ac3dcd978\",\"aeefcc85-aa18-49dd-804d-b98c1feb5ae4\",\"6b991074-588c-43a8-84c5-70a852d1ca95\",\"322f55ab-80e6-4f9f-a222-8e0578a60e50\"]', 45000.00, 10000.00, NULL, NULL, NULL, 1, 52, '2026-05-23 03:14:05', '2026-05-23 03:14:05'),
('fe3f72c9-d62c-4a48-9817-fc2f057bbf49', '1fcc6195-3ed1-453c-8b99-7a3579ab1e60', 'ICE-LAT-001-V177', NULL, 'Iced Latte - 0% (No Sugar) / Medium / Oat Milk / Extra Ice', '[\"61b07662-86d3-40e4-84a8-276ac3dcd978\",\"14d9aa0a-e8db-4512-8dcd-b27204eace9b\",\"6b991074-588c-43a8-84c5-70a852d1ca95\",\"6324d9b0-633b-4116-99ca-b48424ddbba5\"]', 48000.00, 11000.00, NULL, NULL, NULL, 1, 176, '2026-05-23 03:14:03', '2026-05-23 03:14:03'),
('fea9bdaa-b1d0-4198-8dd2-4dc1779ee8f1', '372ca7f6-3db0-4726-949c-5871626ae4fe', 'CHOCO-HOT-001-V68', NULL, 'Hot Chocolate - Almond Milk / Large / 75%', '[\"f3e263dc-8724-4499-ab5a-6f232e257642\",\"834c34b9-dfe6-40da-932d-72098f69c9b7\",\"322f55ab-80e6-4f9f-a222-8e0578a60e50\"]', 48000.00, 9000.00, NULL, NULL, NULL, 1, 67, '2026-05-23 03:14:06', '2026-05-23 03:14:06'),
('fed8ec66-3fee-402b-9ce3-67ddc7b93d91', '0fc5eee9-ad2d-4687-b636-dc7b2485e9e9', 'TEA-GTL-001-V43', NULL, 'Green Tea Latte - Small / Iced / Almond Milk / 75%', '[\"2171395e-7935-49f5-9f7a-3e8941a915fa\",\"19346fb1-059e-41b3-ab8a-88077ff4985c\",\"834c34b9-dfe6-40da-932d-72098f69c9b7\",\"322f55ab-80e6-4f9f-a222-8e0578a60e50\"]', 46000.00, 12000.00, NULL, NULL, NULL, 1, 42, '2026-05-23 03:14:04', '2026-05-23 03:14:04'),
('ff7865e3-7760-4399-9df7-51b0671e7c7e', 'fb3613d7-2fd4-4119-8804-d923a10c3415', 'HOT-CAP-001-V17', NULL, 'Cappuccino - Small / Oat Milk / 75%', '[\"2171395e-7935-49f5-9f7a-3e8941a915fa\",\"834c34b9-dfe6-40da-932d-72098f69c9b7\",\"6324d9b0-633b-4116-99ca-b48424ddbba5\"]', 40000.00, 10000.00, NULL, NULL, NULL, 1, 16, '2026-05-23 03:14:02', '2026-05-23 03:14:02'),
('ff8a75fd-92bc-4144-a09c-b1fd3068a05c', '98fd8efd-a30f-4456-b83e-9544b36eeeeb', 'CHOCO-ICE-001-V229', NULL, 'Iced Chocolate - 0% (No Sugar) / Less Ice / Large / Soy Milk', '[\"f3e263dc-8724-4499-ab5a-6f232e257642\",\"52a108f2-cad2-44c9-a2e9-4a00f7378331\",\"6b991074-588c-43a8-84c5-70a852d1ca95\",\"5cc4e691-6cab-4cd2-b8dd-99c74ec54473\"]', 47000.00, 10000.00, NULL, NULL, NULL, 1, 228, '2026-05-23 03:14:06', '2026-05-23 03:14:06'),
('ffe1a63c-55a7-4aaa-ba20-343db6bf851e', '98fd8efd-a30f-4456-b83e-9544b36eeeeb', 'CHOCO-ICE-001-V21', NULL, 'Iced Chocolate - Small / Regular Milk / No Ice / 100% (Normal)', '[\"2171395e-7935-49f5-9f7a-3e8941a915fa\",\"989baece-dbd1-4821-9605-76f13862b0a7\",\"873b34a2-268a-4932-a9aa-d368bd1f15f7\",\"8c291576-e719-4b19-97fb-483d667f92cc\"]', 32000.00, 10000.00, NULL, NULL, NULL, 1, 20, '2026-05-23 03:14:06', '2026-05-23 03:14:06'),
('fff64105-57bf-4f8d-a364-d8487344a6f3', '1fcc6195-3ed1-453c-8b99-7a3579ab1e60', 'ICE-LAT-001-V222', NULL, 'Iced Latte - No Ice / Oat Milk / Large / 100% (Normal)', '[\"f3e263dc-8724-4499-ab5a-6f232e257642\",\"989baece-dbd1-4821-9605-76f13862b0a7\",\"873b34a2-268a-4932-a9aa-d368bd1f15f7\",\"6324d9b0-633b-4116-99ca-b48424ddbba5\"]', 53000.00, 11000.00, NULL, NULL, NULL, 1, 221, '2026-05-23 03:14:04', '2026-05-23 03:14:04');

-- --------------------------------------------------------

--
-- Table structure for table `product_variant_groups`
--

CREATE TABLE `product_variant_groups` (
  `id` char(36) NOT NULL,
  `product_id` char(36) NOT NULL,
  `variant_group_id` char(36) NOT NULL,
  `is_required` tinyint(1) NOT NULL DEFAULT 1,
  `sort_order` int(11) NOT NULL DEFAULT 0,
  `created_at` timestamp NULL DEFAULT NULL,
  `updated_at` timestamp NULL DEFAULT NULL
) ENGINE=InnoDB DEFAULT CHARSET=utf8mb4 COLLATE=utf8mb4_unicode_ci;

--
-- Dumping data for table `product_variant_groups`
--

INSERT INTO `product_variant_groups` (`id`, `product_id`, `variant_group_id`, `is_required`, `sort_order`, `created_at`, `updated_at`) VALUES
('00b37c44-0e39-4208-a365-a5114d9b97b2', 'fb3613d7-2fd4-4119-8804-d923a10c3415', '8ff076be-dd24-4b05-b059-c7313874d0f7', 1, 1, NULL, NULL),
('06c7e327-4efb-47b1-9758-0c8463e7b58a', '4f92d1dc-690a-4bfd-9ca3-84a39abd89de', 'a279acd6-1e11-450e-a2eb-23db6258f3b0', 1, 0, NULL, NULL),
('0bc29931-bf93-4743-baca-3a9d6016cec2', '92923011-cecd-4166-a42d-6487b490275f', 'a279acd6-1e11-450e-a2eb-23db6258f3b0', 1, 0, NULL, NULL),
('0df6d7d7-398f-4d64-b9e6-58a780a644df', '0caa53a2-18b3-416f-8b28-c57e1208ba2c', 'a279acd6-1e11-450e-a2eb-23db6258f3b0', 1, 0, NULL, NULL),
('0e6f5bd7-c149-4c26-808b-965f04b05db1', '6f2d59c8-1c5a-4ffe-aac4-ecf2f3d16975', 'a279acd6-1e11-450e-a2eb-23db6258f3b0', 1, 0, NULL, NULL),
('2317c527-9c0b-4129-b0eb-941d2e8f01a1', '0fc5eee9-ad2d-4687-b636-dc7b2485e9e9', 'cbc2e253-b786-49d0-beaf-e496be850658', 1, 3, NULL, NULL),
('24b93e6d-e95a-447a-9514-520887ab8151', '873fd30d-c076-46be-b7fe-98ea7b797a53', '8ff076be-dd24-4b05-b059-c7313874d0f7', 1, 2, NULL, NULL),
('25a8967d-19ea-416f-ac02-f4c5aa958793', '0fc5eee9-ad2d-4687-b636-dc7b2485e9e9', '8ff076be-dd24-4b05-b059-c7313874d0f7', 1, 2, NULL, NULL),
('27dcf4e9-3882-40d1-b3c7-51036a969193', '3e0acf7a-37c4-4add-bbe2-4f533165d9e7', 'cbc2e253-b786-49d0-beaf-e496be850658', 1, 3, NULL, NULL),
('294f1214-1239-4b53-b079-29419a976ff9', '3e0acf7a-37c4-4add-bbe2-4f533165d9e7', 'a279acd6-1e11-450e-a2eb-23db6258f3b0', 1, 0, NULL, NULL),
('2f706f0e-c94f-4615-b331-569724045caf', '1fcc6195-3ed1-453c-8b99-7a3579ab1e60', 'bd088566-573a-40cc-870e-69e4cb85748e', 1, 1, NULL, NULL),
('32632c44-e22c-4774-9f31-3e8d62162d6d', '873fd30d-c076-46be-b7fe-98ea7b797a53', 'bd088566-573a-40cc-870e-69e4cb85748e', 1, 1, NULL, NULL),
('35559391-2c0a-4d39-b0dc-c08b71e6a758', '1fcc6195-3ed1-453c-8b99-7a3579ab1e60', 'a279acd6-1e11-450e-a2eb-23db6258f3b0', 1, 0, NULL, NULL),
('3b4043d7-34f0-42a2-a7c3-b1ec766d41b7', '6f2d59c8-1c5a-4ffe-aac4-ecf2f3d16975', '8ff076be-dd24-4b05-b059-c7313874d0f7', 1, 2, NULL, NULL),
('4064d57a-446a-4365-97b7-057c39078321', '98fd8efd-a30f-4456-b83e-9544b36eeeeb', 'bd088566-573a-40cc-870e-69e4cb85748e', 1, 1, NULL, NULL),
('42cbb4cf-356e-4b4e-b847-d627049dd5d3', 'fb3613d7-2fd4-4119-8804-d923a10c3415', 'a279acd6-1e11-450e-a2eb-23db6258f3b0', 1, 0, NULL, NULL),
('43391a75-b0c5-4dfb-8d2a-9c7996cde38a', '4f92d1dc-690a-4bfd-9ca3-84a39abd89de', '8ff076be-dd24-4b05-b059-c7313874d0f7', 1, 1, NULL, NULL),
('43b057fe-916e-4fd1-b8f0-004ed12220e7', '0caa53a2-18b3-416f-8b28-c57e1208ba2c', '8ff076be-dd24-4b05-b059-c7313874d0f7', 1, 2, NULL, NULL),
('43f7edc1-25bf-4534-92ef-901958eb58cd', '0fc5eee9-ad2d-4687-b636-dc7b2485e9e9', '73eed6dc-d720-419e-ad48-5d7f1f386449', 1, 1, NULL, NULL),
('47418129-a288-4096-8983-c8d44c7fef1f', '98fd8efd-a30f-4456-b83e-9544b36eeeeb', '8ff076be-dd24-4b05-b059-c7313874d0f7', 1, 2, NULL, NULL),
('4cfb8058-9fc5-4252-82b4-25ad5f7b2007', '98fd8efd-a30f-4456-b83e-9544b36eeeeb', 'cbc2e253-b786-49d0-beaf-e496be850658', 1, 3, NULL, NULL),
('565b4c17-c7ea-4e39-9898-e97667a29a61', '3e0acf7a-37c4-4add-bbe2-4f533165d9e7', '8ff076be-dd24-4b05-b059-c7313874d0f7', 1, 2, NULL, NULL),
('69f36071-5d1b-4dfd-ba27-22059e963ca0', '5f6c3ae7-edaf-47c5-88a3-00a573afad72', 'a279acd6-1e11-450e-a2eb-23db6258f3b0', 1, 0, NULL, NULL),
('6e14c8be-287a-4195-a098-87d7abeb8326', '372ca7f6-3db0-4726-949c-5871626ae4fe', 'a279acd6-1e11-450e-a2eb-23db6258f3b0', 1, 0, NULL, NULL),
('6e2891fe-e38e-4b77-9098-8cf96408702d', '4f92d1dc-690a-4bfd-9ca3-84a39abd89de', 'cbc2e253-b786-49d0-beaf-e496be850658', 1, 2, NULL, NULL),
('786771aa-d7e0-4cfd-b520-8890dfb6dd3b', '0896decb-26ac-4879-aabf-284be1ff1737', 'a279acd6-1e11-450e-a2eb-23db6258f3b0', 1, 0, NULL, NULL),
('91aff13f-d674-4038-8251-83b178242bc0', '372ca7f6-3db0-4726-949c-5871626ae4fe', 'cbc2e253-b786-49d0-beaf-e496be850658', 1, 2, NULL, NULL),
('9c73e219-62b5-4fe1-856f-79f9d1e9c0da', '0fc5eee9-ad2d-4687-b636-dc7b2485e9e9', 'a279acd6-1e11-450e-a2eb-23db6258f3b0', 1, 0, NULL, NULL),
('a795cd42-76c9-4d13-b9ce-b7730348ccfd', '1fcc6195-3ed1-453c-8b99-7a3579ab1e60', 'cbc2e253-b786-49d0-beaf-e496be850658', 1, 3, NULL, NULL),
('b14d0aab-ac76-4fe4-9169-7240523c7ef5', '0caa53a2-18b3-416f-8b28-c57e1208ba2c', 'bd088566-573a-40cc-870e-69e4cb85748e', 1, 1, NULL, NULL),
('b2056562-e8ab-41a5-9b1b-2ffa8436fd4d', '92923011-cecd-4166-a42d-6487b490275f', '8ff076be-dd24-4b05-b059-c7313874d0f7', 1, 1, NULL, NULL),
('bb0d1551-527a-4d71-975b-f7b283054b8e', '372ca7f6-3db0-4726-949c-5871626ae4fe', '8ff076be-dd24-4b05-b059-c7313874d0f7', 1, 1, NULL, NULL),
('c49b30d4-7640-4885-b69b-6dfdededc903', '873fd30d-c076-46be-b7fe-98ea7b797a53', 'a279acd6-1e11-450e-a2eb-23db6258f3b0', 1, 0, NULL, NULL),
('cd1da315-d3dc-470b-a897-b2c0c453bec2', '98fd8efd-a30f-4456-b83e-9544b36eeeeb', 'a279acd6-1e11-450e-a2eb-23db6258f3b0', 1, 0, NULL, NULL),
('cf002c1d-7c4f-4227-af54-a6f4059cf4f9', '1fcc6195-3ed1-453c-8b99-7a3579ab1e60', '8ff076be-dd24-4b05-b059-c7313874d0f7', 1, 2, NULL, NULL),
('cffc2fd0-65d1-4a96-ba05-34506cc783f5', 'fb3613d7-2fd4-4119-8804-d923a10c3415', 'cbc2e253-b786-49d0-beaf-e496be850658', 1, 2, NULL, NULL),
('d94decdf-4ad8-4c65-ba4f-23a1777577c9', '3a85c40c-cdde-4126-a7bc-13c24901544b', '73eed6dc-d720-419e-ad48-5d7f1f386449', 1, 0, NULL, NULL),
('df748a1f-6f3c-4847-8dd9-aea7ef5bca91', '6f2d59c8-1c5a-4ffe-aac4-ecf2f3d16975', '73eed6dc-d720-419e-ad48-5d7f1f386449', 1, 1, NULL, NULL),
('fc971218-ddb8-4169-bd58-02235e5f215e', '3e0acf7a-37c4-4add-bbe2-4f533165d9e7', '73eed6dc-d720-419e-ad48-5d7f1f386449', 1, 1, NULL, NULL);

-- --------------------------------------------------------

--
-- Table structure for table `purchase_orders`
--

CREATE TABLE `purchase_orders` (
  `id` char(36) NOT NULL,
  `tenant_id` char(36) NOT NULL,
  `outlet_id` char(36) NOT NULL,
  `supplier_id` char(36) NOT NULL,
  `po_number` varchar(50) NOT NULL,
  `order_date` date NOT NULL,
  `expected_date` date DEFAULT NULL,
  `status` varchar(255) NOT NULL DEFAULT 'draft',
  `subtotal` decimal(15,2) NOT NULL DEFAULT 0.00,
  `tax_amount` decimal(15,2) NOT NULL DEFAULT 0.00,
  `discount_amount` decimal(15,2) NOT NULL DEFAULT 0.00,
  `total` decimal(15,2) NOT NULL DEFAULT 0.00,
  `notes` text DEFAULT NULL,
  `terms` text DEFAULT NULL,
  `created_by` char(36) NOT NULL,
  `approved_by` char(36) DEFAULT NULL,
  `approved_at` timestamp NULL DEFAULT NULL,
  `created_at` timestamp NULL DEFAULT NULL,
  `updated_at` timestamp NULL DEFAULT NULL
) ENGINE=InnoDB DEFAULT CHARSET=utf8mb4 COLLATE=utf8mb4_unicode_ci;

--
-- Dumping data for table `purchase_orders`
--

INSERT INTO `purchase_orders` (`id`, `tenant_id`, `outlet_id`, `supplier_id`, `po_number`, `order_date`, `expected_date`, `status`, `subtotal`, `tax_amount`, `discount_amount`, `total`, `notes`, `terms`, `created_by`, `approved_by`, `approved_at`, `created_at`, `updated_at`) VALUES
('05a1da6c-c660-45b5-9eef-6523973c69fd', 'fee5a0aa-73ca-4947-ab88-4d15f80f62bb', '8c8265f8-8c1c-4921-942f-b20ce24be7b0', '37e46037-41a9-43e3-80ef-0e21e7c55ac8', 'PO-00011', '2026-05-17', '2026-05-24', 'received', 21207563.75, 2332832.01, 0.00, 23540395.76, NULL, 'Net 45 days', '3094d61f-580a-466b-b867-e8c813eb52b4', '3094d61f-580a-466b-b867-e8c813eb52b4', '2026-05-19 19:15:58', '2026-05-23 03:13:59', '2026-05-23 03:13:59'),
('05ab519a-7800-4c04-bf67-31b2e8dc37ae', 'fee5a0aa-73ca-4947-ab88-4d15f80f62bb', '8c8265f8-8c1c-4921-942f-b20ce24be7b0', 'd42fa5a6-2c26-4dd6-89d6-b710e8a71b0d', 'PO-00012', '2026-04-04', '2026-06-01', 'received', 26913908.05, 2960529.89, 0.00, 29874437.94, NULL, 'Net 30 days', '3094d61f-580a-466b-b867-e8c813eb52b4', '3094d61f-580a-466b-b867-e8c813eb52b4', '2026-04-22 19:38:03', '2026-05-23 03:13:59', '2026-05-23 03:13:59'),
('0c097e8a-7d88-4702-9836-e7c6708405f3', 'fee5a0aa-73ca-4947-ab88-4d15f80f62bb', '8c8265f8-8c1c-4921-942f-b20ce24be7b0', 'bb625b1b-7702-400c-a2d3-6bfcd0dd3290', 'PO-00006', '2026-05-20', '2026-05-29', 'approved', 11584139.50, 1274255.35, 0.00, 12858394.85, NULL, 'Cash on Delivery', '3094d61f-580a-466b-b867-e8c813eb52b4', '3094d61f-580a-466b-b867-e8c813eb52b4', '2026-05-22 04:32:46', '2026-05-23 03:13:59', '2026-05-23 03:13:59'),
('17d74a76-7d14-4c8c-859c-b4a729005b85', 'fee5a0aa-73ca-4947-ab88-4d15f80f62bb', '8c8265f8-8c1c-4921-942f-b20ce24be7b0', 'cb98b0e8-e508-47f7-af35-fda03c1c7fa4', 'PO-00009', '2026-05-19', '2026-05-25', 'partial', 10909186.55, 1200010.52, 0.00, 12109197.07, 'Recusandae ex et ducimus.', 'Net 14 days', '3094d61f-580a-466b-b867-e8c813eb52b4', '3094d61f-580a-466b-b867-e8c813eb52b4', '2026-05-19 18:59:09', '2026-05-23 03:13:59', '2026-05-23 03:13:59'),
('1f85fe9a-8bfd-4357-b41a-7a1ecf2a3320', 'fee5a0aa-73ca-4947-ab88-4d15f80f62bb', '8c8265f8-8c1c-4921-942f-b20ce24be7b0', 'cb98b0e8-e508-47f7-af35-fda03c1c7fa4', 'PO-00013', '2026-04-01', '2026-04-18', 'received', 3760982.03, 413708.02, 0.00, 4174690.05, 'Praesentium odit fuga et voluptas ipsa.', 'Net 14 days', '3094d61f-580a-466b-b867-e8c813eb52b4', '3094d61f-580a-466b-b867-e8c813eb52b4', '2026-05-15 08:41:51', '2026-05-23 03:13:59', '2026-05-23 03:13:59'),
('24b3d281-22ac-4481-bd01-390585257bfc', 'fee5a0aa-73ca-4947-ab88-4d15f80f62bb', '8c8265f8-8c1c-4921-942f-b20ce24be7b0', 'bb625b1b-7702-400c-a2d3-6bfcd0dd3290', 'PO-00001', '2026-05-11', '2026-06-04', 'draft', 4923097.35, 541540.71, 0.00, 5464638.06, 'Harum aut qui sit ut.', 'Cash on Delivery', '3094d61f-580a-466b-b867-e8c813eb52b4', NULL, NULL, '2026-05-23 03:13:59', '2026-05-23 03:13:59'),
('34434740-bea7-474b-bfa6-16d1ed75e2da', 'fee5a0aa-73ca-4947-ab88-4d15f80f62bb', '8c8265f8-8c1c-4921-942f-b20ce24be7b0', '947170bc-409c-4ea4-b580-b816d119d9f3', 'PO-00007', '2026-05-02', '2026-05-10', 'approved', 5586422.25, 614506.45, 0.00, 6200928.70, NULL, 'Net 30 days', '3094d61f-580a-466b-b867-e8c813eb52b4', '3094d61f-580a-466b-b867-e8c813eb52b4', '2026-05-05 08:06:19', '2026-05-23 03:13:59', '2026-05-23 03:13:59'),
('6628aa07-af65-4f72-904d-b01d5059d8c1', 'fee5a0aa-73ca-4947-ab88-4d15f80f62bb', '8c8265f8-8c1c-4921-942f-b20ce24be7b0', 'b888f0e5-761a-4c18-8f73-c74101f6d6dd', 'PO-00010', '2026-05-10', '2026-05-31', 'received', 10300981.15, 1133107.93, 0.00, 11434089.08, NULL, 'Net 14 days', '3094d61f-580a-466b-b867-e8c813eb52b4', '3094d61f-580a-466b-b867-e8c813eb52b4', '2026-05-13 00:21:38', '2026-05-23 03:13:59', '2026-05-23 03:13:59'),
('6a8e3c4d-bd8f-487b-ad1b-fbd7e816a098', 'fee5a0aa-73ca-4947-ab88-4d15f80f62bb', '8c8265f8-8c1c-4921-942f-b20ce24be7b0', '947170bc-409c-4ea4-b580-b816d119d9f3', 'PO-00008', '2026-05-07', '2026-05-20', 'partial', 2736308.60, 300993.95, 0.00, 3037302.55, NULL, 'Net 30 days', '3094d61f-580a-466b-b867-e8c813eb52b4', '3094d61f-580a-466b-b867-e8c813eb52b4', '2026-05-13 00:29:25', '2026-05-23 03:13:59', '2026-05-23 03:13:59'),
('9fd4f83f-424e-40ea-86ff-7692dabcfdd3', 'fee5a0aa-73ca-4947-ab88-4d15f80f62bb', '8c8265f8-8c1c-4921-942f-b20ce24be7b0', 'ea9b5ac7-cd98-41d7-8e6a-73f32dcdcd91', 'PO-00004', '2026-04-10', '2026-05-01', 'submitted', 2452372.05, 269760.93, 0.00, 2722132.98, NULL, 'Cash on Delivery', '3094d61f-580a-466b-b867-e8c813eb52b4', NULL, NULL, '2026-05-23 03:13:59', '2026-05-23 03:13:59'),
('a7d357cb-d55e-4c4f-8f7f-53ffbdb8ea7b', 'fee5a0aa-73ca-4947-ab88-4d15f80f62bb', '8c8265f8-8c1c-4921-942f-b20ce24be7b0', 'd42fa5a6-2c26-4dd6-89d6-b710e8a71b0d', 'PO-00014', '2026-04-04', '2026-05-18', 'received', 9271274.60, 1019840.21, 0.00, 10291114.81, 'Quod rem adipisci qui.', 'Net 30 days', '3094d61f-580a-466b-b867-e8c813eb52b4', '3094d61f-580a-466b-b867-e8c813eb52b4', '2026-05-06 22:15:40', '2026-05-23 03:13:59', '2026-05-23 03:13:59'),
('b2f58239-0cb2-490a-b438-7f9dd2ffcc33', 'fee5a0aa-73ca-4947-ab88-4d15f80f62bb', '8c8265f8-8c1c-4921-942f-b20ce24be7b0', 'b888f0e5-761a-4c18-8f73-c74101f6d6dd', 'PO-00015', '2026-04-08', '2026-04-09', 'cancelled', 7655272.94, 842080.02, 0.00, 8497352.96, 'Dolor est totam nostrum.', 'Net 14 days', '3094d61f-580a-466b-b867-e8c813eb52b4', NULL, NULL, '2026-05-23 03:13:59', '2026-05-23 03:13:59'),
('b515969b-d229-4782-be2d-eb0285563de5', 'fee5a0aa-73ca-4947-ab88-4d15f80f62bb', '8c8265f8-8c1c-4921-942f-b20ce24be7b0', '947170bc-409c-4ea4-b580-b816d119d9f3', 'PO-00005', '2026-05-04', '2026-05-05', 'approved', 4279449.05, 470739.40, 0.00, 4750188.45, NULL, 'Net 30 days', '3094d61f-580a-466b-b867-e8c813eb52b4', '3094d61f-580a-466b-b867-e8c813eb52b4', '2026-05-15 07:18:06', '2026-05-23 03:13:59', '2026-05-23 03:13:59'),
('eb42c277-01d6-4981-a45e-a5ebde0c2a80', 'fee5a0aa-73ca-4947-ab88-4d15f80f62bb', '8c8265f8-8c1c-4921-942f-b20ce24be7b0', 'ea9b5ac7-cd98-41d7-8e6a-73f32dcdcd91', 'PO-00002', '2026-05-17', '2026-06-01', 'draft', 5355791.50, 589137.07, 0.00, 5944928.57, NULL, 'Cash on Delivery', '3094d61f-580a-466b-b867-e8c813eb52b4', NULL, NULL, '2026-05-23 03:13:59', '2026-05-23 03:13:59'),
('f9f89757-a0ee-4083-80f4-a553a0adfbed', 'fee5a0aa-73ca-4947-ab88-4d15f80f62bb', '8c8265f8-8c1c-4921-942f-b20ce24be7b0', 'ea9b5ac7-cd98-41d7-8e6a-73f32dcdcd91', 'PO-00003', '2026-05-13', '2026-05-30', 'submitted', 7383535.33, 812188.89, 0.00, 8195724.22, NULL, 'Cash on Delivery', '3094d61f-580a-466b-b867-e8c813eb52b4', NULL, NULL, '2026-05-23 03:13:59', '2026-05-23 03:13:59');

-- --------------------------------------------------------

--
-- Table structure for table `purchase_order_items`
--

CREATE TABLE `purchase_order_items` (
  `id` char(36) NOT NULL,
  `purchase_order_id` char(36) NOT NULL,
  `inventory_item_id` char(36) NOT NULL,
  `unit_id` char(36) NOT NULL,
  `unit_conversion` decimal(12,4) NOT NULL DEFAULT 1.0000,
  `quantity` decimal(12,4) NOT NULL,
  `unit_price` decimal(15,2) NOT NULL DEFAULT 0.00,
  `discount_percent` decimal(5,2) NOT NULL DEFAULT 0.00,
  `discount_amount` decimal(15,2) NOT NULL DEFAULT 0.00,
  `tax_percent` decimal(5,2) NOT NULL DEFAULT 0.00,
  `tax_amount` decimal(15,2) NOT NULL DEFAULT 0.00,
  `total` decimal(15,2) NOT NULL DEFAULT 0.00,
  `received_qty` decimal(12,4) NOT NULL DEFAULT 0.0000,
  `notes` text DEFAULT NULL,
  `created_at` timestamp NULL DEFAULT NULL,
  `updated_at` timestamp NULL DEFAULT NULL
) ENGINE=InnoDB DEFAULT CHARSET=utf8mb4 COLLATE=utf8mb4_unicode_ci;

--
-- Dumping data for table `purchase_order_items`
--

INSERT INTO `purchase_order_items` (`id`, `purchase_order_id`, `inventory_item_id`, `unit_id`, `unit_conversion`, `quantity`, `unit_price`, `discount_percent`, `discount_amount`, `tax_percent`, `tax_amount`, `total`, `received_qty`, `notes`, `created_at`, `updated_at`) VALUES
('00afe912-125b-4c0b-94e4-9b679f1fee52', 'a7d357cb-d55e-4c4f-8f7f-53ffbdb8ea7b', '9ff4762a-46d2-4f5b-a946-09e898d415f2', '7ee4c650-fae3-4a85-a8cd-74e3049fa828', 1.0000, 29.4400, 60500.00, 0.00, 0.00, 11.00, 195923.20, 1977043.20, 29.4400, NULL, '2026-05-23 03:13:59', '2026-05-23 03:13:59'),
('039a681d-947c-4ca6-b4a9-34d720a34cd3', 'b515969b-d229-4782-be2d-eb0285563de5', '8260fc52-f5fb-4154-9851-736cdbf8a257', '573ba895-1241-4235-8937-9958b7827d33', 1.0000, 7.4700, 190.00, 0.00, 0.00, 11.00, 156.12, 1575.42, 0.0000, NULL, '2026-05-23 03:13:59', '2026-05-23 03:13:59'),
('077aa4bc-5fcb-4fc0-8c2f-49eeba597105', 'b2f58239-0cb2-490a-b438-7f9dd2ffcc33', 'f7e69a23-b5e3-4054-b039-5502c76313fc', '7ee4c650-fae3-4a85-a8cd-74e3049fa828', 1.0000, 19.9400, 117600.00, 10.00, 234494.40, 11.00, 232149.46, 2342599.06, 0.0000, NULL, '2026-05-23 03:13:59', '2026-05-23 03:13:59'),
('09c7d68d-1f8b-4625-b540-a230e7c7ddf4', '05ab519a-7800-4c04-bf67-31b2e8dc37ae', 'd4412092-df4e-455e-9188-fd11c6dffcd5', '7ee4c650-fae3-4a85-a8cd-74e3049fa828', 1.0000, 39.3800, 189000.00, 5.00, 372141.00, 11.00, 777774.69, 7848453.69, 39.3800, NULL, '2026-05-23 03:13:59', '2026-05-23 03:13:59'),
('0cb874e0-ced0-47bb-aabd-1771bb2ac0d7', '0c097e8a-7d88-4702-9836-e7c6708405f3', '3869962f-fdd4-4407-9f42-d6ead593a087', '7ee4c650-fae3-4a85-a8cd-74e3049fa828', 1.0000, 8.6000, 88400.00, 0.00, 0.00, 11.00, 83626.40, 843866.40, 0.0000, NULL, '2026-05-23 03:13:59', '2026-05-23 03:13:59'),
('0e3d3377-27aa-4c75-a157-f90546040f1d', '6a8e3c4d-bd8f-487b-ad1b-fbd7e816a098', '8dbe9773-a8a0-45b4-a108-a5cb4f10b0ce', '7ee4c650-fae3-4a85-a8cd-74e3049fa828', 1.0000, 30.7900, 33950.00, 0.00, 0.00, 11.00, 114985.26, 1160305.76, 13.8555, NULL, '2026-05-23 03:13:59', '2026-05-23 03:13:59'),
('0efe5d56-14fd-4f60-ba35-c39bbbf2fcb2', '6628aa07-af65-4f72-904d-b01d5059d8c1', '6c31aa1f-53e9-4bdb-8b17-c0bfa31eb681', '7ee4c650-fae3-4a85-a8cd-74e3049fa828', 1.0000, 31.4900, 163500.00, 0.00, 0.00, 11.00, 566347.65, 5714962.65, 31.4900, NULL, '2026-05-23 03:13:59', '2026-05-23 03:13:59'),
('13da12db-dc97-4de0-a8b9-58e77c4e8ef4', '6a8e3c4d-bd8f-487b-ad1b-fbd7e816a098', '5339be37-d3ae-43f0-a586-af0a34946aa0', '7ee4c650-fae3-4a85-a8cd-74e3049fa828', 1.0000, 41.3900, 36750.00, 0.00, 0.00, 11.00, 167319.08, 1688401.58, 23.1784, NULL, '2026-05-23 03:13:59', '2026-05-23 03:13:59'),
('1764e5f1-8c56-407e-a1c7-f7efb8b72d6f', '34434740-bea7-474b-bfa6-16d1ed75e2da', '75bae00c-97d1-4abc-a8bf-a3550a003e63', '135d56f1-e047-459a-a5e0-260ed2c646d9', 1.0000, 30.4000, 792.00, 0.00, 0.00, 11.00, 2648.45, 26725.25, 0.0000, NULL, '2026-05-23 03:13:59', '2026-05-23 03:13:59'),
('1a555e2e-d5fe-4287-85a6-ab73cc56448a', '05a1da6c-c660-45b5-9eef-6523973c69fd', 'ae74846a-31fc-41f4-901a-74729ff714b1', '135d56f1-e047-459a-a5e0-260ed2c646d9', 1.0000, 7.3000, 27440.00, 0.00, 0.00, 11.00, 22034.32, 222346.32, 7.3000, NULL, '2026-05-23 03:13:59', '2026-05-23 03:13:59'),
('1c4370ee-1c45-421c-ab25-c2fc5f856075', '0c097e8a-7d88-4702-9836-e7c6708405f3', 'd4adb886-780a-4007-a7d9-d29fd0e9dec9', '7ee4c650-fae3-4a85-a8cd-74e3049fa828', 1.0000, 27.4100, 94050.00, 0.00, 0.00, 11.00, 283570.16, 2861480.66, 0.0000, NULL, '2026-05-23 03:13:59', '2026-05-23 03:13:59'),
('1c7e9cc2-c1ff-4aa0-abfa-32b687faa3c9', 'b2f58239-0cb2-490a-b438-7f9dd2ffcc33', 'e8de376f-0808-4be3-ba0f-7792c4fbf5ea', 'bacdb581-2cb1-41eb-91e7-ba71e367553b', 1.0000, 41.0300, 20240.00, 5.00, 41522.36, 11.00, 86781.73, 875706.57, 0.0000, NULL, '2026-05-23 03:13:59', '2026-05-23 03:13:59'),
('1e02a1d9-e424-4ab3-88c9-99beb30c0271', '24b3d281-22ac-4481-bd01-390585257bfc', '8dbe9773-a8a0-45b4-a108-a5cb4f10b0ce', '7ee4c650-fae3-4a85-a8cd-74e3049fa828', 1.0000, 32.3600, 38150.00, 10.00, 123453.40, 11.00, 122218.87, 1233299.47, 0.0000, NULL, '2026-05-23 03:13:59', '2026-05-23 03:13:59'),
('2446ea80-9ac8-444a-9662-dc3564099e41', '1f85fe9a-8bfd-4357-b41a-7a1ecf2a3320', 'ecd6c8c0-eb6d-4842-bc89-2d49e2f4564d', '7ee4c650-fae3-4a85-a8cd-74e3049fa828', 1.0000, 36.6200, 31500.00, 0.00, 0.00, 11.00, 126888.30, 1280418.30, 36.6200, NULL, '2026-05-23 03:13:59', '2026-05-23 03:13:59'),
('251b5de5-9731-4f63-9c77-3478993dcfd9', '1f85fe9a-8bfd-4357-b41a-7a1ecf2a3320', '0ae6dd9b-b245-4bb8-80a7-fcd09070fd4e', '135d56f1-e047-459a-a5e0-260ed2c646d9', 1.0000, 21.1000, 33600.00, 0.00, 0.00, 11.00, 77985.60, 786945.60, 21.1000, NULL, '2026-05-23 03:13:59', '2026-05-23 03:13:59'),
('2cdd699e-a7e7-43fb-b634-74bcfc2d61a9', '0c097e8a-7d88-4702-9836-e7c6708405f3', '1aa2b2f2-6035-4a61-932c-6a3c9742bad9', '7ee4c650-fae3-4a85-a8cd-74e3049fa828', 1.0000, 37.2800, 92150.00, 0.00, 0.00, 11.00, 377888.72, 3813240.72, 0.0000, NULL, '2026-05-23 03:13:59', '2026-05-23 03:13:59'),
('2d73e247-0043-4601-b2d5-aaf76f6035d4', '17d74a76-7d14-4c8c-859c-b4a729005b85', 'ece8261c-292f-4650-8e52-eada4ab9f5cb', '135d56f1-e047-459a-a5e0-260ed2c646d9', 1.0000, 21.4000, 2375.00, 0.00, 0.00, 11.00, 5590.75, 56415.75, 11.1280, NULL, '2026-05-23 03:13:59', '2026-05-23 03:13:59'),
('30efb15d-05ae-4eb7-8b70-e84512aede7d', '24b3d281-22ac-4481-bd01-390585257bfc', '3028ccd7-7afc-47d2-8c46-78749ded1a37', '135d56f1-e047-459a-a5e0-260ed2c646d9', 1.0000, 27.6600, 8925.00, 0.00, 0.00, 11.00, 27155.21, 274020.71, 0.0000, NULL, '2026-05-23 03:13:59', '2026-05-23 03:13:59'),
('3396a559-25ae-4eec-9646-cc3fa5b91660', 'f9f89757-a0ee-4083-80f4-a553a0adfbed', 'ee2e1070-2bc3-4c6d-bcde-7c6be8a12ed5', '7ee4c650-fae3-4a85-a8cd-74e3049fa828', 1.0000, 27.6500, 19440.00, 10.00, 53751.60, 11.00, 53214.08, 536978.48, 0.0000, NULL, '2026-05-23 03:13:59', '2026-05-23 03:13:59'),
('35524f9e-ae29-40ec-bb29-13176ace304f', 'b2f58239-0cb2-490a-b438-7f9dd2ffcc33', '0fe42abe-ef9a-4c79-b26b-f72cf8f521ad', '135d56f1-e047-459a-a5e0-260ed2c646d9', 1.0000, 15.5500, 3960.00, 0.00, 0.00, 11.00, 6773.58, 68351.58, 0.0000, NULL, '2026-05-23 03:13:59', '2026-05-23 03:13:59'),
('3841868a-3a78-48ac-80f6-4a979a38e74d', 'b515969b-d229-4782-be2d-eb0285563de5', '26bdfd12-88f6-46b9-a28f-dbfe696a04e4', '7ee4c650-fae3-4a85-a8cd-74e3049fa828', 1.0000, 49.4800, 25760.00, 0.00, 0.00, 11.00, 140206.53, 1414811.33, 0.0000, NULL, '2026-05-23 03:13:59', '2026-05-23 03:13:59'),
('3854474e-a395-4fea-8860-68e8db9b6c66', 'a7d357cb-d55e-4c4f-8f7f-53ffbdb8ea7b', 'b6bb2924-53a6-4f80-9e1d-d5b11eee3545', '7ee4c650-fae3-4a85-a8cd-74e3049fa828', 1.0000, 42.8000, 41400.00, 0.00, 0.00, 11.00, 194911.20, 1966831.20, 42.8000, NULL, '2026-05-23 03:13:59', '2026-05-23 03:13:59'),
('3b00e620-2e58-4b9f-93e3-394acd05ed8a', '05ab519a-7800-4c04-bf67-31b2e8dc37ae', 'fd8045ed-53fc-4b7c-acc6-f9da2b95aafb', '7ee4c650-fae3-4a85-a8cd-74e3049fa828', 1.0000, 49.6300, 147000.00, 0.00, 0.00, 11.00, 802517.10, 8098127.10, 49.6300, NULL, '2026-05-23 03:13:59', '2026-05-23 03:13:59'),
('3c6824a0-bc2d-4fdd-8ec0-4e612f7ed8bb', '17d74a76-7d14-4c8c-859c-b4a729005b85', 'ecd6c8c0-eb6d-4842-bc89-2d49e2f4564d', '7ee4c650-fae3-4a85-a8cd-74e3049fa828', 1.0000, 21.1800, 37450.00, 5.00, 39659.55, 11.00, 82888.46, 836419.91, 11.2254, NULL, '2026-05-23 03:13:59', '2026-05-23 03:13:59'),
('3ffa5111-a71c-41da-b186-d41d84430c9f', 'eb42c277-01d6-4981-a45e-a5ebde0c2a80', 'd4adb886-780a-4007-a7d9-d29fd0e9dec9', '7ee4c650-fae3-4a85-a8cd-74e3049fa828', 1.0000, 38.3300, 91200.00, 5.00, 174784.80, 11.00, 365300.23, 3686211.43, 0.0000, NULL, '2026-05-23 03:13:59', '2026-05-23 03:13:59'),
('4407b668-ac6d-4246-a3b6-da0b3badfa2b', '24b3d281-22ac-4481-bd01-390585257bfc', '9ff4762a-46d2-4f5b-a946-09e898d415f2', '7ee4c650-fae3-4a85-a8cd-74e3049fa828', 1.0000, 44.4900, 50050.00, 10.00, 222672.45, 11.00, 220445.73, 2224497.78, 0.0000, NULL, '2026-05-23 03:13:59', '2026-05-23 03:13:59'),
('4457c6ca-7734-4cf6-93b5-18263d175b04', 'eb42c277-01d6-4981-a45e-a5ebde0c2a80', '250ac775-be22-419c-a8e3-a82ef45a8232', 'bacdb581-2cb1-41eb-91e7-ba71e367553b', 1.0000, 26.7900, 18000.00, 0.00, 0.00, 11.00, 53044.20, 535264.20, 0.0000, NULL, '2026-05-23 03:13:59', '2026-05-23 03:13:59'),
('44714059-4fc2-41cb-a70e-e8ac73a50ee7', '0c097e8a-7d88-4702-9836-e7c6708405f3', '59ac9a43-7c4b-4a74-9358-b321df8e7d08', '7ee4c650-fae3-4a85-a8cd-74e3049fa828', 1.0000, 40.7500, 81600.00, 0.00, 0.00, 11.00, 365772.00, 3690972.00, 0.0000, NULL, '2026-05-23 03:13:59', '2026-05-23 03:13:59'),
('4664d411-ea5c-4d2f-a330-f2058c300642', '34434740-bea7-474b-bfa6-16d1ed75e2da', 'fc4ddb91-4934-4d69-9014-3fc95821a5c7', '0a88de8a-d1ed-46cb-a659-5dea1a8581a6', 1.0000, 17.7000, 11160.00, 0.00, 0.00, 11.00, 21728.52, 219260.52, 0.0000, NULL, '2026-05-23 03:13:59', '2026-05-23 03:13:59'),
('4a5fa8c2-5b34-46a0-8293-3251e80c5034', '34434740-bea7-474b-bfa6-16d1ed75e2da', '8757ff98-056c-41a5-8e34-b7591bbc67d8', '135d56f1-e047-459a-a5e0-260ed2c646d9', 1.0000, 14.4900, 2675.00, 0.00, 0.00, 11.00, 4263.68, 43024.43, 0.0000, NULL, '2026-05-23 03:13:59', '2026-05-23 03:13:59'),
('4ad910da-c8b5-4c9a-8b75-cdf384964eaf', '1f85fe9a-8bfd-4357-b41a-7a1ecf2a3320', 'c94a654a-f572-4326-8a1d-edaf43ba7a6c', '135d56f1-e047-459a-a5e0-260ed2c646d9', 1.0000, 9.8600, 3290.00, 5.00, 1621.97, 11.00, 3389.92, 34207.35, 9.8600, NULL, '2026-05-23 03:13:59', '2026-05-23 03:13:59'),
('5075aea8-5e28-454e-9103-65172eaf5e2f', '05ab519a-7800-4c04-bf67-31b2e8dc37ae', '8260fc52-f5fb-4154-9851-736cdbf8a257', '573ba895-1241-4235-8937-9958b7827d33', 1.0000, 13.1500, 218.00, 0.00, 0.00, 11.00, 315.34, 3182.04, 13.1500, NULL, '2026-05-23 03:13:59', '2026-05-23 03:13:59'),
('5083314b-af6e-40d4-bfca-fc36a4bdec6b', '17d74a76-7d14-4c8c-859c-b4a729005b85', '81d3c1eb-efa5-4e1f-bc7d-0b1fd8bb86cc', '7ee4c650-fae3-4a85-a8cd-74e3049fa828', 1.0000, 5.1100, 91800.00, 5.00, 23454.90, 11.00, 49020.74, 494663.84, 2.9638, NULL, '2026-05-23 03:13:59', '2026-05-23 03:13:59'),
('56e640cf-15ad-4fea-b79e-f34e94cad2a2', 'b2f58239-0cb2-490a-b438-7f9dd2ffcc33', '4b0a0750-2dfc-426d-9380-878eee141971', '0a88de8a-d1ed-46cb-a659-5dea1a8581a6', 1.0000, 6.1200, 38150.00, 5.00, 11673.90, 11.00, 24398.45, 246202.55, 0.0000, NULL, '2026-05-23 03:13:59', '2026-05-23 03:13:59'),
('5ade34b8-920e-48ae-bae5-d89d5b214c00', 'b515969b-d229-4782-be2d-eb0285563de5', '91643558-1c23-4463-98d5-ea0ac9d5a765', '7ee4c650-fae3-4a85-a8cd-74e3049fa828', 1.0000, 5.6400, 260000.00, 0.00, 0.00, 11.00, 161304.00, 1627704.00, 0.0000, NULL, '2026-05-23 03:13:59', '2026-05-23 03:13:59'),
('5c10296c-ae2f-47a7-a60c-bb25d9e01b44', '0c097e8a-7d88-4702-9836-e7c6708405f3', 'a768fa94-81b8-43fd-9354-4f8c6dfe86ea', '135d56f1-e047-459a-a5e0-260ed2c646d9', 1.0000, 28.9000, 5555.00, 0.00, 0.00, 11.00, 17659.35, 178198.85, 0.0000, NULL, '2026-05-23 03:13:59', '2026-05-23 03:13:59'),
('60fa1044-0c05-4e89-af37-6875df6370bc', '05a1da6c-c660-45b5-9eef-6523973c69fd', '4a75e970-f153-4186-b969-d09c1c94820d', '7ee4c650-fae3-4a85-a8cd-74e3049fa828', 1.0000, 46.5200, 48480.00, 0.00, 0.00, 11.00, 248081.86, 2503371.46, 46.5200, NULL, '2026-05-23 03:13:59', '2026-05-23 03:13:59'),
('64cd16f2-07e2-4f84-9f1a-a98de98bdf1b', '34434740-bea7-474b-bfa6-16d1ed75e2da', 'c0e26b88-77b5-4a58-ac52-ddbf02482c62', 'bacdb581-2cb1-41eb-91e7-ba71e367553b', 1.0000, 19.2700, 19260.00, 0.00, 0.00, 11.00, 40825.42, 411965.62, 0.0000, NULL, '2026-05-23 03:13:59', '2026-05-23 03:13:59'),
('73966cbd-5ab4-4640-9c3c-8535c3698b7d', '05ab519a-7800-4c04-bf67-31b2e8dc37ae', 'd7809427-bec1-4202-9f42-30981ab692d4', '7ee4c650-fae3-4a85-a8cd-74e3049fa828', 1.0000, 27.0300, 325500.00, 5.00, 439913.25, 11.00, 919418.69, 9277770.44, 27.0300, NULL, '2026-05-23 03:13:59', '2026-05-23 03:13:59'),
('7520bb56-72b6-428f-8d68-5db0b8287078', 'b515969b-d229-4782-be2d-eb0285563de5', 'bbbf69aa-e712-4aa8-bc95-2edc3226376f', 'bacdb581-2cb1-41eb-91e7-ba71e367553b', 1.0000, 38.6600, 41850.00, 5.00, 80896.05, 11.00, 169072.74, 1706097.69, 0.0000, NULL, '2026-05-23 03:13:59', '2026-05-23 03:13:59'),
('7d1600ed-c6a9-432d-80a1-4f6d74dac303', '6628aa07-af65-4f72-904d-b01d5059d8c1', '0c3ddb0b-e4ce-41bc-9778-5d4c00ba2e1c', '135d56f1-e047-459a-a5e0-260ed2c646d9', 1.0000, 6.8000, 24000.00, 0.00, 0.00, 11.00, 17952.00, 181152.00, 6.8000, NULL, '2026-05-23 03:13:59', '2026-05-23 03:13:59'),
('84e57fc5-74de-4190-a9c8-530e9ad77ae1', '6628aa07-af65-4f72-904d-b01d5059d8c1', 'eb332c72-7f29-4e61-bd07-6dd299ee7a90', '7ee4c650-fae3-4a85-a8cd-74e3049fa828', 1.0000, 16.5700, 51150.00, 10.00, 84755.55, 11.00, 83907.99, 846707.94, 16.5700, NULL, '2026-05-23 03:13:59', '2026-05-23 03:13:59'),
('852fca41-cc6e-4097-b2e7-852805999a4d', 'a7d357cb-d55e-4c4f-8f7f-53ffbdb8ea7b', 'ec5437de-944a-44e9-9ba1-47d0aa2075e7', '7ee4c650-fae3-4a85-a8cd-74e3049fa828', 1.0000, 6.5600, 110400.00, 0.00, 0.00, 11.00, 79664.64, 803888.64, 6.5600, NULL, '2026-05-23 03:13:59', '2026-05-23 03:13:59'),
('88bad244-af6d-4d84-934b-c7d1e31112ba', 'a7d357cb-d55e-4c4f-8f7f-53ffbdb8ea7b', '1a52da1f-0d52-4fcb-8a6b-39407115b8d8', '7ee4c650-fae3-4a85-a8cd-74e3049fa828', 1.0000, 25.0900, 189000.00, 10.00, 474201.00, 11.00, 469458.99, 4737267.99, 25.0900, NULL, '2026-05-23 03:13:59', '2026-05-23 03:13:59'),
('8beea287-7cbc-401e-9cae-dd4394c05218', '34434740-bea7-474b-bfa6-16d1ed75e2da', '80adc244-40bf-4e5c-beb0-338474572b13', '7ee4c650-fae3-4a85-a8cd-74e3049fa828', 1.0000, 20.2400, 119900.00, 10.00, 242677.60, 11.00, 240250.82, 2424349.22, 0.0000, NULL, '2026-05-23 03:13:59', '2026-05-23 03:13:59'),
('92c68d3c-f3ef-49c1-ab5b-f16a9a714c16', '6a8e3c4d-bd8f-487b-ad1b-fbd7e816a098', '4499d420-8ffc-4ee0-a55b-8ce5e7211729', '7ee4c650-fae3-4a85-a8cd-74e3049fa828', 1.0000, 12.4200, 14400.00, 5.00, 8942.40, 11.00, 18689.62, 188595.22, 5.7132, NULL, '2026-05-23 03:13:59', '2026-05-23 03:13:59'),
('945b8349-56b5-4ee1-b567-1245e4e75ecf', 'f9f89757-a0ee-4083-80f4-a553a0adfbed', '26bdfd12-88f6-46b9-a28f-dbfe696a04e4', '7ee4c650-fae3-4a85-a8cd-74e3049fa828', 1.0000, 17.4100, 30240.00, 5.00, 26323.92, 11.00, 55016.99, 555171.47, 0.0000, NULL, '2026-05-23 03:13:59', '2026-05-23 03:13:59'),
('9ad13425-d6db-4a4a-8d4a-316f79351f8d', '9fd4f83f-424e-40ea-86ff-7692dabcfdd3', 'a6c67f51-40f4-41b9-b060-3ccc81c4dc44', '7ee4c650-fae3-4a85-a8cd-74e3049fa828', 1.0000, 20.2700, 35700.00, 0.00, 0.00, 11.00, 79600.29, 803239.29, 0.0000, NULL, '2026-05-23 03:13:59', '2026-05-23 03:13:59'),
('a2d16a97-8112-4aa7-849f-2f477709f53a', '05a1da6c-c660-45b5-9eef-6523973c69fd', '3b5d64fc-719c-46b8-a0b0-6508caa31388', '7ee4c650-fae3-4a85-a8cd-74e3049fa828', 1.0000, 36.8700, 91200.00, 10.00, 336254.40, 11.00, 332891.86, 3359181.46, 36.8700, NULL, '2026-05-23 03:13:59', '2026-05-23 03:13:59'),
('a3ec51bf-fa3f-4589-8940-4d37314fec95', '05a1da6c-c660-45b5-9eef-6523973c69fd', 'ae08af5c-3d51-4931-a5c0-72814e2172f5', 'bacdb581-2cb1-41eb-91e7-ba71e367553b', 1.0000, 41.7900, 272500.00, 0.00, 0.00, 11.00, 1252655.25, 12640430.25, 41.7900, NULL, '2026-05-23 03:13:59', '2026-05-23 03:13:59'),
('a6b13c09-ae25-49a3-9165-293c8f7a144c', 'eb42c277-01d6-4981-a45e-a5ebde0c2a80', '3028ccd7-7afc-47d2-8c46-78749ded1a37', '135d56f1-e047-459a-a5e0-260ed2c646d9', 1.0000, 18.7400, 8330.00, 0.00, 0.00, 11.00, 17171.46, 173275.66, 0.0000, NULL, '2026-05-23 03:13:59', '2026-05-23 03:13:59'),
('a97cdd62-8edb-4d2b-a87a-266ce24c5f0b', '6628aa07-af65-4f72-904d-b01d5059d8c1', '1142502a-749f-4a0c-9a52-1ab6c098a5fd', 'bacdb581-2cb1-41eb-91e7-ba71e367553b', 1.0000, 36.2600, 29120.00, 0.00, 0.00, 11.00, 116148.03, 1172039.23, 36.2600, NULL, '2026-05-23 03:13:59', '2026-05-23 03:13:59'),
('abbb4f78-65fd-4134-8817-29649efdd2bf', '05a1da6c-c660-45b5-9eef-6523973c69fd', '681a4ae6-cc8b-40af-b2f8-11530be29b9f', '7ee4c650-fae3-4a85-a8cd-74e3049fa828', 1.0000, 37.0800, 37100.00, 10.00, 137566.80, 11.00, 136191.13, 1374292.33, 37.0800, NULL, '2026-05-23 03:13:59', '2026-05-23 03:13:59'),
('ac8234c3-aa34-4e2c-9fe4-779baf037372', 'eb42c277-01d6-4981-a45e-a5ebde0c2a80', 'add48938-8a33-41b6-b46b-7079e4e31bec', '7ee4c650-fae3-4a85-a8cd-74e3049fa828', 1.0000, 5.1800, 154500.00, 5.00, 40015.50, 11.00, 83632.40, 843926.90, 0.0000, NULL, '2026-05-23 03:13:59', '2026-05-23 03:13:59'),
('ad1a7c9e-7e67-4b70-9c5a-c2136ab5e446', 'eb42c277-01d6-4981-a45e-a5ebde0c2a80', 'ffff33ea-09d2-4834-950b-b9f96e7ebdbd', '7ee4c650-fae3-4a85-a8cd-74e3049fa828', 1.0000, 32.6300, 18600.00, 0.00, 0.00, 11.00, 66760.98, 673678.98, 0.0000, NULL, '2026-05-23 03:13:59', '2026-05-23 03:13:59'),
('b15c041c-959c-45f8-bf62-ecaeb3f863cc', '17d74a76-7d14-4c8c-859c-b4a729005b85', 'ae08af5c-3d51-4931-a5c0-72814e2172f5', 'bacdb581-2cb1-41eb-91e7-ba71e367553b', 1.0000, 22.5900, 272500.00, 0.00, 0.00, 11.00, 677135.25, 6832910.25, 12.6504, NULL, '2026-05-23 03:13:59', '2026-05-23 03:13:59'),
('b28705ba-eea2-4873-8bca-1aedafd90646', '24b3d281-22ac-4481-bd01-390585257bfc', '59ac9a43-7c4b-4a74-9358-b321df8e7d08', '7ee4c650-fae3-4a85-a8cd-74e3049fa828', 1.0000, 16.3200, 84150.00, 10.00, 137332.80, 11.00, 135959.47, 1371954.67, 0.0000, NULL, '2026-05-23 03:13:59', '2026-05-23 03:13:59'),
('c2dd6c50-3cf4-4b8c-9cc1-fc0eeb5724f8', '05ab519a-7800-4c04-bf67-31b2e8dc37ae', '81d3c1eb-efa5-4e1f-bc7d-0b1fd8bb86cc', '7ee4c650-fae3-4a85-a8cd-74e3049fa828', 1.0000, 13.6700, 88400.00, 5.00, 60421.40, 11.00, 126280.73, 1274287.33, 13.6700, NULL, '2026-05-23 03:13:59', '2026-05-23 03:13:59'),
('c5b6967f-e4db-4d4b-b2a2-767ee6805198', '05ab519a-7800-4c04-bf67-31b2e8dc37ae', 'd772b9f5-c0a7-42d9-bbf4-146aff9cd079', '135d56f1-e047-459a-a5e0-260ed2c646d9', 1.0000, 13.9000, 17640.00, 0.00, 0.00, 11.00, 26971.56, 272167.56, 13.9000, NULL, '2026-05-23 03:13:59', '2026-05-23 03:13:59'),
('cbd537c8-fc98-400c-a3b3-c00426bf071d', '05ab519a-7800-4c04-bf67-31b2e8dc37ae', '26c30409-cd63-4ab8-ba7d-e6ef140affd7', '7ee4c650-fae3-4a85-a8cd-74e3049fa828', 1.0000, 23.7100, 99750.00, 0.00, 0.00, 11.00, 260157.98, 2625230.48, 23.7100, NULL, '2026-05-23 03:13:59', '2026-05-23 03:13:59'),
('d080cf6e-d30c-40b4-ba00-815b1a4f9002', '1f85fe9a-8bfd-4357-b41a-7a1ecf2a3320', 'c0e26b88-77b5-4a58-ac52-ddbf02482c62', 'bacdb581-2cb1-41eb-91e7-ba71e367553b', 1.0000, 45.5300, 19620.00, 0.00, 0.00, 11.00, 98262.85, 991561.45, 45.5300, NULL, '2026-05-23 03:13:59', '2026-05-23 03:13:59'),
('d10a1afe-f150-49b8-9c00-77de0b2a8da9', '9fd4f83f-424e-40ea-86ff-7692dabcfdd3', 'c187bd9b-554f-4614-b810-6416d9c155e5', '7ee4c650-fae3-4a85-a8cd-74e3049fa828', 1.0000, 40.8500, 43650.00, 10.00, 178310.25, 11.00, 176527.15, 1781319.40, 0.0000, NULL, '2026-05-23 03:13:59', '2026-05-23 03:13:59'),
('d260e0c1-79db-451f-a9a6-98225ebbbee8', 'f9f89757-a0ee-4083-80f4-a553a0adfbed', 'c94a654a-f572-4326-8a1d-edaf43ba7a6c', '135d56f1-e047-459a-a5e0-260ed2c646d9', 1.0000, 32.3500, 3465.00, 0.00, 0.00, 11.00, 12330.20, 124422.95, 0.0000, NULL, '2026-05-23 03:13:59', '2026-05-23 03:13:59'),
('d4a99988-7997-489f-8622-26a68b4183eb', '34434740-bea7-474b-bfa6-16d1ed75e2da', 'fd8045ed-53fc-4b7c-acc6-f9da2b95aafb', '7ee4c650-fae3-4a85-a8cd-74e3049fa828', 1.0000, 17.4000, 141000.00, 10.00, 245340.00, 11.00, 242886.60, 2450946.60, 0.0000, NULL, '2026-05-23 03:13:59', '2026-05-23 03:13:59'),
('d70e0c8e-6c83-4a21-9526-694fcec3052d', '34434740-bea7-474b-bfa6-16d1ed75e2da', 'e8de376f-0808-4be3-ba0f-7792c4fbf5ea', 'bacdb581-2cb1-41eb-91e7-ba71e367553b', 1.0000, 21.9300, 22880.00, 0.00, 0.00, 11.00, 55193.42, 556951.82, 0.0000, NULL, '2026-05-23 03:13:59', '2026-05-23 03:13:59'),
('d8d1e8f7-6783-45c6-9cd1-8989173b5d9e', '9fd4f83f-424e-40ea-86ff-7692dabcfdd3', '0fe42abe-ef9a-4c79-b26b-f72cf8f521ad', '135d56f1-e047-459a-a5e0-260ed2c646d9', 1.0000, 28.6900, 4320.00, 0.00, 0.00, 11.00, 13633.49, 137574.29, 0.0000, NULL, '2026-05-23 03:13:59', '2026-05-23 03:13:59'),
('db801a84-90f7-41ad-a375-40c59bcba77d', '0c097e8a-7d88-4702-9836-e7c6708405f3', '94bbd6b1-8bed-411c-bc4d-557e0f50a8f1', '7ee4c650-fae3-4a85-a8cd-74e3049fa828', 1.0000, 17.8200, 47250.00, 0.00, 0.00, 11.00, 92619.45, 934614.45, 0.0000, NULL, '2026-05-23 03:13:59', '2026-05-23 03:13:59'),
('de630e6c-d70c-4824-9d5e-7f94026c0f19', 'eb42c277-01d6-4981-a45e-a5ebde0c2a80', '4b4ff6ba-9a6f-43c0-b09a-612e98e913d8', '135d56f1-e047-459a-a5e0-260ed2c646d9', 1.0000, 6.2400, 4950.00, 5.00, 1544.40, 11.00, 3227.80, 32571.40, 0.0000, NULL, '2026-05-23 03:13:59', '2026-05-23 03:13:59'),
('df3ff772-4ac5-4859-bcbf-a8a8614a788d', 'a7d357cb-d55e-4c4f-8f7f-53ffbdb8ea7b', '4a75e970-f153-4186-b969-d09c1c94820d', '7ee4c650-fae3-4a85-a8cd-74e3049fa828', 1.0000, 13.8800, 52320.00, 0.00, 0.00, 11.00, 79882.18, 806083.78, 13.8800, NULL, '2026-05-23 03:13:59', '2026-05-23 03:13:59'),
('e33dae14-7aee-44d1-a947-7e4009c4555a', '05a1da6c-c660-45b5-9eef-6523973c69fd', '6fb1a2d9-0342-4939-9d76-46b69ac202e6', '7ee4c650-fae3-4a85-a8cd-74e3049fa828', 1.0000, 30.3500, 16380.00, 5.00, 24856.65, 11.00, 51950.40, 524226.75, 30.3500, NULL, '2026-05-23 03:13:59', '2026-05-23 03:13:59'),
('e6ca94e4-8423-41ca-8716-ab9578898b9e', 'b2f58239-0cb2-490a-b438-7f9dd2ffcc33', '80adc244-40bf-4e5c-beb0-338474572b13', '7ee4c650-fae3-4a85-a8cd-74e3049fa828', 1.0000, 41.9600, 112200.00, 5.00, 235395.60, 11.00, 491976.80, 4964493.20, 0.0000, NULL, '2026-05-23 03:13:59', '2026-05-23 03:13:59'),
('ee9029bf-7619-4817-8871-39cf6680b05c', 'f9f89757-a0ee-4083-80f4-a553a0adfbed', 'd4adb886-780a-4007-a7d9-d29fd0e9dec9', '7ee4c650-fae3-4a85-a8cd-74e3049fa828', 1.0000, 40.9900, 100700.00, 10.00, 412769.30, 11.00, 408641.61, 4123565.31, 0.0000, NULL, '2026-05-23 03:13:59', '2026-05-23 03:13:59'),
('f2f245c3-b2ff-433c-bb46-d9df2cb7853e', '34434740-bea7-474b-bfa6-16d1ed75e2da', 'fcac6fd2-4ef5-46c5-9abb-cfef0a5562e7', '135d56f1-e047-459a-a5e0-260ed2c646d9', 1.0000, 47.5600, 1425.00, 10.00, 6777.30, 11.00, 6709.53, 67705.23, 0.0000, NULL, '2026-05-23 03:13:59', '2026-05-23 03:13:59'),
('f57e1cc4-a4e8-430c-a66a-36fa27b88993', '1f85fe9a-8bfd-4357-b41a-7a1ecf2a3320', 'f1a251f8-abea-4798-b680-bb094dcd53e1', '7ee4c650-fae3-4a85-a8cd-74e3049fa828', 1.0000, 45.1100, 24000.00, 10.00, 108264.00, 11.00, 107181.36, 1081557.36, 45.1100, NULL, '2026-05-23 03:13:59', '2026-05-23 03:13:59'),
('f636beb2-242f-43fd-96b7-56db154d67db', '0c097e8a-7d88-4702-9836-e7c6708405f3', '08e03421-4a39-40f3-b759-65017a25a9cd', '7ee4c650-fae3-4a85-a8cd-74e3049fa828', 1.0000, 20.7700, 23250.00, 0.00, 0.00, 11.00, 53119.28, 536021.78, 0.0000, NULL, '2026-05-23 03:13:59', '2026-05-23 03:13:59'),
('f6f984e3-428f-4ed3-947d-0e7f35bab622', '05a1da6c-c660-45b5-9eef-6523973c69fd', 'd7809427-bec1-4202-9f42-30981ab692d4', '7ee4c650-fae3-4a85-a8cd-74e3049fa828', 1.0000, 7.3600, 357000.00, 0.00, 0.00, 11.00, 289027.20, 2916547.20, 7.3600, NULL, '2026-05-23 03:13:59', '2026-05-23 03:13:59'),
('f801d71c-32ca-42c0-94c9-403058fb8c12', '6628aa07-af65-4f72-904d-b01d5059d8c1', 'add48938-8a33-41b6-b46b-7079e4e31bec', '7ee4c650-fae3-4a85-a8cd-74e3049fa828', 1.0000, 20.1300, 157500.00, 0.00, 0.00, 11.00, 348752.25, 3519227.25, 20.1300, NULL, '2026-05-23 03:13:59', '2026-05-23 03:13:59'),
('fa121079-f299-4159-8669-6037c4826486', '17d74a76-7d14-4c8c-859c-b4a729005b85', '8f345d03-bb0d-4c61-b342-4a6ccc1235c4', '7ee4c650-fae3-4a85-a8cd-74e3049fa828', 1.0000, 39.3200, 89100.00, 0.00, 0.00, 11.00, 385375.32, 3888787.32, 14.9416, NULL, '2026-05-23 03:13:59', '2026-05-23 03:13:59'),
('fa546193-049b-489f-8064-d9d6d1e93626', '24b3d281-22ac-4481-bd01-390585257bfc', 'fc4ddb91-4934-4d69-9014-3fc95821a5c7', '0a88de8a-d1ed-46cb-a659-5dea1a8581a6', 1.0000, 26.0500, 12480.00, 0.00, 0.00, 11.00, 35761.44, 360865.44, 0.0000, NULL, '2026-05-23 03:13:59', '2026-05-23 03:13:59'),
('fe0db219-7022-4c74-a215-f02497beff4f', '05ab519a-7800-4c04-bf67-31b2e8dc37ae', '94bbd6b1-8bed-411c-bc4d-557e0f50a8f1', '7ee4c650-fae3-4a85-a8cd-74e3049fa828', 1.0000, 10.2300, 41850.00, 0.00, 0.00, 11.00, 47093.81, 475219.31, 10.2300, NULL, '2026-05-23 03:13:59', '2026-05-23 03:13:59'),
('fe63e364-9c35-4d87-a317-354c314b6939', 'f9f89757-a0ee-4083-80f4-a553a0adfbed', '6e16121e-48cf-49cd-b009-81d7a8f18c5b', '7ee4c650-fae3-4a85-a8cd-74e3049fa828', 1.0000, 27.0800, 95000.00, 0.00, 0.00, 11.00, 282986.00, 2855586.00, 0.0000, NULL, '2026-05-23 03:13:59', '2026-05-23 03:13:59');

-- --------------------------------------------------------

--
-- Table structure for table `qr_orders`
--

CREATE TABLE `qr_orders` (
  `id` char(36) NOT NULL,
  `tenant_id` char(36) NOT NULL,
  `outlet_id` char(36) NOT NULL,
  `table_id` char(36) NOT NULL,
  `transaction_id` char(36) DEFAULT NULL,
  `order_number` varchar(255) NOT NULL,
  `customer_name` varchar(255) DEFAULT NULL,
  `customer_phone` varchar(255) DEFAULT NULL,
  `notes` text DEFAULT NULL,
  `status` enum('pending','waiting_payment','paid','pay_at_counter','processing','completed','cancelled','expired') NOT NULL DEFAULT 'pending',
  `payment_method` enum('qris','pay_at_counter') DEFAULT NULL,
  `xendit_invoice_id` varchar(255) DEFAULT NULL,
  `xendit_invoice_url` varchar(255) DEFAULT NULL,
  `xendit_response` longtext CHARACTER SET utf8mb4 COLLATE utf8mb4_bin DEFAULT NULL CHECK (json_valid(`xendit_response`)),
  `xendit_expired_at` timestamp NULL DEFAULT NULL,
  `subtotal` decimal(15,2) NOT NULL DEFAULT 0.00,
  `tax_amount` decimal(15,2) NOT NULL DEFAULT 0.00,
  `service_charge_amount` decimal(15,2) NOT NULL DEFAULT 0.00,
  `grand_total` decimal(15,2) NOT NULL DEFAULT 0.00,
  `tax_mode` varchar(255) NOT NULL DEFAULT 'exclusive',
  `tax_percentage` decimal(5,2) NOT NULL DEFAULT 0.00,
  `service_charge_percentage` decimal(5,2) NOT NULL DEFAULT 0.00,
  `created_at` timestamp NULL DEFAULT NULL,
  `updated_at` timestamp NULL DEFAULT NULL
) ENGINE=InnoDB DEFAULT CHARSET=utf8mb4 COLLATE=utf8mb4_unicode_ci;

--
-- Dumping data for table `qr_orders`
--

INSERT INTO `qr_orders` (`id`, `tenant_id`, `outlet_id`, `table_id`, `transaction_id`, `order_number`, `customer_name`, `customer_phone`, `notes`, `status`, `payment_method`, `xendit_invoice_id`, `xendit_invoice_url`, `xendit_response`, `xendit_expired_at`, `subtotal`, `tax_amount`, `service_charge_amount`, `grand_total`, `tax_mode`, `tax_percentage`, `service_charge_percentage`, `created_at`, `updated_at`) VALUES
('0aa9b62e-8215-485c-8fe8-8854fb2cba33', 'fee5a0aa-73ca-4947-ab88-4d15f80f62bb', '8c8265f8-8c1c-4921-942f-b20ce24be7b0', '1424eadb-8c68-4664-9985-9b7540c706b8', NULL, 'QR-MAIN-20260523-0003', 'Mega', '081234567003', 'Extra hot', 'completed', 'pay_at_counter', NULL, NULL, NULL, NULL, 91000.00, 10010.00, 4550.00, 105560.00, 'exclusive', 11.00, 5.00, '2026-05-23 03:14:15', '2026-05-23 03:14:15'),
('a871e723-3b0e-40f0-b2bb-8093e53dfca9', 'fee5a0aa-73ca-4947-ab88-4d15f80f62bb', '8c8265f8-8c1c-4921-942f-b20ce24be7b0', '03372f93-1290-47ba-8b51-33d403225d1e', NULL, 'QR-MAIN-20260523-0001', 'Rina', '081234567001', 'Less sugar please', 'pending', 'pay_at_counter', NULL, NULL, NULL, NULL, 115000.00, 12650.00, 5750.00, 133400.00, 'exclusive', 11.00, 5.00, '2026-05-23 03:14:15', '2026-05-23 03:14:15'),
('e5e7505e-c485-4ad5-9298-951afad2193b', 'fee5a0aa-73ca-4947-ab88-4d15f80f62bb', '8c8265f8-8c1c-4921-942f-b20ce24be7b0', '06419276-93e5-4a4a-b4f4-1065a5b6fac7', NULL, 'QR-MAIN-20260523-0002', 'Dedi', '081234567002', NULL, 'processing', 'pay_at_counter', NULL, NULL, NULL, NULL, 112000.00, 12320.00, 5600.00, 129920.00, 'exclusive', 11.00, 5.00, '2026-05-23 03:14:15', '2026-05-23 03:14:15');

-- --------------------------------------------------------

--
-- Table structure for table `qr_order_items`
--

CREATE TABLE `qr_order_items` (
  `id` char(36) NOT NULL,
  `qr_order_id` char(36) NOT NULL,
  `product_id` char(36) DEFAULT NULL,
  `product_variant_id` char(36) DEFAULT NULL,
  `item_name` varchar(255) NOT NULL,
  `item_sku` varchar(255) DEFAULT NULL,
  `quantity` int(11) NOT NULL DEFAULT 1,
  `unit_price` decimal(15,2) NOT NULL DEFAULT 0.00,
  `modifiers_total` decimal(15,2) NOT NULL DEFAULT 0.00,
  `subtotal` decimal(15,2) NOT NULL DEFAULT 0.00,
  `modifiers` longtext CHARACTER SET utf8mb4 COLLATE utf8mb4_bin DEFAULT NULL CHECK (json_valid(`modifiers`)),
  `item_notes` text DEFAULT NULL,
  `created_at` timestamp NULL DEFAULT NULL,
  `updated_at` timestamp NULL DEFAULT NULL
) ENGINE=InnoDB DEFAULT CHARSET=utf8mb4 COLLATE=utf8mb4_unicode_ci;

--
-- Dumping data for table `qr_order_items`
--

INSERT INTO `qr_order_items` (`id`, `qr_order_id`, `product_id`, `product_variant_id`, `item_name`, `item_sku`, `quantity`, `unit_price`, `modifiers_total`, `subtotal`, `modifiers`, `item_notes`, `created_at`, `updated_at`) VALUES
('034a420b-f118-4ac6-931e-970988a4529f', '0aa9b62e-8215-485c-8fe8-8854fb2cba33', 'a8e79fa3-5a30-45a9-8427-e65121156f12', NULL, 'Pain au Chocolat', 'PASTRY-PC-001', 2, 28000.00, 0.00, 56000.00, '[]', NULL, '2026-05-23 03:14:15', '2026-05-23 03:14:15'),
('10bb0093-ebd5-4e70-a6f1-3f216bb98c0a', 'a871e723-3b0e-40f0-b2bb-8093e53dfca9', 'abf64656-f417-4162-81c6-42a949263e51', NULL, 'Cheesecake', 'CAKE-CHE-001', 1, 45000.00, 0.00, 45000.00, '[]', NULL, '2026-05-23 03:14:15', '2026-05-23 03:14:15'),
('16a035df-c4c1-4388-a5dc-fd7fe6da55c8', '0aa9b62e-8215-485c-8fe8-8854fb2cba33', '0fc5eee9-ad2d-4687-b636-dc7b2485e9e9', NULL, 'Green Tea Latte', 'TEA-GTL-001', 1, 35000.00, 0.00, 35000.00, '[]', NULL, '2026-05-23 03:14:15', '2026-05-23 03:14:15'),
('3b474919-3a5e-4e2c-afb4-320ced6133a2', 'e5e7505e-c485-4ad5-9298-951afad2193b', 'fb3613d7-2fd4-4119-8804-d923a10c3415', NULL, 'Cappuccino', 'HOT-CAP-001', 1, 32000.00, 0.00, 32000.00, '[]', NULL, '2026-05-23 03:14:15', '2026-05-23 03:14:15'),
('703251b6-48c0-43db-a56b-1d0c8aa8c709', 'e5e7505e-c485-4ad5-9298-951afad2193b', 'f59f249b-f142-4109-88f0-d7afbfcbe161', NULL, 'Cinnamon Roll', 'PASTRY-CIN-001', 1, 25000.00, 0.00, 25000.00, '[]', NULL, '2026-05-23 03:14:15', '2026-05-23 03:14:15'),
('7aea649f-418d-4eb4-83a4-da56a0ebcd94', 'a871e723-3b0e-40f0-b2bb-8093e53dfca9', '1fcc6195-3ed1-453c-8b99-7a3579ab1e60', NULL, 'Iced Latte', 'ICE-LAT-001', 2, 35000.00, 0.00, 70000.00, '[]', NULL, '2026-05-23 03:14:15', '2026-05-23 03:14:15'),
('d10a2ab8-5182-444b-a71b-1b4e67372795', 'e5e7505e-c485-4ad5-9298-951afad2193b', '6f9029da-8dc7-48ce-ae48-2d0e4726e356', NULL, 'Club Sandwich', 'SAND-CLB-001', 1, 55000.00, 0.00, 55000.00, '[]', NULL, '2026-05-23 03:14:15', '2026-05-23 03:14:15');

-- --------------------------------------------------------

--
-- Table structure for table `recipes`
--

CREATE TABLE `recipes` (
  `id` char(36) NOT NULL,
  `tenant_id` char(36) NOT NULL,
  `product_id` char(36) DEFAULT NULL,
  `name` varchar(255) NOT NULL,
  `description` text DEFAULT NULL,
  `instructions` text DEFAULT NULL,
  `yield_qty` decimal(12,4) NOT NULL DEFAULT 1.0000,
  `yield_unit_id` char(36) NOT NULL,
  `estimated_cost` decimal(15,2) NOT NULL DEFAULT 0.00,
  `prep_time_minutes` int(11) DEFAULT NULL,
  `cook_time_minutes` int(11) DEFAULT NULL,
  `version` varchar(20) NOT NULL DEFAULT '1.0',
  `is_active` tinyint(1) NOT NULL DEFAULT 1,
  `created_at` timestamp NULL DEFAULT NULL,
  `updated_at` timestamp NULL DEFAULT NULL
) ENGINE=InnoDB DEFAULT CHARSET=utf8mb4 COLLATE=utf8mb4_unicode_ci;

--
-- Dumping data for table `recipes`
--

INSERT INTO `recipes` (`id`, `tenant_id`, `product_id`, `name`, `description`, `instructions`, `yield_qty`, `yield_unit_id`, `estimated_cost`, `prep_time_minutes`, `cook_time_minutes`, `version`, `is_active`, `created_at`, `updated_at`) VALUES
('0328e64a-6c50-44b6-9434-3804d62e2663', 'fee5a0aa-73ca-4947-ab88-4d15f80f62bb', NULL, 'Cappuccino', 'Espresso with steamed milk foam', NULL, 1.0000, '135d56f1-e047-459a-a5e0-260ed2c646d9', 5400.00, NULL, NULL, '1.0', 1, '2026-05-23 03:14:07', '2026-05-23 03:14:07'),
('06124112-e2fa-4280-9fa9-3e41f1c4d110', 'fee5a0aa-73ca-4947-ab88-4d15f80f62bb', NULL, 'Iced Americano', 'Espresso with cold water over ice', NULL, 1.0000, '135d56f1-e047-459a-a5e0-260ed2c646d9', 2700.00, NULL, NULL, '1.0', 1, '2026-05-23 03:14:07', '2026-05-23 03:14:07'),
('1b9d3ca0-f03e-4a4f-8ecb-a76ce0abf921', 'fee5a0aa-73ca-4947-ab88-4d15f80f62bb', NULL, 'Americano', 'Espresso with hot water', NULL, 1.0000, '135d56f1-e047-459a-a5e0-260ed2c646d9', 2700.00, NULL, NULL, '1.0', 1, '2026-05-23 03:14:07', '2026-05-23 03:14:07'),
('1edd6f35-6ac7-4a01-8b2c-2d579f04aad5', 'fee5a0aa-73ca-4947-ab88-4d15f80f62bb', NULL, 'Sop Buntut', 'Indonesian oxtail soup with vegetables', '1. Boil oxtail until tender\n2. Sauté aromatics\n3. Add to broth\n4. Add vegetables\n5. Season and simmer\n6. Serve with fried shallots', 1.0000, '135d56f1-e047-459a-a5e0-260ed2c646d9', 42235000.00, 20, 120, '1', 1, '2026-05-23 03:14:00', '2026-05-23 03:14:00'),
('1fe02d1f-73b2-473b-ad0e-96c3c4fdf0b4', 'fee5a0aa-73ca-4947-ab88-4d15f80f62bb', NULL, 'Spaghetti Carbonara', 'Classic Italian pasta with creamy egg sauce and bacon', '1. Cook pasta al dente\n2. Fry bacon until crispy\n3. Mix egg yolks with parmesan\n4. Toss hot pasta with bacon\n5. Add egg mixture off heat\n6. Season with pepper\n7. Serve immediately', 1.0000, '135d56f1-e047-459a-a5e0-260ed2c646d9', 27212000.00, 5, 15, '1', 1, '2026-05-23 03:14:00', '2026-05-23 03:14:00'),
('2c792a52-7c4e-48f2-a7bd-19ff6f0fa848', 'fee5a0aa-73ca-4947-ab88-4d15f80f62bb', NULL, 'French Fries', 'Crispy golden french fries', '1. Cut potatoes into strips\n2. Soak in cold water\n3. Dry thoroughly\n4. First fry at low temp\n5. Second fry at high temp\n6. Season with salt', 1.0000, '135d56f1-e047-459a-a5e0-260ed2c646d9', 9744000.00, 15, 10, '1', 1, '2026-05-23 03:14:00', '2026-05-23 03:14:00'),
('2d7ded0e-6278-4570-9fd7-f505a8d2f8c7', 'fee5a0aa-73ca-4947-ab88-4d15f80f62bb', NULL, 'Earl Grey', 'Bergamot-flavored black tea', NULL, 1.0000, '135d56f1-e047-459a-a5e0-260ed2c646d9', 600.00, NULL, NULL, '1.0', 1, '2026-05-23 03:14:07', '2026-05-23 03:14:07'),
('349a8518-129e-4225-a400-cc702bfc1c3c', 'fee5a0aa-73ca-4947-ab88-4d15f80f62bb', NULL, 'Hot Chocolate', 'Rich Belgian chocolate', NULL, 1.0000, '135d56f1-e047-459a-a5e0-260ed2c646d9', 4800.00, NULL, NULL, '1.0', 1, '2026-05-23 03:14:07', '2026-05-23 03:14:07'),
('3ed15280-c5ee-4b4c-9fe4-53e1bc4deda0', 'fee5a0aa-73ca-4947-ab88-4d15f80f62bb', NULL, 'Cold Brew', 'Slow-steeped cold brew coffee', NULL, 1.0000, '135d56f1-e047-459a-a5e0-260ed2c646d9', 3750.00, NULL, NULL, '1.0', 1, '2026-05-23 03:14:07', '2026-05-23 03:14:07'),
('47a1636a-87ee-465f-94a6-3cc81d0873ee', 'fee5a0aa-73ca-4947-ab88-4d15f80f62bb', NULL, 'Ayam Goreng Kremes', 'Crispy fried chicken with spiced crumbs', '1. Marinate chicken with spices\n2. Coat with seasoned flour\n3. Deep fry until golden\n4. Make kremes from batter drippings\n5. Serve with rice and sambal', 1.0000, '135d56f1-e047-459a-a5e0-260ed2c646d9', 16272500.00, 15, 12, '1', 1, '2026-05-23 03:14:00', '2026-05-23 03:14:00'),
('49d077b0-0d38-484e-a412-dd267e21a3e9', 'fee5a0aa-73ca-4947-ab88-4d15f80f62bb', NULL, 'Sambal Matah', 'Balinese raw shallot and lemongrass sambal', '1. Slice shallots thinly\n2. Slice lemongrass finely\n3. Chop chilies\n4. Mix all ingredients\n5. Add lime juice and oil\n6. Season with salt', 200.0000, '573ba895-1241-4235-8937-9958b7827d33', 8440000.00, 15, 0, '1', 1, '2026-05-23 03:14:00', '2026-05-23 03:14:00'),
('4b00a533-73f1-4b22-ba3e-7134512a5ccc', 'fee5a0aa-73ca-4947-ab88-4d15f80f62bb', NULL, 'Chai Latte', 'Spiced tea with steamed milk', NULL, 1.0000, '135d56f1-e047-459a-a5e0-260ed2c646d9', 4425.00, NULL, NULL, '1.0', 1, '2026-05-23 03:14:07', '2026-05-23 03:14:07'),
('74997a70-1e10-4f79-b8be-69344528f4cb', 'fee5a0aa-73ca-4947-ab88-4d15f80f62bb', NULL, 'Matcha Latte', 'Premium matcha green tea latte', '1. Sift matcha powder\n2. Add hot water and whisk\n3. Steam milk\n4. Combine and serve', 1.0000, '135d56f1-e047-459a-a5e0-260ed2c646d9', 4590000.00, 3, 2, '1', 1, '2026-05-23 03:14:00', '2026-05-23 03:14:00'),
('83fdcfcb-2d7d-4568-9620-4204dd621ab7', 'fee5a0aa-73ca-4947-ab88-4d15f80f62bb', NULL, 'Salmon Teriyaki', 'Pan-seared salmon with homemade teriyaki glaze', '1. Season salmon with salt and pepper\n2. Make teriyaki sauce\n3. Pan sear salmon skin-side down\n4. Flip and add sauce\n5. Glaze until caramelized\n6. Serve with steamed rice', 1.0000, '135d56f1-e047-459a-a5e0-260ed2c646d9', 41643750.00, 5, 10, '1', 1, '2026-05-23 03:14:00', '2026-05-23 03:14:00'),
('90395560-e102-4855-ab31-456a0c7bd692', 'fee5a0aa-73ca-4947-ab88-4d15f80f62bb', NULL, 'Cafe Latte', 'Espresso with steamed milk', NULL, 1.0000, '135d56f1-e047-459a-a5e0-260ed2c646d9', 6300.00, NULL, NULL, '1.0', 1, '2026-05-23 03:14:07', '2026-05-23 03:14:07'),
('949a26fe-312d-4f89-a6a7-e957b96a27f7', 'fee5a0aa-73ca-4947-ab88-4d15f80f62bb', NULL, 'Macchiato', 'Espresso with a dollop of foam', NULL, 1.0000, '135d56f1-e047-459a-a5e0-260ed2c646d9', 3240.00, NULL, NULL, '1.0', 1, '2026-05-23 03:14:07', '2026-05-23 03:14:07'),
('aa45c7da-2f10-4481-b586-289d4dbc850f', 'fee5a0aa-73ca-4947-ab88-4d15f80f62bb', NULL, 'Caesar Salad', 'Classic caesar salad with homemade dressing', '1. Prepare caesar dressing\n2. Toast croutons\n3. Wash and dry romaine\n4. Toss lettuce with dressing\n5. Top with parmesan and croutons', 1.0000, '135d56f1-e047-459a-a5e0-260ed2c646d9', 15280000.00, 10, 5, '1', 1, '2026-05-23 03:14:00', '2026-05-23 03:14:00'),
('b377b62f-15aa-4ae1-ad20-46f9fbe3a4fc', 'fee5a0aa-73ca-4947-ab88-4d15f80f62bb', NULL, 'Es Kopi Susu', 'Signature iced coffee with fresh milk', '1. Brew espresso shot\n2. Add palm sugar syrup\n3. Pour fresh milk\n4. Add ice cubes\n5. Stir and serve', 1.0000, '135d56f1-e047-459a-a5e0-260ed2c646d9', 6840000.00, 2, 3, '1', 1, '2026-05-23 03:14:00', '2026-05-23 03:14:00'),
('b84a6ba7-a5be-41b2-9f21-75fd01d427d8', 'fee5a0aa-73ca-4947-ab88-4d15f80f62bb', NULL, 'Pancake Stack', 'Fluffy buttermilk pancakes with maple syrup', '1. Mix dry ingredients\n2. Combine wet ingredients\n3. Fold together\n4. Cook on griddle\n5. Stack and serve with butter and syrup', 1.0000, '135d56f1-e047-459a-a5e0-260ed2c646d9', 15570000.00, 5, 10, '1', 1, '2026-05-23 03:14:00', '2026-05-23 03:14:00'),
('bea39caa-0c22-4a2e-b736-2f38ee5eb65e', 'fee5a0aa-73ca-4947-ab88-4d15f80f62bb', NULL, 'Green Tea Latte', 'Japanese matcha with milk', NULL, 1.0000, '135d56f1-e047-459a-a5e0-260ed2c646d9', 4825.00, NULL, NULL, '1.0', 1, '2026-05-23 03:14:07', '2026-05-23 03:14:07'),
('cca25d0d-be78-4c03-9dbd-c95a35ded79f', 'fee5a0aa-73ca-4947-ab88-4d15f80f62bb', NULL, 'Nasi Goreng Spesial', 'Indonesian special fried rice with chicken and prawns', '1. Heat oil in wok\n2. Sauté garlic and shallots\n3. Add chicken, cook until done\n4. Add prawns\n5. Add rice, stir fry\n6. Season with kecap manis and sambal\n7. Add egg, scramble\n8. Garnish and serve', 1.0000, '135d56f1-e047-459a-a5e0-260ed2c646d9', 17323500.00, 10, 8, '1', 1, '2026-05-23 03:14:00', '2026-05-23 03:14:00'),
('d01aa6d0-5e6a-47bc-80d3-2e38fd26ff84', 'fee5a0aa-73ca-4947-ab88-4d15f80f62bb', NULL, 'Tomato Basil Sauce', 'Classic Italian tomato sauce for pasta', '1. Sauté garlic in olive oil\n2. Add canned tomatoes\n3. Simmer for 20 minutes\n4. Add fresh basil\n5. Season and blend if desired', 500.0000, '573ba895-1241-4235-8937-9958b7827d33', 10342250.00, 5, 25, '1', 1, '2026-05-23 03:14:00', '2026-05-23 03:14:00'),
('d41c1d14-82db-4d55-970b-8dc656f01bcb', 'fee5a0aa-73ca-4947-ab88-4d15f80f62bb', NULL, 'Espresso', 'Pure espresso shot', NULL, 1.0000, '135d56f1-e047-459a-a5e0-260ed2c646d9', 2700.00, NULL, NULL, '1.0', 1, '2026-05-23 03:14:07', '2026-05-23 03:14:07'),
('e599bf32-2cd7-418a-9ec6-7a041074b478', 'fee5a0aa-73ca-4947-ab88-4d15f80f62bb', NULL, 'Iced Chocolate', 'Chilled chocolate drink', NULL, 1.0000, '135d56f1-e047-459a-a5e0-260ed2c646d9', 4800.00, NULL, NULL, '1.0', 1, '2026-05-23 03:14:07', '2026-05-23 03:14:07'),
('e611c816-b27f-4dc0-9029-f8b8912283f2', 'fee5a0aa-73ca-4947-ab88-4d15f80f62bb', NULL, 'Iced Latte', 'Espresso with cold milk over ice', NULL, 1.0000, '135d56f1-e047-459a-a5e0-260ed2c646d9', 6300.00, NULL, NULL, '1.0', 1, '2026-05-23 03:14:07', '2026-05-23 03:14:07');

-- --------------------------------------------------------

--
-- Table structure for table `recipe_items`
--

CREATE TABLE `recipe_items` (
  `id` char(36) NOT NULL,
  `recipe_id` char(36) NOT NULL,
  `inventory_item_id` char(36) NOT NULL,
  `quantity` decimal(12,4) NOT NULL,
  `unit_id` char(36) NOT NULL,
  `waste_percentage` decimal(5,2) NOT NULL DEFAULT 0.00,
  `notes` text DEFAULT NULL,
  `sort_order` int(11) NOT NULL DEFAULT 0,
  `created_at` timestamp NULL DEFAULT NULL,
  `updated_at` timestamp NULL DEFAULT NULL
) ENGINE=InnoDB DEFAULT CHARSET=utf8mb4 COLLATE=utf8mb4_unicode_ci;

--
-- Dumping data for table `recipe_items`
--

INSERT INTO `recipe_items` (`id`, `recipe_id`, `inventory_item_id`, `quantity`, `unit_id`, `waste_percentage`, `notes`, `sort_order`, `created_at`, `updated_at`) VALUES
('024e023b-cd79-4a96-8ba2-ced39849ad33', '1edd6f35-6ac7-4a01-8b2c-2d579f04aad5', 'fa762fd6-3198-4212-951a-fc113214b5b3', 5.0000, '573ba895-1241-4235-8937-9958b7827d33', 0.00, NULL, 8, '2026-05-23 03:14:00', '2026-05-23 03:14:00'),
('0601a6cd-3813-4050-a058-6ee6cda2efd8', '83fdcfcb-2d7d-4568-9620-4204dd621ab7', '58217759-5292-40c1-abae-bd5a2dd71152', 15.0000, '787c7a73-e895-466f-822b-b24721613f22', 0.00, NULL, 7, '2026-05-23 03:14:00', '2026-05-23 03:14:00'),
('06021302-cf3e-4b63-9236-fedc081d75a5', '1fe02d1f-73b2-473b-ad0e-96c3c4fdf0b4', '26bdfd12-88f6-46b9-a28f-dbfe696a04e4', 110.0000, '573ba895-1241-4235-8937-9958b7827d33', 0.00, '2 whole + 1 yolk', 2, '2026-05-23 03:14:00', '2026-05-23 03:14:00'),
('0b65ce78-29ce-4adc-8f43-9eaa38945d84', '1edd6f35-6ac7-4a01-8b2c-2d579f04aad5', 'f1a251f8-abea-4798-b680-bb094dcd53e1', 50.0000, '573ba895-1241-4235-8937-9958b7827d33', 10.00, NULL, 5, '2026-05-23 03:14:00', '2026-05-23 03:14:00'),
('0c3d10bc-374e-47ce-9c1b-5c9dca250628', '1edd6f35-6ac7-4a01-8b2c-2d579f04aad5', '6c31aa1f-53e9-4bdb-8b17-c0bfa31eb681', 3.0000, '573ba895-1241-4235-8937-9958b7827d33', 0.00, NULL, 7, '2026-05-23 03:14:00', '2026-05-23 03:14:00'),
('0fee4264-3fd5-40b0-8026-6c94aa0b4b9d', 'bea39caa-0c22-4a2e-b736-2f38ee5eb65e', '196dab25-6699-49e8-aff8-853d49ca3dc5', 0.0150, '7ee4c650-fae3-4a85-a8cd-74e3049fa828', 0.00, NULL, 0, '2026-05-23 03:14:07', '2026-05-23 03:14:07'),
('153126e2-5b19-48e3-9400-b60097e8b5d2', 'd01aa6d0-5e6a-47bc-80d3-2e38fd26ff84', '22ad6310-d681-4cce-a353-214bb9aaf5b6', 40.0000, '787c7a73-e895-466f-822b-b24721613f22', 0.00, NULL, 5, '2026-05-23 03:14:00', '2026-05-23 03:14:00'),
('1653464a-9834-4ddc-960f-f9aacb86bbd6', '83fdcfcb-2d7d-4568-9620-4204dd621ab7', '250ac775-be22-419c-a8e3-a82ef45a8232', 30.0000, '787c7a73-e895-466f-822b-b24721613f22', 0.00, NULL, 2, '2026-05-23 03:14:00', '2026-05-23 03:14:00'),
('19040e71-ae4b-4598-94f6-e8c4611bfd93', '83fdcfcb-2d7d-4568-9620-4204dd621ab7', '196dab25-6699-49e8-aff8-853d49ca3dc5', 15.0000, '573ba895-1241-4235-8937-9958b7827d33', 0.00, NULL, 3, '2026-05-23 03:14:00', '2026-05-23 03:14:00'),
('1f7b79bb-5fc7-4698-b6a6-888cef478fba', 'b377b62f-15aa-4ae1-ad20-46f9fbe3a4fc', 'fcca06b4-4841-4891-ae01-a75f662b6968', 20.0000, '573ba895-1241-4235-8937-9958b7827d33', 0.00, NULL, 3, '2026-05-23 03:14:00', '2026-05-23 03:14:00'),
('20555e29-99e2-4765-adc8-5aa7970125ff', '83fdcfcb-2d7d-4568-9620-4204dd621ab7', '8dbe9773-a8a0-45b4-a108-a5cb4f10b0ce', 5.0000, '573ba895-1241-4235-8937-9958b7827d33', 10.00, NULL, 5, '2026-05-23 03:14:00', '2026-05-23 03:14:00'),
('20c65166-f958-42b3-b69c-080dbac7696f', '83fdcfcb-2d7d-4568-9620-4204dd621ab7', 'ecd6c8c0-eb6d-4842-bc89-2d49e2f4564d', 5.0000, '573ba895-1241-4235-8937-9958b7827d33', 15.00, NULL, 4, '2026-05-23 03:14:00', '2026-05-23 03:14:00'),
('21444e73-f51e-4c2f-97e9-d49e39094a4f', '1edd6f35-6ac7-4a01-8b2c-2d579f04aad5', 'c55f2090-7bdf-4789-a9ef-eb3aa6f6a0ae', 50.0000, '573ba895-1241-4235-8937-9958b7827d33', 5.00, NULL, 4, '2026-05-23 03:14:00', '2026-05-23 03:14:00'),
('246c30eb-48ec-44e6-8c1b-e682c1d4e52d', '49d077b0-0d38-484e-a412-dd267e21a3e9', 'fa762fd6-3198-4212-951a-fc113214b5b3', 5.0000, '573ba895-1241-4235-8937-9958b7827d33', 0.00, NULL, 5, '2026-05-23 03:14:00', '2026-05-23 03:14:00'),
('2c2ce7c2-d1d2-4003-bce8-4c656d47dd37', 'aa45c7da-2f10-4481-b586-289d4dbc850f', '8dbe9773-a8a0-45b4-a108-a5cb4f10b0ce', 5.0000, '573ba895-1241-4235-8937-9958b7827d33', 10.00, NULL, 4, '2026-05-23 03:14:00', '2026-05-23 03:14:00'),
('2cff2105-d19a-45fe-9e6d-c0a43ee591bc', 'b377b62f-15aa-4ae1-ad20-46f9fbe3a4fc', 'd4412092-df4e-455e-9188-fd11c6dffcd5', 18.0000, '573ba895-1241-4235-8937-9958b7827d33', 0.00, 'Ground fresh', 1, '2026-05-23 03:14:00', '2026-05-23 03:14:00'),
('2d076074-4d88-41b4-8054-97046b0c0092', '949a26fe-312d-4f89-a6a7-e957b96a27f7', 'c0e26b88-77b5-4a58-ac52-ddbf02482c62', 0.0300, 'bacdb581-2cb1-41eb-91e7-ba71e367553b', 0.00, NULL, 0, '2026-05-23 03:14:07', '2026-05-23 03:14:07'),
('2f4bb5e7-a131-4995-845a-96a1925cf6d4', 'cca25d0d-be78-4c03-9dbd-c95a35ded79f', '26bdfd12-88f6-46b9-a28f-dbfe696a04e4', 55.0000, '573ba895-1241-4235-8937-9958b7827d33', 0.00, NULL, 4, '2026-05-23 03:14:00', '2026-05-23 03:14:00'),
('2fa0f15f-054d-496d-b40c-797c972591ff', '74997a70-1e10-4f79-b8be-69344528f4cb', '196dab25-6699-49e8-aff8-853d49ca3dc5', 15.0000, '573ba895-1241-4235-8937-9958b7827d33', 0.00, NULL, 3, '2026-05-23 03:14:00', '2026-05-23 03:14:00'),
('3096d7b3-1908-4116-8785-4fdfd8416407', 'd41c1d14-82db-4d55-970b-8dc656f01bcb', 'd4412092-df4e-455e-9188-fd11c6dffcd5', 0.0180, '7ee4c650-fae3-4a85-a8cd-74e3049fa828', 0.00, NULL, 0, '2026-05-23 03:14:07', '2026-05-23 03:14:07'),
('31c325ff-bfb9-426e-aeb4-28026c7e1b1a', '06124112-e2fa-4280-9fa9-3e41f1c4d110', 'd4412092-df4e-455e-9188-fd11c6dffcd5', 0.0180, '7ee4c650-fae3-4a85-a8cd-74e3049fa828', 0.00, NULL, 0, '2026-05-23 03:14:07', '2026-05-23 03:14:07'),
('33b5f603-f546-4e9b-9faf-8348ef805ab1', 'e611c816-b27f-4dc0-9029-f8b8912283f2', 'd4412092-df4e-455e-9188-fd11c6dffcd5', 0.0180, '7ee4c650-fae3-4a85-a8cd-74e3049fa828', 0.00, NULL, 0, '2026-05-23 03:14:07', '2026-05-23 03:14:07'),
('363b6af2-034d-4874-9902-fc54ad79821d', 'b84a6ba7-a5be-41b2-9f21-75fd01d427d8', 'd4adb886-780a-4007-a7d9-d29fd0e9dec9', 30.0000, '573ba895-1241-4235-8937-9958b7827d33', 0.00, NULL, 5, '2026-05-23 03:14:00', '2026-05-23 03:14:00'),
('399c180c-4dbf-43e4-bd8e-c2301c6fa268', '47a1636a-87ee-465f-94a6-3cc81d0873ee', '95c4ee0c-09e0-4e4e-8f7b-36bf5a570eef', 3.0000, '573ba895-1241-4235-8937-9958b7827d33', 0.00, NULL, 5, '2026-05-23 03:14:00', '2026-05-23 03:14:00'),
('3be5136b-05ed-4941-bb58-ec8375700f27', '1fe02d1f-73b2-473b-ad0e-96c3c4fdf0b4', 'fa762fd6-3198-4212-951a-fc113214b5b3', 3.0000, '573ba895-1241-4235-8937-9958b7827d33', 0.00, NULL, 7, '2026-05-23 03:14:00', '2026-05-23 03:14:00'),
('3ec8595a-630d-4314-a4a8-6c051a723e9c', 'd01aa6d0-5e6a-47bc-80d3-2e38fd26ff84', 'fa762fd6-3198-4212-951a-fc113214b5b3', 5.0000, '573ba895-1241-4235-8937-9958b7827d33', 0.00, NULL, 6, '2026-05-23 03:14:00', '2026-05-23 03:14:00'),
('400cbf16-bab4-494e-bffb-2dbce76522c6', 'd01aa6d0-5e6a-47bc-80d3-2e38fd26ff84', '196dab25-6699-49e8-aff8-853d49ca3dc5', 5.0000, '573ba895-1241-4235-8937-9958b7827d33', 0.00, NULL, 7, '2026-05-23 03:14:00', '2026-05-23 03:14:00'),
('4335d2e0-17fe-4e1e-89f3-7dfe783c7158', '49d077b0-0d38-484e-a412-dd267e21a3e9', 'fab316b9-5bb9-4701-bf42-2664a6195dae', 50.0000, '787c7a73-e895-466f-822b-b24721613f22', 0.00, NULL, 4, '2026-05-23 03:14:00', '2026-05-23 03:14:00'),
('436a7dc6-2cbb-43b6-bbfd-ec8fccaa008b', '1fe02d1f-73b2-473b-ad0e-96c3c4fdf0b4', '8dbe9773-a8a0-45b4-a108-a5cb4f10b0ce', 8.0000, '573ba895-1241-4235-8937-9958b7827d33', 10.00, NULL, 5, '2026-05-23 03:14:00', '2026-05-23 03:14:00'),
('44659c3c-1401-4f28-b676-f98c841c6a26', 'aa45c7da-2f10-4481-b586-289d4dbc850f', '9ff4762a-46d2-4f5b-a946-09e898d415f2', 40.0000, '573ba895-1241-4235-8937-9958b7827d33', 0.00, NULL, 3, '2026-05-23 03:14:00', '2026-05-23 03:14:00'),
('470c43dd-93eb-4b48-bb83-a4814b723f8e', 'cca25d0d-be78-4c03-9dbd-c95a35ded79f', '1142502a-749f-4a0c-9a52-1ab6c098a5fd', 10.0000, '787c7a73-e895-466f-822b-b24721613f22', 0.00, NULL, 8, '2026-05-23 03:14:00', '2026-05-23 03:14:00'),
('48803102-71ee-48a0-9cc2-81ae3d0087d8', 'cca25d0d-be78-4c03-9dbd-c95a35ded79f', '58217759-5292-40c1-abae-bd5a2dd71152', 30.0000, '787c7a73-e895-466f-822b-b24721613f22', 0.00, NULL, 9, '2026-05-23 03:14:00', '2026-05-23 03:14:00'),
('4920d494-14e9-4911-8848-848a4fbe047f', 'b84a6ba7-a5be-41b2-9f21-75fd01d427d8', '26bdfd12-88f6-46b9-a28f-dbfe696a04e4', 55.0000, '573ba895-1241-4235-8937-9958b7827d33', 0.00, NULL, 3, '2026-05-23 03:14:00', '2026-05-23 03:14:00'),
('4badacd9-85b1-4b25-a249-5a15a9722185', 'aa45c7da-2f10-4481-b586-289d4dbc850f', '602b0eef-f478-4e05-83af-c7b9b1d9222e', 15.0000, '573ba895-1241-4235-8937-9958b7827d33', 0.00, 'Juice only', 5, '2026-05-23 03:14:00', '2026-05-23 03:14:00'),
('4de521b3-c287-49d7-a396-e4598a8c046d', 'b84a6ba7-a5be-41b2-9f21-75fd01d427d8', 'ae08af5c-3d51-4931-a5c0-72814e2172f5', 30.0000, '787c7a73-e895-466f-822b-b24721613f22', 0.00, NULL, 6, '2026-05-23 03:14:00', '2026-05-23 03:14:00'),
('4ea98a4c-5b28-4215-af37-ec0640d62666', '47a1636a-87ee-465f-94a6-3cc81d0873ee', '58217759-5292-40c1-abae-bd5a2dd71152', 200.0000, '787c7a73-e895-466f-822b-b24721613f22', 0.00, 'For deep frying', 8, '2026-05-23 03:14:00', '2026-05-23 03:14:00'),
('4f91919a-ee27-4b9f-94fc-27e6dabc6433', '349a8518-129e-4225-a400-cc702bfc1c3c', '196dab25-6699-49e8-aff8-853d49ca3dc5', 0.0200, '7ee4c650-fae3-4a85-a8cd-74e3049fa828', 0.00, NULL, 0, '2026-05-23 03:14:07', '2026-05-23 03:14:07'),
('52c7bf68-81aa-4b0d-b959-a93e39096b0a', '4b00a533-73f1-4b22-ba3e-7134512a5ccc', '196dab25-6699-49e8-aff8-853d49ca3dc5', 0.0150, '7ee4c650-fae3-4a85-a8cd-74e3049fa828', 0.00, NULL, 0, '2026-05-23 03:14:07', '2026-05-23 03:14:07'),
('5f9c2998-93c7-40d9-a619-a00b4e256ff7', 'b377b62f-15aa-4ae1-ad20-46f9fbe3a4fc', 'c0e26b88-77b5-4a58-ac52-ddbf02482c62', 150.0000, '787c7a73-e895-466f-822b-b24721613f22', 0.00, NULL, 2, '2026-05-23 03:14:00', '2026-05-23 03:14:00'),
('64167a6c-b278-4402-8001-9519ac1b70d9', '49d077b0-0d38-484e-a412-dd267e21a3e9', 'b6bb2924-53a6-4f80-9e1d-d5b11eee3545', 100.0000, '573ba895-1241-4235-8937-9958b7827d33', 10.00, NULL, 1, '2026-05-23 03:14:00', '2026-05-23 03:14:00'),
('674d905f-b074-46d3-bc5a-dbf558337a34', 'cca25d0d-be78-4c03-9dbd-c95a35ded79f', 'b6bb2924-53a6-4f80-9e1d-d5b11eee3545', 15.0000, '573ba895-1241-4235-8937-9958b7827d33', 10.00, NULL, 6, '2026-05-23 03:14:00', '2026-05-23 03:14:00'),
('6afe22a3-c2e4-4bfd-a3fa-ecbeb1b4e982', '1edd6f35-6ac7-4a01-8b2c-2d579f04aad5', 'ee2e1070-2bc3-4c6d-bcde-7c6be8a12ed5', 100.0000, '573ba895-1241-4235-8937-9958b7827d33', 20.00, NULL, 3, '2026-05-23 03:14:00', '2026-05-23 03:14:00'),
('6b6dcdd4-2128-446b-a75e-65d62cdc53fe', '47a1636a-87ee-465f-94a6-3cc81d0873ee', 'fa762fd6-3198-4212-951a-fc113214b5b3', 5.0000, '573ba895-1241-4235-8937-9958b7827d33', 0.00, NULL, 7, '2026-05-23 03:14:00', '2026-05-23 03:14:00'),
('6c6859e9-0054-468b-800a-f6569d3c2922', '47a1636a-87ee-465f-94a6-3cc81d0873ee', 'a30be0c2-6536-449c-8f42-49b9a706cf4d', 50.0000, '573ba895-1241-4235-8937-9958b7827d33', 0.00, NULL, 2, '2026-05-23 03:14:00', '2026-05-23 03:14:00'),
('6cdc7343-0ccd-4255-8b46-d2183329711d', '90395560-e102-4855-ab31-456a0c7bd692', 'c0e26b88-77b5-4a58-ac52-ddbf02482c62', 0.2000, 'bacdb581-2cb1-41eb-91e7-ba71e367553b', 0.00, NULL, 0, '2026-05-23 03:14:07', '2026-05-23 03:14:07'),
('6dcd8b1f-7ef6-4e09-b66b-7feebe0d4479', '1edd6f35-6ac7-4a01-8b2c-2d579f04aad5', '95159a4d-7f19-4382-a7de-ba70d4d08b65', 80.0000, '573ba895-1241-4235-8937-9958b7827d33', 15.00, NULL, 2, '2026-05-23 03:14:00', '2026-05-23 03:14:00'),
('6dff3ebd-cf70-4eaa-8f56-9cdcc77653f0', '0328e64a-6c50-44b6-9434-3804d62e2663', 'd4412092-df4e-455e-9188-fd11c6dffcd5', 0.0180, '7ee4c650-fae3-4a85-a8cd-74e3049fa828', 0.00, NULL, 0, '2026-05-23 03:14:07', '2026-05-23 03:14:07'),
('6fe18276-f9ad-4953-bf0b-4312f73f12f5', '4b00a533-73f1-4b22-ba3e-7134512a5ccc', '91643558-1c23-4463-98d5-ea0ac9d5a765', 0.0030, '7ee4c650-fae3-4a85-a8cd-74e3049fa828', 0.00, NULL, 0, '2026-05-23 03:14:07', '2026-05-23 03:14:07'),
('74ad7315-bd2b-43f4-b47c-bbea4d8c7bf6', 'b84a6ba7-a5be-41b2-9f21-75fd01d427d8', '196dab25-6699-49e8-aff8-853d49ca3dc5', 20.0000, '573ba895-1241-4235-8937-9958b7827d33', 0.00, NULL, 4, '2026-05-23 03:14:00', '2026-05-23 03:14:00'),
('75e3bcde-552d-47ad-bdfd-c28249eb7a60', 'aa45c7da-2f10-4481-b586-289d4dbc850f', '08e03421-4a39-40f3-b759-65017a25a9cd', 150.0000, '573ba895-1241-4235-8937-9958b7827d33', 15.00, NULL, 1, '2026-05-23 03:14:00', '2026-05-23 03:14:00'),
('7b106719-5a72-49b4-bf17-7a71923c0a86', 'cca25d0d-be78-4c03-9dbd-c95a35ded79f', '6e16121e-48cf-49cd-b009-81d7a8f18c5b', 50.0000, '573ba895-1241-4235-8937-9958b7827d33', 20.00, 'Peeled', 3, '2026-05-23 03:14:00', '2026-05-23 03:14:00'),
('7c7a90e6-3020-4103-b494-ee90c72bb802', 'd01aa6d0-5e6a-47bc-80d3-2e38fd26ff84', '8dbe9773-a8a0-45b4-a108-a5cb4f10b0ce', 20.0000, '573ba895-1241-4235-8937-9958b7827d33', 10.00, NULL, 2, '2026-05-23 03:14:00', '2026-05-23 03:14:00'),
('7f666314-922f-47ad-9e71-63719dc08bef', '1b9d3ca0-f03e-4a4f-8ecb-a76ce0abf921', 'd4412092-df4e-455e-9188-fd11c6dffcd5', 0.0180, '7ee4c650-fae3-4a85-a8cd-74e3049fa828', 0.00, NULL, 0, '2026-05-23 03:14:07', '2026-05-23 03:14:07'),
('838cf508-ef66-44e2-8a79-867358b702df', '949a26fe-312d-4f89-a6a7-e957b96a27f7', 'd4412092-df4e-455e-9188-fd11c6dffcd5', 0.0180, '7ee4c650-fae3-4a85-a8cd-74e3049fa828', 0.00, NULL, 0, '2026-05-23 03:14:07', '2026-05-23 03:14:07'),
('87c0f2ad-a336-4530-b3ff-d966533aadbd', 'e599bf32-2cd7-418a-9ec6-7a041074b478', 'c0e26b88-77b5-4a58-ac52-ddbf02482c62', 0.2500, 'bacdb581-2cb1-41eb-91e7-ba71e367553b', 0.00, NULL, 0, '2026-05-23 03:14:07', '2026-05-23 03:14:07'),
('888f829c-3220-4386-9898-e4a6370b6db5', '49d077b0-0d38-484e-a412-dd267e21a3e9', '1462554a-d08d-4da6-99d7-3b8434aeda4d', 30.0000, '573ba895-1241-4235-8937-9958b7827d33', 0.00, NULL, 3, '2026-05-23 03:14:00', '2026-05-23 03:14:00'),
('8c09d50e-767f-4ea7-932c-c2eeb6fa5cce', '1fe02d1f-73b2-473b-ad0e-96c3c4fdf0b4', '80adc244-40bf-4e5c-beb0-338474572b13', 60.0000, '573ba895-1241-4235-8937-9958b7827d33', 0.00, 'Diced as bacon substitute', 4, '2026-05-23 03:14:00', '2026-05-23 03:14:00'),
('8dcb0d82-5653-4e93-a5e1-b2c410d5e26b', '83fdcfcb-2d7d-4568-9620-4204dd621ab7', '35f510f1-7150-42bf-87b1-85a66624f5ea', 180.0000, '573ba895-1241-4235-8937-9958b7827d33', 0.00, NULL, 1, '2026-05-23 03:14:00', '2026-05-23 03:14:00'),
('95070a89-3b69-4a35-9af5-8ff4cda07c16', '47a1636a-87ee-465f-94a6-3cc81d0873ee', '7ec16d41-807e-43fc-a92f-32a6f16d0234', 250.0000, '573ba895-1241-4235-8937-9958b7827d33', 0.00, NULL, 1, '2026-05-23 03:14:00', '2026-05-23 03:14:00'),
('9ba87a7a-18f5-423a-9fa9-41872e37ea2d', 'aa45c7da-2f10-4481-b586-289d4dbc850f', 'fe611b7c-26fb-4dd5-98d0-c071277d3603', 25.0000, '573ba895-1241-4235-8937-9958b7827d33', 0.00, NULL, 2, '2026-05-23 03:14:00', '2026-05-23 03:14:00'),
('9ddb1a06-39db-4f25-85f7-8f90afc79906', 'b84a6ba7-a5be-41b2-9f21-75fd01d427d8', 'a30be0c2-6536-449c-8f42-49b9a706cf4d', 100.0000, '573ba895-1241-4235-8937-9958b7827d33', 0.00, NULL, 1, '2026-05-23 03:14:00', '2026-05-23 03:14:00'),
('9f2b57f0-ca70-46c9-8568-8b7efe9d45a8', 'bea39caa-0c22-4a2e-b736-2f38ee5eb65e', '91643558-1c23-4463-98d5-ea0ac9d5a765', 0.0050, '7ee4c650-fae3-4a85-a8cd-74e3049fa828', 0.00, NULL, 0, '2026-05-23 03:14:07', '2026-05-23 03:14:07'),
('a24d21fc-2121-417e-87b1-8acee9093820', 'bea39caa-0c22-4a2e-b736-2f38ee5eb65e', 'c0e26b88-77b5-4a58-ac52-ddbf02482c62', 0.2000, 'bacdb581-2cb1-41eb-91e7-ba71e367553b', 0.00, NULL, 0, '2026-05-23 03:14:07', '2026-05-23 03:14:07'),
('aa570e95-c4f5-4648-883f-ca4a305d501a', '47a1636a-87ee-465f-94a6-3cc81d0873ee', '81d3c1eb-efa5-4e1f-bc7d-0b1fd8bb86cc', 2.0000, '573ba895-1241-4235-8937-9958b7827d33', 0.00, NULL, 6, '2026-05-23 03:14:00', '2026-05-23 03:14:00'),
('aa972031-ac94-4c1d-9e71-d5ecea70f7bc', '1fe02d1f-73b2-473b-ad0e-96c3c4fdf0b4', 'fe611b7c-26fb-4dd5-98d0-c071277d3603', 40.0000, '573ba895-1241-4235-8937-9958b7827d33', 0.00, NULL, 3, '2026-05-23 03:14:00', '2026-05-23 03:14:00'),
('acd22dd6-c5fa-49a8-965f-408a155ee9b9', '74997a70-1e10-4f79-b8be-69344528f4cb', 'c0e26b88-77b5-4a58-ac52-ddbf02482c62', 200.0000, '787c7a73-e895-466f-822b-b24721613f22', 0.00, NULL, 2, '2026-05-23 03:14:00', '2026-05-23 03:14:00'),
('ae9a9677-f514-4cf5-afe6-ecb00a38e49d', '2c792a52-7c4e-48f2-a7bd-19ff6f0fa848', 'fa762fd6-3198-4212-951a-fc113214b5b3', 3.0000, '573ba895-1241-4235-8937-9958b7827d33', 0.00, NULL, 3, '2026-05-23 03:14:00', '2026-05-23 03:14:00'),
('afdc3656-e28f-4d94-ae05-181ac761fd6f', '1edd6f35-6ac7-4a01-8b2c-2d579f04aad5', 'ffff33ea-09d2-4834-950b-b9f96e7ebdbd', 10.0000, '573ba895-1241-4235-8937-9958b7827d33', 0.00, NULL, 6, '2026-05-23 03:14:00', '2026-05-23 03:14:00'),
('b1cfc917-6d39-4c1f-a420-489ae4adbc1f', 'cca25d0d-be78-4c03-9dbd-c95a35ded79f', '4499d420-8ffc-4ee0-a55b-8ce5e7211729', 200.0000, '573ba895-1241-4235-8937-9958b7827d33', 0.00, 'Cooked and cooled', 1, '2026-05-23 03:14:00', '2026-05-23 03:14:00'),
('b3be9e79-5a44-4bbb-a61e-115182426ca6', '47a1636a-87ee-465f-94a6-3cc81d0873ee', '8dbe9773-a8a0-45b4-a108-a5cb4f10b0ce', 15.0000, '573ba895-1241-4235-8937-9958b7827d33', 10.00, NULL, 4, '2026-05-23 03:14:00', '2026-05-23 03:14:00'),
('b8659025-c213-438d-86d9-040847e8e85f', '1fe02d1f-73b2-473b-ad0e-96c3c4fdf0b4', '143bfdf7-2d8a-44e6-adaa-b0c18d85c4ee', 120.0000, '573ba895-1241-4235-8937-9958b7827d33', 0.00, NULL, 1, '2026-05-23 03:14:00', '2026-05-23 03:14:00'),
('b9ffad07-72b0-46a6-a4a1-ee1b00913b9c', '47a1636a-87ee-465f-94a6-3cc81d0873ee', '0f8e346d-8ee1-4f2a-82de-6ad0f9920f4a', 20.0000, '573ba895-1241-4235-8937-9958b7827d33', 0.00, NULL, 3, '2026-05-23 03:14:00', '2026-05-23 03:14:00'),
('bd44a16c-fed4-43d8-8940-8eb0a5888dfc', 'b84a6ba7-a5be-41b2-9f21-75fd01d427d8', 'c0e26b88-77b5-4a58-ac52-ddbf02482c62', 120.0000, '787c7a73-e895-466f-822b-b24721613f22', 0.00, NULL, 2, '2026-05-23 03:14:00', '2026-05-23 03:14:00'),
('bd4ec507-83f2-4771-aab0-fed18b388907', 'aa45c7da-2f10-4481-b586-289d4dbc850f', '22ad6310-d681-4cce-a353-214bb9aaf5b6', 10.0000, '787c7a73-e895-466f-822b-b24721613f22', 0.00, NULL, 6, '2026-05-23 03:14:00', '2026-05-23 03:14:00'),
('c3a79d26-e8af-4d8b-8fa5-4cd804e4a9d1', 'cca25d0d-be78-4c03-9dbd-c95a35ded79f', '8dbe9773-a8a0-45b4-a108-a5cb4f10b0ce', 10.0000, '573ba895-1241-4235-8937-9958b7827d33', 10.00, NULL, 5, '2026-05-23 03:14:00', '2026-05-23 03:14:00'),
('c49e3edc-34bf-4060-923b-33f2d573b54e', '3ed15280-c5ee-4b4c-9fe4-53e1bc4deda0', 'd4412092-df4e-455e-9188-fd11c6dffcd5', 0.0250, '7ee4c650-fae3-4a85-a8cd-74e3049fa828', 0.00, NULL, 0, '2026-05-23 03:14:07', '2026-05-23 03:14:07'),
('c56428b5-b87c-475f-bea7-51afc30ed246', 'cca25d0d-be78-4c03-9dbd-c95a35ded79f', '50e4bdf2-d73b-415c-bd22-79f8477102d2', 80.0000, '573ba895-1241-4235-8937-9958b7827d33', 5.00, NULL, 2, '2026-05-23 03:14:00', '2026-05-23 03:14:00'),
('c7feebe4-2f46-4765-a212-e5ceefcce237', '2c792a52-7c4e-48f2-a7bd-19ff6f0fa848', 'ee2e1070-2bc3-4c6d-bcde-7c6be8a12ed5', 200.0000, '573ba895-1241-4235-8937-9958b7827d33', 20.00, NULL, 1, '2026-05-23 03:14:00', '2026-05-23 03:14:00'),
('cb60a6fe-3838-455b-b8f3-e75fc0e7f321', '1fe02d1f-73b2-473b-ad0e-96c3c4fdf0b4', '22ad6310-d681-4cce-a353-214bb9aaf5b6', 15.0000, '787c7a73-e895-466f-822b-b24721613f22', 0.00, NULL, 8, '2026-05-23 03:14:00', '2026-05-23 03:14:00'),
('d575ac0e-faf4-4ffd-beab-41d886b08856', '1edd6f35-6ac7-4a01-8b2c-2d579f04aad5', '25648899-ccc3-4a45-8fbf-e10cc4a87d66', 300.0000, '573ba895-1241-4235-8937-9958b7827d33', 0.00, 'Cut into pieces', 1, '2026-05-23 03:14:00', '2026-05-23 03:14:00'),
('d6f8762b-5c3c-4e2d-95df-91351beb6370', 'd01aa6d0-5e6a-47bc-80d3-2e38fd26ff84', '0c3ddb0b-e4ce-41bc-9778-5d4c00ba2e1c', 2.0000, '135d56f1-e047-459a-a5e0-260ed2c646d9', 0.00, NULL, 1, '2026-05-23 03:14:00', '2026-05-23 03:14:00'),
('d75f7f22-0aa8-4b71-804d-0a1708c18178', '49d077b0-0d38-484e-a412-dd267e21a3e9', 'ffff33ea-09d2-4834-950b-b9f96e7ebdbd', 30.0000, '573ba895-1241-4235-8937-9958b7827d33', 0.00, NULL, 2, '2026-05-23 03:14:00', '2026-05-23 03:14:00'),
('d96ecea6-5aca-4a95-9679-e59a0935b81f', '349a8518-129e-4225-a400-cc702bfc1c3c', 'c0e26b88-77b5-4a58-ac52-ddbf02482c62', 0.2500, 'bacdb581-2cb1-41eb-91e7-ba71e367553b', 0.00, NULL, 0, '2026-05-23 03:14:07', '2026-05-23 03:14:07'),
('de238e4a-53f4-4d07-bc53-b0e4778c571a', '0328e64a-6c50-44b6-9434-3804d62e2663', 'c0e26b88-77b5-4a58-ac52-ddbf02482c62', 0.1500, 'bacdb581-2cb1-41eb-91e7-ba71e367553b', 0.00, NULL, 0, '2026-05-23 03:14:07', '2026-05-23 03:14:07'),
('e0058a96-b87d-417e-84a2-7b6a6eecfbc2', '74997a70-1e10-4f79-b8be-69344528f4cb', '91643558-1c23-4463-98d5-ea0ac9d5a765', 3.0000, '573ba895-1241-4235-8937-9958b7827d33', 0.00, NULL, 1, '2026-05-23 03:14:00', '2026-05-23 03:14:00'),
('e083b9c5-7043-47ce-a8c9-9bc1347b8d1d', '90395560-e102-4855-ab31-456a0c7bd692', 'd4412092-df4e-455e-9188-fd11c6dffcd5', 0.0180, '7ee4c650-fae3-4a85-a8cd-74e3049fa828', 0.00, NULL, 0, '2026-05-23 03:14:07', '2026-05-23 03:14:07'),
('ea2cbd12-cb85-4a15-8c30-1174fef24be6', '4b00a533-73f1-4b22-ba3e-7134512a5ccc', 'c0e26b88-77b5-4a58-ac52-ddbf02482c62', 0.2000, 'bacdb581-2cb1-41eb-91e7-ba71e367553b', 0.00, NULL, 0, '2026-05-23 03:14:07', '2026-05-23 03:14:07'),
('ec6ffd3d-f7bd-4bfc-a0c4-4306a222f3b3', 'e611c816-b27f-4dc0-9029-f8b8912283f2', 'c0e26b88-77b5-4a58-ac52-ddbf02482c62', 0.2000, 'bacdb581-2cb1-41eb-91e7-ba71e367553b', 0.00, NULL, 0, '2026-05-23 03:14:07', '2026-05-23 03:14:07'),
('f0b83c6f-4a98-4ca3-968b-fbd37415128a', 'cca25d0d-be78-4c03-9dbd-c95a35ded79f', 'fa762fd6-3198-4212-951a-fc113214b5b3', 2.0000, '573ba895-1241-4235-8937-9958b7827d33', 0.00, NULL, 10, '2026-05-23 03:14:00', '2026-05-23 03:14:00'),
('f21911a6-4ed5-4f54-9e4c-425895caa7a9', 'd01aa6d0-5e6a-47bc-80d3-2e38fd26ff84', 'c8313166-6f5f-4402-bc57-6aeaded7eb49', 15.0000, '573ba895-1241-4235-8937-9958b7827d33', 0.00, NULL, 4, '2026-05-23 03:14:00', '2026-05-23 03:14:00'),
('f2e2ee79-cdda-48e3-a8f4-c5ca2e46fb19', '2d7ded0e-6278-4570-9fd7-f505a8d2f8c7', '91643558-1c23-4463-98d5-ea0ac9d5a765', 0.0030, '7ee4c650-fae3-4a85-a8cd-74e3049fa828', 0.00, NULL, 0, '2026-05-23 03:14:07', '2026-05-23 03:14:07'),
('f45a9a5b-5d88-4496-827a-11392a6492bf', '1fe02d1f-73b2-473b-ad0e-96c3c4fdf0b4', '6c31aa1f-53e9-4bdb-8b17-c0bfa31eb681', 2.0000, '573ba895-1241-4235-8937-9958b7827d33', 0.00, NULL, 6, '2026-05-23 03:14:00', '2026-05-23 03:14:00'),
('f45b05af-d618-4ddc-a582-4f93192400a8', 'd01aa6d0-5e6a-47bc-80d3-2e38fd26ff84', 'f1a251f8-abea-4798-b680-bb094dcd53e1', 80.0000, '573ba895-1241-4235-8937-9958b7827d33', 10.00, NULL, 3, '2026-05-23 03:14:00', '2026-05-23 03:14:00'),
('f9142822-f099-47b3-8476-4a3fd56cf892', 'cca25d0d-be78-4c03-9dbd-c95a35ded79f', 'b542502f-e31e-4ec1-a723-fb245315fa11', 20.0000, '787c7a73-e895-466f-822b-b24721613f22', 0.00, NULL, 7, '2026-05-23 03:14:00', '2026-05-23 03:14:00'),
('f9455d07-1637-4dd5-9112-c4481193af9d', 'e599bf32-2cd7-418a-9ec6-7a041074b478', '196dab25-6699-49e8-aff8-853d49ca3dc5', 0.0200, '7ee4c650-fae3-4a85-a8cd-74e3049fa828', 0.00, NULL, 0, '2026-05-23 03:14:07', '2026-05-23 03:14:07'),
('fbd38816-911e-4ead-8d9e-d102b23dc3dd', '83fdcfcb-2d7d-4568-9620-4204dd621ab7', '08b1289b-80fb-43ad-ad09-7297baf82931', 5.0000, '787c7a73-e895-466f-822b-b24721613f22', 0.00, NULL, 6, '2026-05-23 03:14:00', '2026-05-23 03:14:00'),
('fea674cc-39c5-49e1-bb1f-f973d7be11a1', '2c792a52-7c4e-48f2-a7bd-19ff6f0fa848', '58217759-5292-40c1-abae-bd5a2dd71152', 300.0000, '787c7a73-e895-466f-822b-b24721613f22', 0.00, 'For deep frying', 2, '2026-05-23 03:14:00', '2026-05-23 03:14:00');

-- --------------------------------------------------------

--
-- Table structure for table `roles`
--

CREATE TABLE `roles` (
  `id` char(36) NOT NULL,
  `tenant_id` char(36) DEFAULT NULL,
  `name` varchar(100) NOT NULL,
  `slug` varchar(100) NOT NULL,
  `description` text DEFAULT NULL,
  `is_system` tinyint(1) NOT NULL DEFAULT 0,
  `created_at` timestamp NULL DEFAULT NULL,
  `updated_at` timestamp NULL DEFAULT NULL
) ENGINE=InnoDB DEFAULT CHARSET=utf8mb4 COLLATE=utf8mb4_unicode_ci;

--
-- Dumping data for table `roles`
--

INSERT INTO `roles` (`id`, `tenant_id`, `name`, `slug`, `description`, `is_system`, `created_at`, `updated_at`) VALUES
('06093b77-2ab8-4402-ae18-b374667a1aa4', NULL, 'Cashier', 'cashier', 'POS operations', 1, '2026-05-23 03:13:56', '2026-05-23 03:13:56'),
('6efb3a4a-6516-4b14-852e-fafead5dffd7', 'f00c6132-72db-41f2-b0a5-7a46d60c4c83', 'Tenant Owner', 'tenant-owner', 'Full access to tenant', 0, '2026-05-23 03:14:08', '2026-05-23 03:14:08'),
('6eff363c-46a3-48c5-9ebb-893fb66812db', NULL, 'Kitchen Staff', 'kitchen-staff', 'Kitchen display access', 1, '2026-05-23 03:13:56', '2026-05-23 03:13:56'),
('7c392f92-9749-43f7-9e08-598b7b52b356', NULL, 'Tenant Owner', 'tenant-owner', 'Full access to tenant resources', 1, '2026-05-23 03:13:56', '2026-05-23 03:13:56'),
('84df5d1d-caca-4c39-8026-4eaec2d03ad5', NULL, 'Outlet Manager', 'outlet-manager', 'Manage outlet operations', 1, '2026-05-23 03:13:56', '2026-05-23 03:13:56'),
('8877effe-0cce-4012-aa0e-eb71cd9fada8', '6ce03976-d6e9-4cfb-8012-f0e7e896e593', 'Tenant Owner', 'tenant-owner', 'Full access to tenant', 0, '2026-05-23 03:14:08', '2026-05-23 03:14:08'),
('ba3326e8-5428-410f-ae08-25e269c97f9a', NULL, 'Waiter', 'waiter', 'Take orders and serve tables', 1, '2026-05-23 03:13:56', '2026-05-23 03:13:56'),
('d23874f3-22d0-431c-8e77-6694c3043400', 'dd26a475-5821-4af2-8dfc-23145ba0b321', 'Tenant Owner', 'tenant-owner', 'Full access to tenant', 0, '2026-05-23 03:14:08', '2026-05-23 03:14:08'),
('d3441f26-b560-4d68-8bab-5c7aa48b72c3', '3645870b-a5b6-4e70-bfa6-0fb17f258ba3', 'Tenant Owner', 'tenant-owner', 'Full access to tenant', 0, '2026-05-23 03:14:08', '2026-05-23 03:14:08'),
('e3111a6b-941d-48ec-8c7c-b08d51924e05', NULL, 'Super Admin', 'super-admin', 'Full system access', 1, '2026-05-23 03:13:56', '2026-05-23 03:13:56');

-- --------------------------------------------------------

--
-- Table structure for table `role_permissions`
--

CREATE TABLE `role_permissions` (
  `role_id` char(36) NOT NULL,
  `permission_id` char(36) NOT NULL
) ENGINE=InnoDB DEFAULT CHARSET=utf8mb4 COLLATE=utf8mb4_unicode_ci;

--
-- Dumping data for table `role_permissions`
--

INSERT INTO `role_permissions` (`role_id`, `permission_id`) VALUES
('06093b77-2ab8-4402-ae18-b374667a1aa4', '1d5078d6-c109-4163-aa31-0de201f4f544'),
('06093b77-2ab8-4402-ae18-b374667a1aa4', '2b943454-d47e-48f9-a3a6-f894639800a6'),
('06093b77-2ab8-4402-ae18-b374667a1aa4', '5205d211-2f6e-4169-9bed-261a1916e401'),
('06093b77-2ab8-4402-ae18-b374667a1aa4', '6c1dcbc8-1dc9-4bea-8073-d2969f6f79ce'),
('06093b77-2ab8-4402-ae18-b374667a1aa4', '862db82b-dd70-43c5-9d2d-30eb244607a9'),
('06093b77-2ab8-4402-ae18-b374667a1aa4', 'ddca82bc-90cd-4dcd-8a0d-a9e4a7fc5a30'),
('06093b77-2ab8-4402-ae18-b374667a1aa4', 'e5854f0e-9384-41c9-b160-e883ff87320e'),
('06093b77-2ab8-4402-ae18-b374667a1aa4', 'e5c77b57-039d-4338-ae21-16c276b0c8a4'),
('6eff363c-46a3-48c5-9ebb-893fb66812db', '8878e14f-9c43-4dc4-a871-c1c3b508a992'),
('6eff363c-46a3-48c5-9ebb-893fb66812db', 'ddca82bc-90cd-4dcd-8a0d-a9e4a7fc5a30'),
('7c392f92-9749-43f7-9e08-598b7b52b356', '08e47686-c1a4-497d-8452-b04c23f3113b'),
('7c392f92-9749-43f7-9e08-598b7b52b356', '09c00130-9cbc-4640-ade9-3f380f83c533'),
('7c392f92-9749-43f7-9e08-598b7b52b356', '0e362f73-cfb8-438b-a9ad-6ec0df63e8e6'),
('7c392f92-9749-43f7-9e08-598b7b52b356', '0e3fea5f-4353-4079-9156-ec6e9e07bac1'),
('7c392f92-9749-43f7-9e08-598b7b52b356', '1402f13b-470e-4dfa-84dc-02780f4186a5'),
('7c392f92-9749-43f7-9e08-598b7b52b356', '1d5078d6-c109-4163-aa31-0de201f4f544'),
('7c392f92-9749-43f7-9e08-598b7b52b356', '20c313c1-eb57-4521-b052-eca08f8f5d51'),
('7c392f92-9749-43f7-9e08-598b7b52b356', '2b35e743-af15-4c34-8688-7cb8450f7e2c'),
('7c392f92-9749-43f7-9e08-598b7b52b356', '2b943454-d47e-48f9-a3a6-f894639800a6'),
('7c392f92-9749-43f7-9e08-598b7b52b356', '32467cbb-d040-421b-ba56-05b856bb4071'),
('7c392f92-9749-43f7-9e08-598b7b52b356', '3279c533-c178-4bd0-b475-f7f7714f9a81'),
('7c392f92-9749-43f7-9e08-598b7b52b356', '35ba69ee-f8f1-4100-aaea-2063f75d2864'),
('7c392f92-9749-43f7-9e08-598b7b52b356', '429a85f9-6b07-4c3b-ab92-e3f7b918f6f4'),
('7c392f92-9749-43f7-9e08-598b7b52b356', '4820a9af-e331-4cae-8b5a-7909501ede88'),
('7c392f92-9749-43f7-9e08-598b7b52b356', '49f57287-8449-43b7-9e01-62051ef9a116'),
('7c392f92-9749-43f7-9e08-598b7b52b356', '4a682eea-5fbb-4550-bca1-ac0da5891ae5'),
('7c392f92-9749-43f7-9e08-598b7b52b356', '4f9d9185-fb43-4c20-bfd4-c9e2f5de2722'),
('7c392f92-9749-43f7-9e08-598b7b52b356', '5205d211-2f6e-4169-9bed-261a1916e401'),
('7c392f92-9749-43f7-9e08-598b7b52b356', '560761bc-7685-441e-bd27-d555f2f6ea06'),
('7c392f92-9749-43f7-9e08-598b7b52b356', '639a84ed-6d8d-4a5a-9f7a-82c740588c8a'),
('7c392f92-9749-43f7-9e08-598b7b52b356', '63b5e65c-f6c9-4423-ada5-7e3dac89993e'),
('7c392f92-9749-43f7-9e08-598b7b52b356', '6c1dcbc8-1dc9-4bea-8073-d2969f6f79ce'),
('7c392f92-9749-43f7-9e08-598b7b52b356', '6c1ddb2f-6b5e-4cde-896e-bd3759854f2a'),
('7c392f92-9749-43f7-9e08-598b7b52b356', '7c245635-4965-4de9-a9ae-14f94ee82dd6'),
('7c392f92-9749-43f7-9e08-598b7b52b356', '81eab4b6-1b99-45e6-ac73-2ba8b1f7cde6'),
('7c392f92-9749-43f7-9e08-598b7b52b356', '82c72087-60cb-4343-a9ec-ce70c0ed440f'),
('7c392f92-9749-43f7-9e08-598b7b52b356', '831faf09-4ea0-4d49-8076-846cc13d7a41'),
('7c392f92-9749-43f7-9e08-598b7b52b356', '862db82b-dd70-43c5-9d2d-30eb244607a9'),
('7c392f92-9749-43f7-9e08-598b7b52b356', '8878e14f-9c43-4dc4-a871-c1c3b508a992'),
('7c392f92-9749-43f7-9e08-598b7b52b356', '93bf24e9-fd9d-43a2-815e-3a856e6e016c'),
('7c392f92-9749-43f7-9e08-598b7b52b356', '99dc13bc-e362-4d84-9bf0-26395e8f88a7'),
('7c392f92-9749-43f7-9e08-598b7b52b356', 'a171ad1d-3458-4889-8f2c-51ef65fe0c00'),
('7c392f92-9749-43f7-9e08-598b7b52b356', 'b5468c3a-5289-49ad-9009-2cec30145976'),
('7c392f92-9749-43f7-9e08-598b7b52b356', 'bc8f8261-f0fb-43a2-81ba-11f8e7ac3229'),
('7c392f92-9749-43f7-9e08-598b7b52b356', 'c083b9c7-c543-4708-90bf-b25cafcf8fe0'),
('7c392f92-9749-43f7-9e08-598b7b52b356', 'c0cae63d-975b-4534-bb30-1350e4e592b5'),
('7c392f92-9749-43f7-9e08-598b7b52b356', 'c75c976b-b3e3-42c2-8e7f-f33fa812a06e'),
('7c392f92-9749-43f7-9e08-598b7b52b356', 'c83962f6-a07f-483e-b307-1b3beaf4704d'),
('7c392f92-9749-43f7-9e08-598b7b52b356', 'c9633f8a-5b08-43cc-8632-ef8d545ef15d'),
('7c392f92-9749-43f7-9e08-598b7b52b356', 'cf9d05c6-655e-4bcd-ae1e-fbf3816abd91'),
('7c392f92-9749-43f7-9e08-598b7b52b356', 'ddca82bc-90cd-4dcd-8a0d-a9e4a7fc5a30'),
('7c392f92-9749-43f7-9e08-598b7b52b356', 'e5854f0e-9384-41c9-b160-e883ff87320e'),
('7c392f92-9749-43f7-9e08-598b7b52b356', 'e5c77b57-039d-4338-ae21-16c276b0c8a4'),
('7c392f92-9749-43f7-9e08-598b7b52b356', 'ec4c88f6-b2ab-408b-8031-be0f30abcdb1'),
('7c392f92-9749-43f7-9e08-598b7b52b356', 'f06cfbb2-10d9-4a10-b9d8-5c20f4742ecc'),
('7c392f92-9749-43f7-9e08-598b7b52b356', 'f0ba9c03-653d-4d49-9f22-853166f600ac'),
('7c392f92-9749-43f7-9e08-598b7b52b356', 'fc8fa0ff-30a8-4fbd-a904-8966d9bb7329'),
('84df5d1d-caca-4c39-8026-4eaec2d03ad5', '08e47686-c1a4-497d-8452-b04c23f3113b'),
('84df5d1d-caca-4c39-8026-4eaec2d03ad5', '09c00130-9cbc-4640-ade9-3f380f83c533'),
('84df5d1d-caca-4c39-8026-4eaec2d03ad5', '0e362f73-cfb8-438b-a9ad-6ec0df63e8e6'),
('84df5d1d-caca-4c39-8026-4eaec2d03ad5', '0e3fea5f-4353-4079-9156-ec6e9e07bac1'),
('84df5d1d-caca-4c39-8026-4eaec2d03ad5', '1402f13b-470e-4dfa-84dc-02780f4186a5'),
('84df5d1d-caca-4c39-8026-4eaec2d03ad5', '1d5078d6-c109-4163-aa31-0de201f4f544'),
('84df5d1d-caca-4c39-8026-4eaec2d03ad5', '2b943454-d47e-48f9-a3a6-f894639800a6'),
('84df5d1d-caca-4c39-8026-4eaec2d03ad5', '32467cbb-d040-421b-ba56-05b856bb4071'),
('84df5d1d-caca-4c39-8026-4eaec2d03ad5', '35ba69ee-f8f1-4100-aaea-2063f75d2864'),
('84df5d1d-caca-4c39-8026-4eaec2d03ad5', '4820a9af-e331-4cae-8b5a-7909501ede88'),
('84df5d1d-caca-4c39-8026-4eaec2d03ad5', '5205d211-2f6e-4169-9bed-261a1916e401'),
('84df5d1d-caca-4c39-8026-4eaec2d03ad5', '560761bc-7685-441e-bd27-d555f2f6ea06'),
('84df5d1d-caca-4c39-8026-4eaec2d03ad5', '639a84ed-6d8d-4a5a-9f7a-82c740588c8a'),
('84df5d1d-caca-4c39-8026-4eaec2d03ad5', '6c1dcbc8-1dc9-4bea-8073-d2969f6f79ce'),
('84df5d1d-caca-4c39-8026-4eaec2d03ad5', '6c1ddb2f-6b5e-4cde-896e-bd3759854f2a'),
('84df5d1d-caca-4c39-8026-4eaec2d03ad5', '7c245635-4965-4de9-a9ae-14f94ee82dd6'),
('84df5d1d-caca-4c39-8026-4eaec2d03ad5', '81eab4b6-1b99-45e6-ac73-2ba8b1f7cde6'),
('84df5d1d-caca-4c39-8026-4eaec2d03ad5', '831faf09-4ea0-4d49-8076-846cc13d7a41'),
('84df5d1d-caca-4c39-8026-4eaec2d03ad5', '862db82b-dd70-43c5-9d2d-30eb244607a9'),
('84df5d1d-caca-4c39-8026-4eaec2d03ad5', '8878e14f-9c43-4dc4-a871-c1c3b508a992'),
('84df5d1d-caca-4c39-8026-4eaec2d03ad5', '99dc13bc-e362-4d84-9bf0-26395e8f88a7'),
('84df5d1d-caca-4c39-8026-4eaec2d03ad5', 'a171ad1d-3458-4889-8f2c-51ef65fe0c00'),
('84df5d1d-caca-4c39-8026-4eaec2d03ad5', 'bc8f8261-f0fb-43a2-81ba-11f8e7ac3229'),
('84df5d1d-caca-4c39-8026-4eaec2d03ad5', 'c083b9c7-c543-4708-90bf-b25cafcf8fe0'),
('84df5d1d-caca-4c39-8026-4eaec2d03ad5', 'c0cae63d-975b-4534-bb30-1350e4e592b5'),
('84df5d1d-caca-4c39-8026-4eaec2d03ad5', 'c83962f6-a07f-483e-b307-1b3beaf4704d'),
('84df5d1d-caca-4c39-8026-4eaec2d03ad5', 'c9633f8a-5b08-43cc-8632-ef8d545ef15d'),
('84df5d1d-caca-4c39-8026-4eaec2d03ad5', 'ddca82bc-90cd-4dcd-8a0d-a9e4a7fc5a30'),
('84df5d1d-caca-4c39-8026-4eaec2d03ad5', 'e5854f0e-9384-41c9-b160-e883ff87320e'),
('84df5d1d-caca-4c39-8026-4eaec2d03ad5', 'e5c77b57-039d-4338-ae21-16c276b0c8a4'),
('84df5d1d-caca-4c39-8026-4eaec2d03ad5', 'f06cfbb2-10d9-4a10-b9d8-5c20f4742ecc'),
('84df5d1d-caca-4c39-8026-4eaec2d03ad5', 'f0ba9c03-653d-4d49-9f22-853166f600ac'),
('84df5d1d-caca-4c39-8026-4eaec2d03ad5', 'fc8fa0ff-30a8-4fbd-a904-8966d9bb7329'),
('ba3326e8-5428-410f-ae08-25e269c97f9a', '5205d211-2f6e-4169-9bed-261a1916e401'),
('ba3326e8-5428-410f-ae08-25e269c97f9a', '6c1dcbc8-1dc9-4bea-8073-d2969f6f79ce'),
('ba3326e8-5428-410f-ae08-25e269c97f9a', 'ddca82bc-90cd-4dcd-8a0d-a9e4a7fc5a30'),
('ba3326e8-5428-410f-ae08-25e269c97f9a', 'e5854f0e-9384-41c9-b160-e883ff87320e'),
('ba3326e8-5428-410f-ae08-25e269c97f9a', 'f06cfbb2-10d9-4a10-b9d8-5c20f4742ecc'),
('e3111a6b-941d-48ec-8c7c-b08d51924e05', '08e47686-c1a4-497d-8452-b04c23f3113b'),
('e3111a6b-941d-48ec-8c7c-b08d51924e05', '09c00130-9cbc-4640-ade9-3f380f83c533'),
('e3111a6b-941d-48ec-8c7c-b08d51924e05', '0e362f73-cfb8-438b-a9ad-6ec0df63e8e6'),
('e3111a6b-941d-48ec-8c7c-b08d51924e05', '0e3fea5f-4353-4079-9156-ec6e9e07bac1'),
('e3111a6b-941d-48ec-8c7c-b08d51924e05', '1402f13b-470e-4dfa-84dc-02780f4186a5'),
('e3111a6b-941d-48ec-8c7c-b08d51924e05', '1d5078d6-c109-4163-aa31-0de201f4f544'),
('e3111a6b-941d-48ec-8c7c-b08d51924e05', '20c313c1-eb57-4521-b052-eca08f8f5d51'),
('e3111a6b-941d-48ec-8c7c-b08d51924e05', '2b35e743-af15-4c34-8688-7cb8450f7e2c'),
('e3111a6b-941d-48ec-8c7c-b08d51924e05', '2b943454-d47e-48f9-a3a6-f894639800a6'),
('e3111a6b-941d-48ec-8c7c-b08d51924e05', '32467cbb-d040-421b-ba56-05b856bb4071'),
('e3111a6b-941d-48ec-8c7c-b08d51924e05', '3279c533-c178-4bd0-b475-f7f7714f9a81'),
('e3111a6b-941d-48ec-8c7c-b08d51924e05', '35ba69ee-f8f1-4100-aaea-2063f75d2864'),
('e3111a6b-941d-48ec-8c7c-b08d51924e05', '429a85f9-6b07-4c3b-ab92-e3f7b918f6f4'),
('e3111a6b-941d-48ec-8c7c-b08d51924e05', '4820a9af-e331-4cae-8b5a-7909501ede88'),
('e3111a6b-941d-48ec-8c7c-b08d51924e05', '49f57287-8449-43b7-9e01-62051ef9a116'),
('e3111a6b-941d-48ec-8c7c-b08d51924e05', '4a682eea-5fbb-4550-bca1-ac0da5891ae5'),
('e3111a6b-941d-48ec-8c7c-b08d51924e05', '4f9d9185-fb43-4c20-bfd4-c9e2f5de2722'),
('e3111a6b-941d-48ec-8c7c-b08d51924e05', '5205d211-2f6e-4169-9bed-261a1916e401'),
('e3111a6b-941d-48ec-8c7c-b08d51924e05', '560761bc-7685-441e-bd27-d555f2f6ea06'),
('e3111a6b-941d-48ec-8c7c-b08d51924e05', '639a84ed-6d8d-4a5a-9f7a-82c740588c8a'),
('e3111a6b-941d-48ec-8c7c-b08d51924e05', '63b5e65c-f6c9-4423-ada5-7e3dac89993e'),
('e3111a6b-941d-48ec-8c7c-b08d51924e05', '6c1dcbc8-1dc9-4bea-8073-d2969f6f79ce'),
('e3111a6b-941d-48ec-8c7c-b08d51924e05', '6c1ddb2f-6b5e-4cde-896e-bd3759854f2a'),
('e3111a6b-941d-48ec-8c7c-b08d51924e05', '7c245635-4965-4de9-a9ae-14f94ee82dd6'),
('e3111a6b-941d-48ec-8c7c-b08d51924e05', '81eab4b6-1b99-45e6-ac73-2ba8b1f7cde6'),
('e3111a6b-941d-48ec-8c7c-b08d51924e05', '82c72087-60cb-4343-a9ec-ce70c0ed440f'),
('e3111a6b-941d-48ec-8c7c-b08d51924e05', '831faf09-4ea0-4d49-8076-846cc13d7a41'),
('e3111a6b-941d-48ec-8c7c-b08d51924e05', '862db82b-dd70-43c5-9d2d-30eb244607a9'),
('e3111a6b-941d-48ec-8c7c-b08d51924e05', '8878e14f-9c43-4dc4-a871-c1c3b508a992'),
('e3111a6b-941d-48ec-8c7c-b08d51924e05', '93bf24e9-fd9d-43a2-815e-3a856e6e016c'),
('e3111a6b-941d-48ec-8c7c-b08d51924e05', '99dc13bc-e362-4d84-9bf0-26395e8f88a7'),
('e3111a6b-941d-48ec-8c7c-b08d51924e05', 'a171ad1d-3458-4889-8f2c-51ef65fe0c00'),
('e3111a6b-941d-48ec-8c7c-b08d51924e05', 'b5468c3a-5289-49ad-9009-2cec30145976'),
('e3111a6b-941d-48ec-8c7c-b08d51924e05', 'bc8f8261-f0fb-43a2-81ba-11f8e7ac3229'),
('e3111a6b-941d-48ec-8c7c-b08d51924e05', 'c083b9c7-c543-4708-90bf-b25cafcf8fe0'),
('e3111a6b-941d-48ec-8c7c-b08d51924e05', 'c0cae63d-975b-4534-bb30-1350e4e592b5'),
('e3111a6b-941d-48ec-8c7c-b08d51924e05', 'c75c976b-b3e3-42c2-8e7f-f33fa812a06e'),
('e3111a6b-941d-48ec-8c7c-b08d51924e05', 'c83962f6-a07f-483e-b307-1b3beaf4704d'),
('e3111a6b-941d-48ec-8c7c-b08d51924e05', 'c9633f8a-5b08-43cc-8632-ef8d545ef15d'),
('e3111a6b-941d-48ec-8c7c-b08d51924e05', 'cf9d05c6-655e-4bcd-ae1e-fbf3816abd91'),
('e3111a6b-941d-48ec-8c7c-b08d51924e05', 'ddca82bc-90cd-4dcd-8a0d-a9e4a7fc5a30'),
('e3111a6b-941d-48ec-8c7c-b08d51924e05', 'e5854f0e-9384-41c9-b160-e883ff87320e'),
('e3111a6b-941d-48ec-8c7c-b08d51924e05', 'e5c77b57-039d-4338-ae21-16c276b0c8a4'),
('e3111a6b-941d-48ec-8c7c-b08d51924e05', 'ec4c88f6-b2ab-408b-8031-be0f30abcdb1'),
('e3111a6b-941d-48ec-8c7c-b08d51924e05', 'f06cfbb2-10d9-4a10-b9d8-5c20f4742ecc'),
('e3111a6b-941d-48ec-8c7c-b08d51924e05', 'f0ba9c03-653d-4d49-9f22-853166f600ac'),
('e3111a6b-941d-48ec-8c7c-b08d51924e05', 'fc8fa0ff-30a8-4fbd-a904-8966d9bb7329');

-- --------------------------------------------------------

--
-- Table structure for table `sessions`
--

CREATE TABLE `sessions` (
  `id` varchar(255) NOT NULL,
  `user_id` char(36) DEFAULT NULL,
  `ip_address` varchar(45) DEFAULT NULL,
  `user_agent` text DEFAULT NULL,
  `payload` longtext NOT NULL,
  `last_activity` int(11) NOT NULL
) ENGINE=InnoDB DEFAULT CHARSET=utf8mb4 COLLATE=utf8mb4_unicode_ci;

--
-- Dumping data for table `sessions`
--

INSERT INTO `sessions` (`id`, `user_id`, `ip_address`, `user_agent`, `payload`, `last_activity`) VALUES
('0CvJhtUz4tsIhDkRNxObVEh6ovHY6hPwuVc9nmwx', NULL, '49.233.45.47', 'Mozilla/5.0 (iPhone; CPU iPhone OS 13_2_3 like Mac OS X) AppleWebKit/605.1.15 (KHTML, like Gecko) Version/13.0.3 Mobile/15E148 Safari/604.1', 'YTo0OntzOjY6Il90b2tlbiI7czo0MDoiWXFvZ0dSSGtBQ3oweWJRR0hqS0Rub0xiWElHQTRVdnpjTVFEU0JVMSI7czo2OiJsb2NhbGUiO3M6MjoiZW4iO3M6OToiX3ByZXZpb3VzIjthOjI6e3M6MzoidXJsIjtzOjI1OiJodHRwOi8vd3d3Lmthc2lyc3RvcmUuY29tIjtzOjU6InJvdXRlIjtzOjc6ImxhbmRpbmciO31zOjY6Il9mbGFzaCI7YToyOntzOjM6Im9sZCI7YTowOnt9czozOiJuZXciO2E6MDp7fX19', 1780099759),
('19j2XoyMdNZeJLmcISbulOLnkJOMrvb7AOq3GyOW', NULL, '192.36.109.115', 'Mozilla/5.0 (X11; CrOS x86_64 14541.0.0) AppleWebKit/537.36 (KHTML, like Gecko) Chrome/121.0.0.0 Safari/537.3', 'YTo0OntzOjY6Il90b2tlbiI7czo0MDoiMjlWUzRTU0xkQnpxd1U5WVJkVDRIamtXS1ZvcUtMSllQUTRyaUc4TCI7czo2OiJsb2NhbGUiO3M6MjoiZW4iO3M6OToiX3ByZXZpb3VzIjthOjI6e3M6MzoidXJsIjtzOjI5OiJodHRwOi8va2FzaXJzdG9yZS5jb20vcHJpdmFjeSI7czo1OiJyb3V0ZSI7czo3OiJwcml2YWN5Ijt9czo2OiJfZmxhc2giO2E6Mjp7czozOiJvbGQiO2E6MDp7fXM6MzoibmV3IjthOjA6e319fQ==', 1780012049),
('2ESN3R5xgHEoJr61f00zvhnceHzEX71rkqejNLIQ', NULL, '23.27.145.217', 'Mozilla/5.0 (X11; Linux i686; rv:109.0) Gecko/20100101 Firefox/120.0', 'YTo0OntzOjY6Il90b2tlbiI7czo0MDoiR2JQZGZwR291N3dTWDNwY0hJODBCNWdIbUlwUXNEbG9aOVpNa3RxdiI7czo2OiJsb2NhbGUiO3M6MjoiZW4iO3M6OToiX3ByZXZpb3VzIjthOjI6e3M6MzoidXJsIjtzOjIyOiJodHRwczovL2thc2lyc3RvcmUuY29tIjtzOjU6InJvdXRlIjtzOjc6ImxhbmRpbmciO31zOjY6Il9mbGFzaCI7YToyOntzOjM6Im9sZCI7YTowOnt9czozOiJuZXciO2E6MDp7fX19', 1780053071),
('4lQ1TPbmgFT1WAJ31ivYDfPSg6UrovrOykLAiWP9', NULL, '49.51.196.42', 'Mozilla/5.0 (iPhone; CPU iPhone OS 13_2_3 like Mac OS X) AppleWebKit/605.1.15 (KHTML, like Gecko) Version/13.0.3 Mobile/15E148 Safari/604.1', 'YTo0OntzOjY6Il90b2tlbiI7czo0MDoiWkN1SGd6bVVZUnNPbmV3ajU3U1VBbms0Tm5NUFJJc2h0UXpjRGhQQyI7czo2OiJsb2NhbGUiO3M6MjoiZW4iO3M6OToiX3ByZXZpb3VzIjthOjI6e3M6MzoidXJsIjtzOjI1OiJodHRwOi8vd3d3Lmthc2lyc3RvcmUuY29tIjtzOjU6InJvdXRlIjtzOjc6ImxhbmRpbmciO31zOjY6Il9mbGFzaCI7YToyOntzOjM6Im9sZCI7YTowOnt9czozOiJuZXciO2E6MDp7fX19', 1780081405),
('7sTkPYyxmvFhywCHVVogAPIUycKS0p4KQvqrRYl4', NULL, '66.132.195.48', 'Mozilla/5.0 (compatible; CensysInspect/1.1; +https://about.censys.io/)', 'YTo0OntzOjY6Il90b2tlbiI7czo0MDoiNVNiUjNYRFhmb0VSeEdxYVVDcGMwNGpNQk1XanNqNFNvT2ZYeUYzaiI7czo2OiJsb2NhbGUiO3M6MjoiaWQiO3M6OToiX3ByZXZpb3VzIjthOjI6e3M6MzoidXJsIjtzOjQwOiJodHRwOi8va2FzaXJzdG9yZS5jb20ua3JlYXRpZmRpZ2l0YWwuY29tIjtzOjU6InJvdXRlIjtzOjc6ImxhbmRpbmciO31zOjY6Il9mbGFzaCI7YToyOntzOjM6Im9sZCI7YTowOnt9czozOiJuZXciO2E6MDp7fX19', 1780070812),
('7UmW8TBfFA34MRj23YQcpP8NuX2TlTVT4WHtqluR', NULL, '43.166.224.244', 'Mozilla/5.0 (iPhone; CPU iPhone OS 13_2_3 like Mac OS X) AppleWebKit/605.1.15 (KHTML, like Gecko) Version/13.0.3 Mobile/15E148 Safari/604.1', 'YTo0OntzOjY6Il90b2tlbiI7czo0MDoicHJVaFd2eUpmNEI4MTBmTUl4QTh2VUNmbE4wRzFGdk5EbVVrUzdjaiI7czo2OiJsb2NhbGUiO3M6MjoiZW4iO3M6OToiX3ByZXZpb3VzIjthOjI6e3M6MzoidXJsIjtzOjIxOiJodHRwOi8va2FzaXJzdG9yZS5jb20iO3M6NToicm91dGUiO3M6NzoibGFuZGluZyI7fXM6NjoiX2ZsYXNoIjthOjI6e3M6Mzoib2xkIjthOjA6e31zOjM6Im5ldyI7YTowOnt9fX0=', 1780033218),
('8snEAbFECpch7oPOa0T8nTXt5M2d2QDHZmwZrsEk', NULL, '170.106.15.3', 'Mozilla/5.0 (iPhone; CPU iPhone OS 13_2_3 like Mac OS X) AppleWebKit/605.1.15 (KHTML, like Gecko) Version/13.0.3 Mobile/15E148 Safari/604.1', 'YTo0OntzOjY6Il90b2tlbiI7czo0MDoiUHNReHl1aGVJS2xHNlphS2dLZ01wODNNZHBmd0xhWU1WUG5CQng4aSI7czo2OiJsb2NhbGUiO3M6MjoiZW4iO3M6OToiX3ByZXZpb3VzIjthOjI6e3M6MzoidXJsIjtzOjI5OiJodHRwOi8va2FzaXJzdG9yZS5jb20vcHJpY2luZyI7czo1OiJyb3V0ZSI7czo3OiJwcmljaW5nIjt9czo2OiJfZmxhc2giO2E6Mjp7czozOiJvbGQiO2E6MDp7fXM6MzoibmV3IjthOjA6e319fQ==', 1780008653),
('9jUW0W3mJtKO9B6ouWbs4bm4QxC7v4XuhDiMPfNX', NULL, '43.163.104.54', 'Mozilla/5.0 (iPhone; CPU iPhone OS 13_2_3 like Mac OS X) AppleWebKit/605.1.15 (KHTML, like Gecko) Version/13.0.3 Mobile/15E148 Safari/604.1', 'YTo0OntzOjY6Il90b2tlbiI7czo0MDoiNlJsR0t2eURIakdmSEpuQ2doVWZZTVVFa2RndVNlWncxS2FEcVFIYyI7czo2OiJsb2NhbGUiO3M6MjoiZW4iO3M6OToiX3ByZXZpb3VzIjthOjI6e3M6MzoidXJsIjtzOjIxOiJodHRwOi8va2FzaXJzdG9yZS5jb20iO3M6NToicm91dGUiO3M6NzoibGFuZGluZyI7fXM6NjoiX2ZsYXNoIjthOjI6e3M6Mzoib2xkIjthOjA6e31zOjM6Im5ldyI7YTowOnt9fX0=', 1780061511),
('a9rWG8ypGUnG3mZpUReiqVkzmD4sioXaw5YOzgkI', NULL, '192.36.109.129', 'Mozilla/5.0 (X11; CrOS x86_64 14541.0.0) AppleWebKit/537.36 (KHTML, like Gecko) Chrome/121.0.0.0 Safari/537.3', 'YTo0OntzOjY6Il90b2tlbiI7czo0MDoia0ZpSlpsT1ZtWkVTeFRpZzNJSHF3WjR1M3lOUmx0YkgwQXZ6NU5DSSI7czo2OiJsb2NhbGUiO3M6MjoiZW4iO3M6OToiX3ByZXZpb3VzIjthOjI6e3M6MzoidXJsIjtzOjMwOiJodHRwOi8va2FzaXJzdG9yZS5jb20vcmVnaXN0ZXIiO3M6NToicm91dGUiO3M6ODoicmVnaXN0ZXIiO31zOjY6Il9mbGFzaCI7YToyOntzOjM6Im9sZCI7YTowOnt9czozOiJuZXciO2E6MDp7fX19', 1780012047),
('ACHBRJAuEgkwyDZzUahe2aBceFU8U7sZKvLlNyuP', NULL, '199.45.154.136', 'Mozilla/5.0 (compatible; CensysInspect/1.1; +https://about.censys.io/)', 'YTo0OntzOjY6Il90b2tlbiI7czo0MDoiQk5LUmZlWDlMRHhuVFdleFVIaGhVZnZITGtDUU0yQVNRVmU2ZktFaSI7czo2OiJsb2NhbGUiO3M6MjoiaWQiO3M6OToiX3ByZXZpb3VzIjthOjI6e3M6MzoidXJsIjtzOjQ1OiJodHRwczovL3d3dy5rYXNpcnN0b3JlLmNvbS5rcmVhdGlmZGlnaXRhbC5jb20iO3M6NToicm91dGUiO3M6NzoibGFuZGluZyI7fXM6NjoiX2ZsYXNoIjthOjI6e3M6Mzoib2xkIjthOjA6e31zOjM6Im5ldyI7YTowOnt9fX0=', 1780021149),
('aqeFcq7EIB9w7NhVytYcFsHZ58zZpx8NYfeXdnQs', NULL, '74.7.227.22', 'Mozilla/5.0 AppleWebKit/537.36 (KHTML, like Gecko; compatible; GPTBot/1.4; +https://openai.com/gptbot)', 'YTo0OntzOjY6Il90b2tlbiI7czo0MDoieTdXak52ejFCN21rRTNNZmJPbTA3N0hSUURWaGVjVTRudEx3REd5TiI7czo2OiJsb2NhbGUiO3M6MjoiaWQiO3M6OToiX3ByZXZpb3VzIjthOjI6e3M6MzoidXJsIjtzOjIyOiJodHRwczovL2thc2lyc3RvcmUuY29tIjtzOjU6InJvdXRlIjtzOjc6ImxhbmRpbmciO31zOjY6Il9mbGFzaCI7YToyOntzOjM6Im9sZCI7YTowOnt9czozOiJuZXciO2E6MDp7fX19', 1780074246),
('arLI40d6UgMqFZR94Jt8IC78NEJ5n5P0W5mf3yOe', NULL, '116.26.226.214', 'User-Agent:Mozilla/5.0 (Windows NT 6.1; WOW64) AppleWebKit/537.36 (KHTML, like Gecko) Chrome/50.0.2661.102 Safari/537.36', 'YTo0OntzOjY6Il90b2tlbiI7czo0MDoiSnFxZHBoc3FaamEyS25lUGJ1YkdkbUo4cklESUlxQnA3SGtZcHg2MiI7czo2OiJsb2NhbGUiO3M6MjoiaWQiO3M6OToiX3ByZXZpb3VzIjthOjI6e3M6MzoidXJsIjtzOjIyOiJodHRwczovL2thc2lyc3RvcmUuY29tIjtzOjU6InJvdXRlIjtzOjc6ImxhbmRpbmciO31zOjY6Il9mbGFzaCI7YToyOntzOjM6Im9sZCI7YTowOnt9czozOiJuZXciO2E6MDp7fX19', 1780081660),
('bceHmLxgPk5Y8vCtI5XUsHyNiP17WhJIXrmvrWLt', NULL, '104.28.193.29', 'Mozilla/5.0 (Macintosh; Intel Mac OS X 10_15_7) AppleWebKit/537.36', 'YTo0OntzOjY6Il90b2tlbiI7czo0MDoiVENRMnRLbXYybzdGREZIQzkwZHFLQzZ2N1YyT3l4S3I5MjhCMG5EZSI7czo2OiJsb2NhbGUiO3M6MjoiaWQiO3M6OToiX3ByZXZpb3VzIjthOjI6e3M6MzoidXJsIjtzOjIyOiJodHRwczovL2thc2lyc3RvcmUuY29tIjtzOjU6InJvdXRlIjtzOjc6ImxhbmRpbmciO31zOjY6Il9mbGFzaCI7YToyOntzOjM6Im9sZCI7YTowOnt9czozOiJuZXciO2E6MDp7fX19', 1780103825),
('bmq3NIKIzPmDju3S00hHyBBLFZ6wxCYwKas6aEul', NULL, '49.51.183.220', 'Mozilla/5.0 (iPhone; CPU iPhone OS 13_2_3 like Mac OS X) AppleWebKit/605.1.15 (KHTML, like Gecko) Version/13.0.3 Mobile/15E148 Safari/604.1', 'YTo0OntzOjY6Il90b2tlbiI7czo0MDoiWnU0NlB6OVpmTkZPYXV1WUltd0ZueVQ0dWc2Z1pGRjFCbGpKQjk1cyI7czo2OiJsb2NhbGUiO3M6MjoiZW4iO3M6OToiX3ByZXZpb3VzIjthOjI6e3M6MzoidXJsIjtzOjIxOiJodHRwOi8va2FzaXJzdG9yZS5jb20iO3M6NToicm91dGUiO3M6NzoibGFuZGluZyI7fXM6NjoiX2ZsYXNoIjthOjI6e3M6Mzoib2xkIjthOjA6e31zOjM6Im5ldyI7YTowOnt9fX0=', 1780035648),
('BmsGDtgCjVvEVKwLOJ7hMe07WE2m99faxiTEWW8n', NULL, '107.189.13.253', 'Mozilla/5.0', 'YTo0OntzOjY6Il90b2tlbiI7czo0MDoiZXdlZHhUU3BuMWx2RkJSVGd2cU1SSkVmcmt0c0I3VHZ2NlM3dUJseSI7czo2OiJsb2NhbGUiO3M6MjoiaWQiO3M6OToiX3ByZXZpb3VzIjthOjI6e3M6MzoidXJsIjtzOjIyOiJodHRwczovL2thc2lyc3RvcmUuY29tIjtzOjU6InJvdXRlIjtzOjc6ImxhbmRpbmciO31zOjY6Il9mbGFzaCI7YToyOntzOjM6Im9sZCI7YTowOnt9czozOiJuZXciO2E6MDp7fX19', 1780065216),
('BVVIaQOqAvOuNBz2eEXPEzs44URz4zvAWmrOWEpZ', NULL, '43.131.39.179', 'Mozilla/5.0 (iPhone; CPU iPhone OS 13_2_3 like Mac OS X) AppleWebKit/605.1.15 (KHTML, like Gecko) Version/13.0.3 Mobile/15E148 Safari/604.1', 'YTo0OntzOjY6Il90b2tlbiI7czo0MDoidE9NenF4YmlSZ29MdDJDN2drbHRMV1E3UEVTSlVsakhuVFBTMlptViI7czo2OiJsb2NhbGUiO3M6MjoiZW4iO3M6OToiX3ByZXZpb3VzIjthOjI6e3M6MzoidXJsIjtzOjIxOiJodHRwOi8va2FzaXJzdG9yZS5jb20iO3M6NToicm91dGUiO3M6NzoibGFuZGluZyI7fXM6NjoiX2ZsYXNoIjthOjI6e3M6Mzoib2xkIjthOjA6e31zOjM6Im5ldyI7YTowOnt9fX0=', 1780010561),
('cGYnWDSt1OcAa7xtouVf2JNRI0tiiOR5rFXQxeyV', NULL, '74.7.227.154', 'Mozilla/5.0 AppleWebKit/537.36 (KHTML, like Gecko; compatible; GPTBot/1.4; +https://openai.com/gptbot)', 'YTo0OntzOjY6Il90b2tlbiI7czo0MDoiRnRicmtrTVpxcGhwaEFNa3dCTTlQeng1d3NpS1FNQW15UGVvQTBEbCI7czo2OiJsb2NhbGUiO3M6MjoiaWQiO3M6OToiX3ByZXZpb3VzIjthOjI6e3M6MzoidXJsIjtzOjI3OiJodHRwczovL21haWwua2FzaXJzdG9yZS5jb20iO3M6NToicm91dGUiO3M6NzoibGFuZGluZyI7fXM6NjoiX2ZsYXNoIjthOjI6e3M6Mzoib2xkIjthOjA6e31zOjM6Im5ldyI7YTowOnt9fX0=', 1780073806),
('cWdDSC7iPvgZs7vFuQWlMXNndzKXPcxs5JHPKJ83', NULL, '43.159.135.203', 'Mozilla/5.0 (iPhone; CPU iPhone OS 13_2_3 like Mac OS X) AppleWebKit/605.1.15 (KHTML, like Gecko) Version/13.0.3 Mobile/15E148 Safari/604.1', 'YTo0OntzOjY6Il90b2tlbiI7czo0MDoiaGU1YnZYaVhSdnhJeFVvVXFlR1c2cmdrYVlqNjZxT1hrQVphOGdjbiI7czo2OiJsb2NhbGUiO3M6MjoiZW4iO3M6OToiX3ByZXZpb3VzIjthOjI6e3M6MzoidXJsIjtzOjIxOiJodHRwOi8va2FzaXJzdG9yZS5jb20iO3M6NToicm91dGUiO3M6NzoibGFuZGluZyI7fXM6NjoiX2ZsYXNoIjthOjI6e3M6Mzoib2xkIjthOjA6e31zOjM6Im5ldyI7YTowOnt9fX0=', 1780008137),
('dCMOEf42ZkCn0PKdgZCoNSoZpE9tb3ibLCQpONOY', NULL, '43.128.149.102', 'Mozilla/5.0 (iPhone; CPU iPhone OS 13_2_3 like Mac OS X) AppleWebKit/605.1.15 (KHTML, like Gecko) Version/13.0.3 Mobile/15E148 Safari/604.1', 'YTo0OntzOjY6Il90b2tlbiI7czo0MDoieGNmVUs4ZzVlekZCNGJCelMzeVNHSkdKWDFTMGJ2eHhqdlRJOFd4YSI7czo2OiJsb2NhbGUiO3M6MjoiZW4iO3M6OToiX3ByZXZpb3VzIjthOjI6e3M6MzoidXJsIjtzOjI1OiJodHRwOi8vd3d3Lmthc2lyc3RvcmUuY29tIjtzOjU6InJvdXRlIjtzOjc6ImxhbmRpbmciO31zOjY6Il9mbGFzaCI7YToyOntzOjM6Im9sZCI7YTowOnt9czozOiJuZXciO2E6MDp7fX19', 1780066600),
('Dgve1y2qHKAb8ULQ2HLFzNJoeltoOpH7eN01AkMD', NULL, '66.132.172.219', 'Mozilla/5.0 (compatible; CensysInspect/1.1; +https://about.censys.io/)', 'YTo0OntzOjY6Il90b2tlbiI7czo0MDoidDdMaFNUNEJqVllXVHV3MURmTWdBVEhaYUc0N2R5Zlh5MzNXc0hCRSI7czo2OiJsb2NhbGUiO3M6MjoiaWQiO3M6OToiX3ByZXZpb3VzIjthOjI6e3M6MzoidXJsIjtzOjQ1OiJodHRwczovL3d3dy5rYXNpcnN0b3JlLmNvbS5rcmVhdGlmZGlnaXRhbC5jb20iO3M6NToicm91dGUiO3M6NzoibGFuZGluZyI7fXM6NjoiX2ZsYXNoIjthOjI6e3M6Mzoib2xkIjthOjA6e31zOjM6Im5ldyI7YTowOnt9fX0=', 1780069348),
('DlxiitP4OgHepIXmxTZlYdD8OoK1rMQlzGA9ZL54', NULL, '43.130.15.147', 'Mozilla/5.0 (iPhone; CPU iPhone OS 13_2_3 like Mac OS X) AppleWebKit/605.1.15 (KHTML, like Gecko) Version/13.0.3 Mobile/15E148 Safari/604.1', 'YTo0OntzOjY6Il90b2tlbiI7czo0MDoiQldOU0x3YXJoN2hYSHJjQXlVUEFPUGZhdFVBYW15bHhkRFhIeXFRUyI7czo2OiJsb2NhbGUiO3M6MjoiZW4iO3M6OToiX3ByZXZpb3VzIjthOjI6e3M6MzoidXJsIjtzOjI1OiJodHRwOi8vd3d3Lmthc2lyc3RvcmUuY29tIjtzOjU6InJvdXRlIjtzOjc6ImxhbmRpbmciO31zOjY6Il9mbGFzaCI7YToyOntzOjM6Im9sZCI7YTowOnt9czozOiJuZXciO2E6MDp7fX19', 1780007510),
('e3NFXvB3fY4CMID7ncPa40zDwB8GsOQlqBvplnKR', NULL, '43.156.204.134', 'Mozilla/5.0 (iPhone; CPU iPhone OS 13_2_3 like Mac OS X) AppleWebKit/605.1.15 (KHTML, like Gecko) Version/13.0.3 Mobile/15E148 Safari/604.1', 'YTo0OntzOjY6Il90b2tlbiI7czo0MDoiVFBjVnVaZGdyUlNXeFhJYkxpc1FpNm4xazJLeHNYOVBxeW44ZmtTUyI7czo2OiJsb2NhbGUiO3M6MjoiZW4iO3M6OToiX3ByZXZpb3VzIjthOjI6e3M6MzoidXJsIjtzOjI1OiJodHRwOi8vd3d3Lmthc2lyc3RvcmUuY29tIjtzOjU6InJvdXRlIjtzOjc6ImxhbmRpbmciO31zOjY6Il9mbGFzaCI7YToyOntzOjM6Im9sZCI7YTowOnt9czozOiJuZXciO2E6MDp7fX19', 1780047241),
('e4D7EljECVuGRG3aBVC3bRwmauh0mfxdp9WKm7E1', NULL, '43.156.114.184', 'Mozilla/5.0 (iPhone; CPU iPhone OS 13_2_3 like Mac OS X) AppleWebKit/605.1.15 (KHTML, like Gecko) Version/13.0.3 Mobile/15E148 Safari/604.1', 'YTo0OntzOjY6Il90b2tlbiI7czo0MDoiT0lrMmFLOEphMEJXMnp0Zks2azh3TW5QWjAxVHlGWGtIeHNDdFp3SCI7czo2OiJsb2NhbGUiO3M6MjoiZW4iO3M6OToiX3ByZXZpb3VzIjthOjI6e3M6MzoidXJsIjtzOjMzOiJodHRwOi8vd3d3Lmthc2lyc3RvcmUuY29tL3ByaXZhY3kiO3M6NToicm91dGUiO3M6NzoicHJpdmFjeSI7fXM6NjoiX2ZsYXNoIjthOjI6e3M6Mzoib2xkIjthOjA6e31zOjM6Im5ldyI7YTowOnt9fX0=', 1780006886),
('EiPkOVv64hq3AG7XTXX1sxu8XcoL6xhCGgkEmsOY', NULL, '43.167.241.46', 'Mozilla/5.0 (iPhone; CPU iPhone OS 13_2_3 like Mac OS X) AppleWebKit/605.1.15 (KHTML, like Gecko) Version/13.0.3 Mobile/15E148 Safari/604.1', 'YTo0OntzOjY6Il90b2tlbiI7czo0MDoiREpOa3RoQzI2cWgyWWY1ZW5VeUZsdnpNVjNoRE1vQkMyUXR1UjJJZCI7czo2OiJsb2NhbGUiO3M6MjoiZW4iO3M6OToiX3ByZXZpb3VzIjthOjI6e3M6MzoidXJsIjtzOjMwOiJodHRwOi8va2FzaXJzdG9yZS5jb20vcmVnaXN0ZXIiO3M6NToicm91dGUiO3M6ODoicmVnaXN0ZXIiO31zOjY6Il9mbGFzaCI7YToyOntzOjM6Im9sZCI7YTowOnt9czozOiJuZXciO2E6MDp7fX19', 1780009920),
('F1EODdiO96NGHAkIwLcg87edvaH6QEAtGwIvv7NL', NULL, '176.65.139.231', 'Mozilla/5.0 (Windows NT 10.0; Win64; x64) AppleWebKit/537.36 (KHTML, like Gecko) Chrome/147.0.0.0 Safari/537.36', 'YTo0OntzOjY6Il90b2tlbiI7czo0MDoiOGxUMUdwcXdFWDhLbk5UYzRiVFptczRaTzBUZ3JIdWdQSUdydFY1TSI7czo2OiJsb2NhbGUiO3M6MjoiaWQiO3M6OToiX3ByZXZpb3VzIjthOjI6e3M6MzoidXJsIjtzOjIyOiJodHRwczovL2thc2lyc3RvcmUuY29tIjtzOjU6InJvdXRlIjtzOjc6ImxhbmRpbmciO31zOjY6Il9mbGFzaCI7YToyOntzOjM6Im9sZCI7YTowOnt9czozOiJuZXciO2E6MDp7fX19', 1780048839),
('FfPAmLRIw7ejVYrmoHsOeEBWVilYnCCDj0a8oi4j', NULL, '43.166.247.82', 'Mozilla/5.0 (iPhone; CPU iPhone OS 13_2_3 like Mac OS X) AppleWebKit/605.1.15 (KHTML, like Gecko) Version/13.0.3 Mobile/15E148 Safari/604.1', 'YTo0OntzOjY6Il90b2tlbiI7czo0MDoiRUpteDlkcnJlWjlRcTdpTzFaNjZUUFRzUU9Mc1h0WHMxNFcxUkY5MyI7czo2OiJsb2NhbGUiO3M6MjoiZW4iO3M6OToiX3ByZXZpb3VzIjthOjI6e3M6MzoidXJsIjtzOjIxOiJodHRwOi8va2FzaXJzdG9yZS5jb20iO3M6NToicm91dGUiO3M6NzoibGFuZGluZyI7fXM6NjoiX2ZsYXNoIjthOjI6e3M6Mzoib2xkIjthOjA6e31zOjM6Im5ldyI7YTowOnt9fX0=', 1780035074),
('FijM9TMt49HWPeSaHIi6ATUcAgYHhabSyc1Sf4ZI', NULL, '114.122.232.223', 'Mozilla/5.0 (Windows NT 10.0; Win64; x64) AppleWebKit/537.36 (KHTML, like Gecko) Chrome/148.0.0.0 Safari/537.36', 'YTo0OntzOjY6Il90b2tlbiI7czo0MDoidmdxaFhucHVyMHZ2SjVSMVc2OHhGWHFraUNVNWZIMHZFV2tjb25LViI7czo2OiJsb2NhbGUiO3M6MjoiZW4iO3M6OToiX3ByZXZpb3VzIjthOjI6e3M6MzoidXJsIjtzOjI4OiJodHRwczovL2thc2lyc3RvcmUuY29tL2xvZ2luIjtzOjU6InJvdXRlIjtzOjU6ImxvZ2luIjt9czo2OiJfZmxhc2giO2E6Mjp7czozOiJvbGQiO2E6MDp7fXM6MzoibmV3IjthOjA6e319fQ==', 1780024045),
('gLh6RLWRVX4AtWGkLFe2puOxN4PijLaOmxZMSkdz', NULL, '35.221.161.26', 'Mozilla/5.0 (Windows NT 10.0; Win64; x64) AppleWebKit/537.36 (KHTML, like Gecko) Chrome/95.0.4638.69 Safari/537.36', 'YTo0OntzOjY6Il90b2tlbiI7czo0MDoiQWhjamxqdDExM3Q4ZGg1NmU1RHpkNUlIVHpIUlVXbGRtVmVxVFVXbyI7czo2OiJsb2NhbGUiO3M6MjoiZW4iO3M6OToiX3ByZXZpb3VzIjthOjI6e3M6MzoidXJsIjtzOjIxOiJodHRwOi8va2FzaXJzdG9yZS5jb20iO3M6NToicm91dGUiO3M6NzoibGFuZGluZyI7fXM6NjoiX2ZsYXNoIjthOjI6e3M6Mzoib2xkIjthOjA6e31zOjM6Im5ldyI7YTowOnt9fX0=', 1780069131),
('GsFTpwepHyvpyb4ffmGuoRstMfy24jT8nwstnEb9', NULL, '176.65.139.234', 'Mozilla/5.0 (Windows NT 10.0; Win64; x64) AppleWebKit/537.36 (KHTML, like Gecko) Chrome/147.0.0.0 Safari/537.36', 'YTo0OntzOjY6Il90b2tlbiI7czo0MDoiYUxKVDJ4a1A1cTZIaXJHbnpDb2ZTYVJsUEZuQ0o1V0FlVVo3ekNYRCI7czo2OiJsb2NhbGUiO3M6MjoiaWQiO3M6OToiX3ByZXZpb3VzIjthOjI6e3M6MzoidXJsIjtzOjI3OiJodHRwczovL21haWwua2FzaXJzdG9yZS5jb20iO3M6NToicm91dGUiO3M6NzoibGFuZGluZyI7fXM6NjoiX2ZsYXNoIjthOjI6e3M6Mzoib2xkIjthOjA6e31zOjM6Im5ldyI7YTowOnt9fX0=', 1780048839),
('h4q4GLbqrLrWtWlk21UYcM4IJAzY4JCFuLJzbPXH', NULL, '162.14.66.219', 'Mozilla/5.0 (iPhone; CPU iPhone OS 13_2_3 like Mac OS X) AppleWebKit/605.1.15 (KHTML, like Gecko) Version/13.0.3 Mobile/15E148 Safari/604.1', 'YTo0OntzOjY6Il90b2tlbiI7czo0MDoiSWlXc0g0Q0dLNzZkZElzY0JXNFNZekJCMUc1VFYwYkt3MjR2Ukp3WiI7czo2OiJsb2NhbGUiO3M6MjoiZW4iO3M6OToiX3ByZXZpb3VzIjthOjI6e3M6MzoidXJsIjtzOjI1OiJodHRwOi8vd3d3Lmthc2lyc3RvcmUuY29tIjtzOjU6InJvdXRlIjtzOjc6ImxhbmRpbmciO31zOjY6Il9mbGFzaCI7YToyOntzOjM6Im9sZCI7YTowOnt9czozOiJuZXciO2E6MDp7fX19', 1780058050),
('HzBwaEEJhtjlkI3ysG6FiSsMY1wK1mBwMMpJ0vei', NULL, '43.157.50.58', 'Mozilla/5.0 (iPhone; CPU iPhone OS 13_2_3 like Mac OS X) AppleWebKit/605.1.15 (KHTML, like Gecko) Version/13.0.3 Mobile/15E148 Safari/604.1', 'YTo0OntzOjY6Il90b2tlbiI7czo0MDoieVdmWklHNEJBRVFvSXJMWVVlbnlOY2Rib0lnM21xUHlGSUE3dWNBWiI7czo2OiJsb2NhbGUiO3M6MjoiZW4iO3M6OToiX3ByZXZpb3VzIjthOjI6e3M6MzoidXJsIjtzOjIxOiJodHRwOi8va2FzaXJzdG9yZS5jb20iO3M6NToicm91dGUiO3M6NzoibGFuZGluZyI7fXM6NjoiX2ZsYXNoIjthOjI6e3M6Mzoib2xkIjthOjA6e31zOjM6Im5ldyI7YTowOnt9fX0=', 1780031849),
('IJLVN5ZnnATrB4E6CIHW0w94vm1HqBj00CgSqqxW', NULL, '74.7.243.195', 'Mozilla/5.0 AppleWebKit/537.36 (KHTML, like Gecko; compatible; GPTBot/1.4; +https://openai.com/gptbot)', 'YTo0OntzOjY6Il90b2tlbiI7czo0MDoiY3FuRE9RdW95b3dEU2RuSkFzaFBHbEU0cmlZcHlXaDRETk9vMVhwUiI7czo2OiJsb2NhbGUiO3M6MjoiaWQiO3M6OToiX3ByZXZpb3VzIjthOjI6e3M6MzoidXJsIjtzOjUxOiJodHRwczovL3d3dy5rYXNpcnN0b3JlLmNvbS5rcmVhdGlmZGlnaXRhbC5jb20vdGVybXMiO3M6NToicm91dGUiO3M6NToidGVybXMiO31zOjY6Il9mbGFzaCI7YToyOntzOjM6Im9sZCI7YTowOnt9czozOiJuZXciO2E6MDp7fX19', 1780027433),
('ImoRx7eO94A49lWUDw9O8hUEFHcNdZnkh2o99SY9', NULL, '49.51.203.164', 'Mozilla/5.0 (iPhone; CPU iPhone OS 13_2_3 like Mac OS X) AppleWebKit/605.1.15 (KHTML, like Gecko) Version/13.0.3 Mobile/15E148 Safari/604.1', 'YTo0OntzOjY6Il90b2tlbiI7czo0MDoiQnMxNEVvTmU3SHVxNWxVOG0zbTJWOTJsVjNDVGdoaHVVbVN2MkUwayI7czo2OiJsb2NhbGUiO3M6MjoiZW4iO3M6OToiX3ByZXZpb3VzIjthOjI6e3M6MzoidXJsIjtzOjIxOiJodHRwOi8va2FzaXJzdG9yZS5jb20iO3M6NToicm91dGUiO3M6NzoibGFuZGluZyI7fXM6NjoiX2ZsYXNoIjthOjI6e3M6Mzoib2xkIjthOjA6e31zOjM6Im5ldyI7YTowOnt9fX0=', 1780101163),
('JSa0rtB1hWyAU1y7UzG7XjQxT7fksItJEGEnn0DV', NULL, '104.244.72.132', 'Mozilla/5.0', 'YTo0OntzOjY6Il90b2tlbiI7czo0MDoiNGVvQklXYmRKdU43dG51NXE3dzB6emlPcWRjVXB0S2RObHF2N0dxSiI7czo2OiJsb2NhbGUiO3M6MjoiaWQiO3M6OToiX3ByZXZpb3VzIjthOjI6e3M6MzoidXJsIjtzOjM4OiJodHRwczovL2thc2lyc3RvcmUuY29tLz9yZXN0X3JvdXRlPSUyRiI7czo1OiJyb3V0ZSI7czo3OiJsYW5kaW5nIjt9czo2OiJfZmxhc2giO2E6Mjp7czozOiJvbGQiO2E6MDp7fXM6MzoibmV3IjthOjA6e319fQ==', 1780065222),
('jVuYJX7UkDR1LxPy6cjnhGiOySe7Dl4si1D5iwSi', NULL, '43.166.129.247', 'Mozilla/5.0 (iPhone; CPU iPhone OS 13_2_3 like Mac OS X) AppleWebKit/605.1.15 (KHTML, like Gecko) Version/13.0.3 Mobile/15E148 Safari/604.1', 'YTo0OntzOjY6Il90b2tlbiI7czo0MDoiRFQ3OExzcnlwdFVGdGRLam1nTlo0VGtXcFlEUDk5ZTBaODdYeTVVSCI7czo2OiJsb2NhbGUiO3M6MjoiZW4iO3M6OToiX3ByZXZpb3VzIjthOjI6e3M6MzoidXJsIjtzOjI1OiJodHRwOi8vd3d3Lmthc2lyc3RvcmUuY29tIjtzOjU6InJvdXRlIjtzOjc6ImxhbmRpbmciO31zOjY6Il9mbGFzaCI7YToyOntzOjM6Im9sZCI7YTowOnt9czozOiJuZXciO2E6MDp7fX19', 1780005182),
('kFe8Xr38OSxdIaYxFptTQDRFCRFtcABQ11fqvkyV', NULL, '82.41.255.194', 'Mozilla/5.0 (X11; Linux x86_64) AppleWebKit/537.36 (KHTML, like Gecko) Chrome/124.0.0.0 Safari/537.36', 'YTo0OntzOjY6Il90b2tlbiI7czo0MDoiNzRwSkxIQkZCTktvbFJQTDZJbDdEQ2M3cGlxV1FKcGt1dzVCaHoxTyI7czo2OiJsb2NhbGUiO3M6MjoiZW4iO3M6OToiX3ByZXZpb3VzIjthOjI6e3M6MzoidXJsIjtzOjIyOiJodHRwczovL2thc2lyc3RvcmUuY29tIjtzOjU6InJvdXRlIjtzOjc6ImxhbmRpbmciO31zOjY6Il9mbGFzaCI7YToyOntzOjM6Im9sZCI7YTowOnt9czozOiJuZXciO2E6MDp7fX19', 1780072582),
('Knenbs8la7qZ9pRgdemeTxedyfOY6kh4uyVsfbfy', NULL, '101.33.81.73', 'Mozilla/5.0 (iPhone; CPU iPhone OS 13_2_3 like Mac OS X) AppleWebKit/605.1.15 (KHTML, like Gecko) Version/13.0.3 Mobile/15E148 Safari/604.1', 'YTo0OntzOjY6Il90b2tlbiI7czo0MDoiN2ZHNHdJb3NpNHJLeVlRUkpZSXEzbXdDV3pRUnh2UEJWRG1uaVpWTiI7czo2OiJsb2NhbGUiO3M6MjoiZW4iO3M6OToiX3ByZXZpb3VzIjthOjI6e3M6MzoidXJsIjtzOjIxOiJodHRwOi8va2FzaXJzdG9yZS5jb20iO3M6NToicm91dGUiO3M6NzoibGFuZGluZyI7fXM6NjoiX2ZsYXNoIjthOjI6e3M6Mzoib2xkIjthOjA6e31zOjM6Im5ldyI7YTowOnt9fX0=', 1780069386),
('Ksqbdg8b54IblxoR0SBhFK2LyGtlV6SYaMfxaiBn', NULL, '40.77.167.150', 'Mozilla/5.0 AppleWebKit/537.36 (KHTML, like Gecko; compatible; bingbot/2.0; +http://www.bing.com/bingbot.htm) Chrome/116.0.1938.76 Safari/537.36', 'YTo0OntzOjY6Il90b2tlbiI7czo0MDoiczBFNUhFTnVLOENuSGRPYWc0WEZ5dlU0VEd5WHZKR1AyZ2tIYjlpQyI7czo2OiJsb2NhbGUiO3M6MjoiaWQiO3M6OToiX3ByZXZpb3VzIjthOjI6e3M6MzoidXJsIjtzOjIyOiJodHRwczovL2thc2lyc3RvcmUuY29tIjtzOjU6InJvdXRlIjtzOjc6ImxhbmRpbmciO31zOjY6Il9mbGFzaCI7YToyOntzOjM6Im9sZCI7YTowOnt9czozOiJuZXciO2E6MDp7fX19', 1780017974),
('lwGS52PApxkG9cdCQTW7J2Jone4DOpty3uwkyZ3X', NULL, '43.156.204.134', 'Mozilla/5.0 (iPhone; CPU iPhone OS 13_2_3 like Mac OS X) AppleWebKit/605.1.15 (KHTML, like Gecko) Version/13.0.3 Mobile/15E148 Safari/604.1', 'YTo0OntzOjY6Il90b2tlbiI7czo0MDoiYk5QQmNtWTN1VFRqSlFOSlRQdHpwczR4bnVmdHdIeXY3Z2lTeXAzViI7czo2OiJsb2NhbGUiO3M6MjoiZW4iO3M6OToiX3ByZXZpb3VzIjthOjI6e3M6MzoidXJsIjtzOjIxOiJodHRwOi8va2FzaXJzdG9yZS5jb20iO3M6NToicm91dGUiO3M6NzoibGFuZGluZyI7fXM6NjoiX2ZsYXNoIjthOjI6e3M6Mzoib2xkIjthOjA6e31zOjM6Im5ldyI7YTowOnt9fX0=', 1780053651),
('miWb98VUcKMvyB6Mz7dZImkrypwgsIH0VWAASGVB', NULL, '43.153.123.4', 'Mozilla/5.0 (iPhone; CPU iPhone OS 13_2_3 like Mac OS X) AppleWebKit/605.1.15 (KHTML, like Gecko) Version/13.0.3 Mobile/15E148 Safari/604.1', 'YTo0OntzOjY6Il90b2tlbiI7czo0MDoicDFQdUZCNFBqcmFDMUNieFg5S2hSNnF6U1JNU2FMNkxycnNYSkNUdiI7czo2OiJsb2NhbGUiO3M6MjoiZW4iO3M6OToiX3ByZXZpb3VzIjthOjI6e3M6MzoidXJsIjtzOjIxOiJodHRwOi8va2FzaXJzdG9yZS5jb20iO3M6NToicm91dGUiO3M6NzoibGFuZGluZyI7fXM6NjoiX2ZsYXNoIjthOjI6e3M6Mzoib2xkIjthOjA6e31zOjM6Im5ldyI7YTowOnt9fX0=', 1780005426),
('mqIV8bbmHcG6oS3rUrdpYqpQ5ADMynEe7ZzFJysa', NULL, '49.51.178.45', 'Mozilla/5.0 (iPhone; CPU iPhone OS 13_2_3 like Mac OS X) AppleWebKit/605.1.15 (KHTML, like Gecko) Version/13.0.3 Mobile/15E148 Safari/604.1', 'YTo0OntzOjY6Il90b2tlbiI7czo0MDoiaEZDRGR1ODFwTWlFeXYzTGpHMmxVZjVrc1dLOXhCeHdEb202RXlScCI7czo2OiJsb2NhbGUiO3M6MjoiZW4iO3M6OToiX3ByZXZpb3VzIjthOjI6e3M6MzoidXJsIjtzOjIxOiJodHRwOi8va2FzaXJzdG9yZS5jb20iO3M6NToicm91dGUiO3M6NzoibGFuZGluZyI7fXM6NjoiX2ZsYXNoIjthOjI6e3M6Mzoib2xkIjthOjA6e31zOjM6Im5ldyI7YTowOnt9fX0=', 1780014199),
('NMuZZ6dF3ieiV6FSgUpdLPzYanZbX9qBU9FPVbPk', NULL, '66.132.172.143', 'Mozilla/5.0 (compatible; CensysInspect/1.1; +https://about.censys.io/)', 'YTo0OntzOjY6Il90b2tlbiI7czo0MDoic0x6clBPVzdMRjJWWDdCRVpZd3d2a1lxWkZyTFUzZlhoaGkyUEgzcCI7czo2OiJsb2NhbGUiO3M6MjoiaWQiO3M6OToiX3ByZXZpb3VzIjthOjI6e3M6MzoidXJsIjtzOjQ0OiJodHRwOi8vd3d3Lmthc2lyc3RvcmUuY29tLmtyZWF0aWZkaWdpdGFsLmNvbSI7czo1OiJyb3V0ZSI7czo3OiJsYW5kaW5nIjt9czo2OiJfZmxhc2giO2E6Mjp7czozOiJvbGQiO2E6MDp7fXM6MzoibmV3IjthOjA6e319fQ==', 1780067738),
('o4Zmma5tuIau0uP6jxdPRaQ2ICOGBUc2HbhMuMC7', NULL, '162.14.66.219', 'Mozilla/5.0 (iPhone; CPU iPhone OS 13_2_3 like Mac OS X) AppleWebKit/605.1.15 (KHTML, like Gecko) Version/13.0.3 Mobile/15E148 Safari/604.1', 'YTo0OntzOjY6Il90b2tlbiI7czo0MDoiMTlGTlBydmg4WEp3MzVQeGZESk9xZm42T0VLWEpSVnBmb1o3cGRZViI7czo2OiJsb2NhbGUiO3M6MjoiZW4iO3M6OToiX3ByZXZpb3VzIjthOjI6e3M6MzoidXJsIjtzOjI1OiJodHRwOi8vd3d3Lmthc2lyc3RvcmUuY29tIjtzOjU6InJvdXRlIjtzOjc6ImxhbmRpbmciO31zOjY6Il9mbGFzaCI7YToyOntzOjM6Im9sZCI7YTowOnt9czozOiJuZXciO2E6MDp7fX19', 1780014984),
('Oo2t8E0RWvvYxwXZakkNhVShr0CxcQYGrbaCJyh0', NULL, '192.36.109.82', 'Mozilla/5.0 (X11; CrOS x86_64 14541.0.0) AppleWebKit/537.36 (KHTML, like Gecko) Chrome/121.0.0.0 Safari/537.3', 'YTo0OntzOjY6Il90b2tlbiI7czo0MDoibXNtRXlMU1BRclZ6V2g4ZUtvZmMxUVhKdzZNdUJFNGhFUkR1anBLNCI7czo2OiJsb2NhbGUiO3M6MjoiZW4iO3M6OToiX3ByZXZpb3VzIjthOjI6e3M6MzoidXJsIjtzOjI5OiJodHRwOi8va2FzaXJzdG9yZS5jb20vcHJpY2luZyI7czo1OiJyb3V0ZSI7czo3OiJwcmljaW5nIjt9czo2OiJfZmxhc2giO2E6Mjp7czozOiJvbGQiO2E6MDp7fXM6MzoibmV3IjthOjA6e319fQ==', 1780012047),
('OX8et9kKVbyvfeCRnWfVowiUnMGej6cWNpfwVQ8x', NULL, '176.65.139.229', 'Mozilla/5.0 (Windows NT 10.0; Win64; x64) AppleWebKit/537.36 (KHTML, like Gecko) Chrome/147.0.0.0 Safari/537.36', 'YTo0OntzOjY6Il90b2tlbiI7czo0MDoiWHhhZEhLUFdnRkVNYnhzZzVITTl1QnpRdVNDSUhSVWV2UHhlSXlBNCI7czo2OiJsb2NhbGUiO3M6MjoiaWQiO3M6OToiX3ByZXZpb3VzIjthOjI6e3M6MzoidXJsIjtzOjQxOiJodHRwczovL2thc2lyc3RvcmUuY29tLmtyZWF0aWZkaWdpdGFsLmNvbSI7czo1OiJyb3V0ZSI7czo3OiJsYW5kaW5nIjt9czo2OiJfZmxhc2giO2E6Mjp7czozOiJvbGQiO2E6MDp7fXM6MzoibmV3IjthOjA6e319fQ==', 1780048839),
('PT22Ty2zTHoqFcop36a9J6nHkNnFEZ5kmrxGv9X4', NULL, '49.51.196.42', 'Mozilla/5.0 (iPhone; CPU iPhone OS 13_2_3 like Mac OS X) AppleWebKit/605.1.15 (KHTML, like Gecko) Version/13.0.3 Mobile/15E148 Safari/604.1', 'YTo0OntzOjY6Il90b2tlbiI7czo0MDoiYnVZUzNXN2RiS3V6UXpKQzc1UlJsOHJoMWV2T1hCaFNSY3pNWnNYaiI7czo2OiJsb2NhbGUiO3M6MjoiZW4iO3M6OToiX3ByZXZpb3VzIjthOjI6e3M6MzoidXJsIjtzOjIxOiJodHRwOi8va2FzaXJzdG9yZS5jb20iO3M6NToicm91dGUiO3M6NzoibGFuZGluZyI7fXM6NjoiX2ZsYXNoIjthOjI6e3M6Mzoib2xkIjthOjA6e31zOjM6Im5ldyI7YTowOnt9fX0=', 1780064172),
('q0LJm5aqOb62lDwRUelzHatSO411lFbkw4YdS90o', NULL, '74.7.227.161', 'Mozilla/5.0 AppleWebKit/537.36 (KHTML, like Gecko; compatible; GPTBot/1.4; +https://openai.com/gptbot)', 'YTo0OntzOjY6Il90b2tlbiI7czo0MDoiRVJnaVFkUjVxTWlBZGEzWWMzU2NnUEh0UTM0cDBsWUFodFRCd0c1eSI7czo2OiJsb2NhbGUiO3M6MjoiaWQiO3M6OToiX3ByZXZpb3VzIjthOjI6e3M6MzoidXJsIjtzOjQxOiJodHRwczovL2thc2lyc3RvcmUuY29tLmtyZWF0aWZkaWdpdGFsLmNvbSI7czo1OiJyb3V0ZSI7czo3OiJsYW5kaW5nIjt9czo2OiJfZmxhc2giO2E6Mjp7czozOiJvbGQiO2E6MDp7fXM6MzoibmV3IjthOjA6e319fQ==', 1780074246),
('QNkyesBecAaYQL89wYrwWPHDVywy6n2RMlns3utV', NULL, '94.152.186.69', 'Mozilla/5.0 (X11; Linux x86_64; rv:126.0) Gecko/20100101 Firefox/126.0', 'YTo0OntzOjY6Il90b2tlbiI7czo0MDoianJ0ZUQ0Z2dWOGVaTHlKTnhjYkZhQ3NWZTdkdUFnMlFYTlNCMDNXYiI7czo2OiJsb2NhbGUiO3M6MjoiZW4iO3M6OToiX3ByZXZpb3VzIjthOjI6e3M6MzoidXJsIjtzOjIyOiJodHRwczovL2thc2lyc3RvcmUuY29tIjtzOjU6InJvdXRlIjtzOjc6ImxhbmRpbmciO31zOjY6Il9mbGFzaCI7YToyOntzOjM6Im9sZCI7YTowOnt9czozOiJuZXciO2E6MDp7fX19', 1780076767),
('QPGV512mXYwxHVl8aobMzPCaty9B1ogIChMVtWUn', NULL, '66.132.224.89', 'Mozilla/5.0 (compatible; CensysInspect/1.1; +https://about.censys.io/)', 'YTo0OntzOjY6Il90b2tlbiI7czo0MDoieXJVYUN4TU5PbDhZYTVvdjg2RUpIQk95ZFNxYWI5ejRUWWN3endkMyI7czo2OiJsb2NhbGUiO3M6MjoiaWQiO3M6OToiX3ByZXZpb3VzIjthOjI6e3M6MzoidXJsIjtzOjQxOiJodHRwczovL2thc2lyc3RvcmUuY29tLmtyZWF0aWZkaWdpdGFsLmNvbSI7czo1OiJyb3V0ZSI7czo3OiJsYW5kaW5nIjt9czo2OiJfZmxhc2giO2E6Mjp7czozOiJvbGQiO2E6MDp7fXM6MzoibmV3IjthOjA6e319fQ==', 1780070919),
('rwWn0Oa06LnxaxDBa8NdeM2v7wVf0Ee8eEwOuTCu', NULL, '66.132.195.62', 'Mozilla/5.0 (compatible; CensysInspect/1.1; +https://about.censys.io/)', 'YTo0OntzOjY6Il90b2tlbiI7czo0MDoiRTk3MHprbTNPVnEyOGI5VVUzdHQ0TmVkemFjTzJCNWNzTnZVeDNPZCI7czo2OiJsb2NhbGUiO3M6MjoiaWQiO3M6OToiX3ByZXZpb3VzIjthOjI6e3M6MzoidXJsIjtzOjQ0OiJodHRwOi8vd3d3Lmthc2lyc3RvcmUuY29tLmtyZWF0aWZkaWdpdGFsLmNvbSI7czo1OiJyb3V0ZSI7czo3OiJsYW5kaW5nIjt9czo2OiJfZmxhc2giO2E6Mjp7czozOiJvbGQiO2E6MDp7fXM6MzoibmV3IjthOjA6e319fQ==', 1780018318),
('S55v7WNIFOMFSvs0w1PahlSpnNvpGMTfuvlzQ7KU', NULL, '43.157.95.239', 'Mozilla/5.0 (iPhone; CPU iPhone OS 13_2_3 like Mac OS X) AppleWebKit/605.1.15 (KHTML, like Gecko) Version/13.0.3 Mobile/15E148 Safari/604.1', 'YTo0OntzOjY6Il90b2tlbiI7czo0MDoia3JQbkNPWVo2dVdpczFmVHRRNnRueTBBbFVnWk9qVDZkR0F4c1hTMiI7czo2OiJsb2NhbGUiO3M6MjoiZW4iO3M6OToiX3ByZXZpb3VzIjthOjI6e3M6MzoidXJsIjtzOjI1OiJodHRwOi8vd3d3Lmthc2lyc3RvcmUuY29tIjtzOjU6InJvdXRlIjtzOjc6ImxhbmRpbmciO31zOjY6Il9mbGFzaCI7YToyOntzOjM6Im9sZCI7YTowOnt9czozOiJuZXciO2E6MDp7fX19', 1780096785),
('SlQ93I9kfE6cyNY9POhLDPu2iU3PGQfMIUcXEphw', NULL, '43.165.167.69', 'Mozilla/5.0 (iPhone; CPU iPhone OS 13_2_3 like Mac OS X) AppleWebKit/605.1.15 (KHTML, like Gecko) Version/13.0.3 Mobile/15E148 Safari/604.1', 'YTo0OntzOjY6Il90b2tlbiI7czo0MDoiZUk3M0R5NzBWQ1Z0ZG45VXpsdzVibFdDR2dvMGxSd2pDcXhXZ0lhWiI7czo2OiJsb2NhbGUiO3M6MjoiZW4iO3M6OToiX3ByZXZpb3VzIjthOjI6e3M6MzoidXJsIjtzOjI3OiJodHRwOi8va2FzaXJzdG9yZS5jb20vbG9naW4iO3M6NToicm91dGUiO3M6NToibG9naW4iO31zOjY6Il9mbGFzaCI7YToyOntzOjM6Im9sZCI7YTowOnt9czozOiJuZXciO2E6MDp7fX19', 1780011730),
('tCAYQy5iaa5RQg11MzeemHUENtnoPgd6woZ9rT4R', NULL, '43.153.54.14', 'Mozilla/5.0 (iPhone; CPU iPhone OS 13_2_3 like Mac OS X) AppleWebKit/605.1.15 (KHTML, like Gecko) Version/13.0.3 Mobile/15E148 Safari/604.1', 'YTo0OntzOjY6Il90b2tlbiI7czo0MDoiVHFCVXBXaXoybXRVQVEwVGNvY3FYM0NzTEw1WEh1cWx0eTlFNzQwZiI7czo2OiJsb2NhbGUiO3M6MjoiZW4iO3M6OToiX3ByZXZpb3VzIjthOjI6e3M6MzoidXJsIjtzOjIxOiJodHRwOi8va2FzaXJzdG9yZS5jb20iO3M6NToicm91dGUiO3M6NzoibGFuZGluZyI7fXM6NjoiX2ZsYXNoIjthOjI6e3M6Mzoib2xkIjthOjA6e31zOjM6Im5ldyI7YTowOnt9fX0=', 1780086110),
('ubsJBZCt7Lq3GPP8nzaAxGnVKx3wxT8mJmXpKI4x', NULL, '106.52.216.13', 'Mozilla/5.0 (iPhone; CPU iPhone OS 13_2_3 like Mac OS X) AppleWebKit/605.1.15 (KHTML, like Gecko) Version/13.0.3 Mobile/15E148 Safari/604.1', 'YTo0OntzOjY6Il90b2tlbiI7czo0MDoieEpUU1pHZ01aMGp1amhzcjJtZXRVTXBZRWNaTTdQcW90cklFQjZRTSI7czo2OiJsb2NhbGUiO3M6MjoiZW4iO3M6OToiX3ByZXZpb3VzIjthOjI6e3M6MzoidXJsIjtzOjIxOiJodHRwOi8va2FzaXJzdG9yZS5jb20iO3M6NToicm91dGUiO3M6NzoibGFuZGluZyI7fXM6NjoiX2ZsYXNoIjthOjI6e3M6Mzoib2xkIjthOjA6e31zOjM6Im5ldyI7YTowOnt9fX0=', 1780080074),
('Vhz8zVrhE0vlf6CLao7Iru08bz0yl1QVbiP0hVJm', NULL, '66.249.66.38', 'Mozilla/5.0 (Linux; Android 6.0.1; Nexus 5X Build/MMB29P) AppleWebKit/537.36 (KHTML, like Gecko) Chrome/148.0.7778.96 Mobile Safari/537.36 (compatible; Googlebot/2.1; +http://www.google.com/bot.html)', 'YTo0OntzOjY6Il90b2tlbiI7czo0MDoicW5mUDQ0ZHlHcW04S0VhQWVoRlNrSDRqaU03VnAyU2syNlpLU05kMSI7czo2OiJsb2NhbGUiO3M6MjoiaWQiO3M6OToiX3ByZXZpb3VzIjthOjI6e3M6MzoidXJsIjtzOjI2OiJodHRwczovL3d3dy5rYXNpcnN0b3JlLmNvbSI7czo1OiJyb3V0ZSI7czo3OiJsYW5kaW5nIjt9czo2OiJfZmxhc2giO2E6Mjp7czozOiJvbGQiO2E6MDp7fXM6MzoibmV3IjthOjA6e319fQ==', 1780008944),
('VPY5jvUqK1iLhwEjo1xdZ2vQl1AxD55t8aPWOd6F', NULL, '43.130.102.223', 'Mozilla/5.0 (iPhone; CPU iPhone OS 13_2_3 like Mac OS X) AppleWebKit/605.1.15 (KHTML, like Gecko) Version/13.0.3 Mobile/15E148 Safari/604.1', 'YTo0OntzOjY6Il90b2tlbiI7czo0MDoiYVgxMTNBakd3N1Z5V1hWWWRKcGNLQ2k1RUtBOEprek40WUtiQ2dUeCI7czo2OiJsb2NhbGUiO3M6MjoiZW4iO3M6OToiX3ByZXZpb3VzIjthOjI6e3M6MzoidXJsIjtzOjI5OiJodHRwOi8va2FzaXJzdG9yZS5jb20vcHJpdmFjeSI7czo1OiJyb3V0ZSI7czo3OiJwcml2YWN5Ijt9czo2OiJfZmxhc2giO2E6Mjp7czozOiJvbGQiO2E6MDp7fXM6MzoibmV3IjthOjA6e319fQ==', 1780013693),
('vrV47VJ0CrVPXOypcSDd5IjBr5fC1bt5aRDouzR0', NULL, '43.157.20.63', 'Mozilla/5.0 (iPhone; CPU iPhone OS 13_2_3 like Mac OS X) AppleWebKit/605.1.15 (KHTML, like Gecko) Version/13.0.3 Mobile/15E148 Safari/604.1', 'YTo0OntzOjY6Il90b2tlbiI7czo0MDoiUEFtUFViTlhaUXMxMDJTMU9XN3Vva3lEbFQ2bmVwdU55b05aYXpIaCI7czo2OiJsb2NhbGUiO3M6MjoiZW4iO3M6OToiX3ByZXZpb3VzIjthOjI6e3M6MzoidXJsIjtzOjIxOiJodHRwOi8va2FzaXJzdG9yZS5jb20iO3M6NToicm91dGUiO3M6NzoibGFuZGluZyI7fXM6NjoiX2ZsYXNoIjthOjI6e3M6Mzoib2xkIjthOjA6e31zOjM6Im5ldyI7YTowOnt9fX0=', 1780032694),
('vY5zclO7kqV9aLnK56plPbmngX5aL2EKt9k9GtHI', NULL, '162.62.213.165', 'Mozilla/5.0 (iPhone; CPU iPhone OS 13_2_3 like Mac OS X) AppleWebKit/605.1.15 (KHTML, like Gecko) Version/13.0.3 Mobile/15E148 Safari/604.1', 'YTo0OntzOjY6Il90b2tlbiI7czo0MDoibWlIVEdTVzJDZEozRmhBWmpPWmZ5b1h2N0ZPTFVoaFg0UXJHTEw2ZyI7czo2OiJsb2NhbGUiO3M6MjoiZW4iO3M6OToiX3ByZXZpb3VzIjthOjI6e3M6MzoidXJsIjtzOjIxOiJodHRwOi8va2FzaXJzdG9yZS5jb20iO3M6NToicm91dGUiO3M6NzoibGFuZGluZyI7fXM6NjoiX2ZsYXNoIjthOjI6e3M6Mzoib2xkIjthOjA6e31zOjM6Im5ldyI7YTowOnt9fX0=', 1780087514),
('w8vZDOjD3XRSJUkZ7xtIQSAMsIRQ3cA3bMaqy7zP', NULL, '43.166.128.187', 'Mozilla/5.0 (iPhone; CPU iPhone OS 13_2_3 like Mac OS X) AppleWebKit/605.1.15 (KHTML, like Gecko) Version/13.0.3 Mobile/15E148 Safari/604.1', 'YTo0OntzOjY6Il90b2tlbiI7czo0MDoieFV3NlpZUmtsY3o0TlNHbkRESWhqNUZYOHZiRGJ1T01YQnM3T1oxTSI7czo2OiJsb2NhbGUiO3M6MjoiZW4iO3M6OToiX3ByZXZpb3VzIjthOjI6e3M6MzoidXJsIjtzOjI1OiJodHRwOi8vd3d3Lmthc2lyc3RvcmUuY29tIjtzOjU6InJvdXRlIjtzOjc6ImxhbmRpbmciO31zOjY6Il9mbGFzaCI7YToyOntzOjM6Im9sZCI7YTowOnt9czozOiJuZXciO2E6MDp7fX19', 1780024569),
('WGdtd0cCpkxZGcXns4OUqGo7RsQIsD8gxyJNBI6F', NULL, '74.7.243.223', 'Mozilla/5.0 AppleWebKit/537.36 (KHTML, like Gecko; compatible; GPTBot/1.4; +https://openai.com/gptbot)', 'YTo0OntzOjY6Il90b2tlbiI7czo0MDoiQ3MwTTFhdnY4bWpFdmZkQ2t1NHhnQ1hWTmpnQVRZUVdmbkxURTBMVSI7czo2OiJsb2NhbGUiO3M6MjoiaWQiO3M6OToiX3ByZXZpb3VzIjthOjI6e3M6MzoidXJsIjtzOjI2OiJodHRwczovL3d3dy5rYXNpcnN0b3JlLmNvbSI7czo1OiJyb3V0ZSI7czo3OiJsYW5kaW5nIjt9czo2OiJfZmxhc2giO2E6Mjp7czozOiJvbGQiO2E6MDp7fXM6MzoibmV3IjthOjA6e319fQ==', 1780027414),
('WjYfDlARSO4iJf6ThHOQMOlKEm611vYcF0ix0sLz', NULL, '43.165.2.110', 'Mozilla/5.0 (iPhone; CPU iPhone OS 13_2_3 like Mac OS X) AppleWebKit/605.1.15 (KHTML, like Gecko) Version/13.0.3 Mobile/15E148 Safari/604.1', 'YTo0OntzOjY6Il90b2tlbiI7czo0MDoiOXhDM3hFZlBpaWZLc2lmQVZORzJ4QkJUcjAzZ0JHN1Z5a3MzN1dpayI7czo2OiJsb2NhbGUiO3M6MjoiZW4iO3M6OToiX3ByZXZpb3VzIjthOjI6e3M6MzoidXJsIjtzOjIxOiJodHRwOi8va2FzaXJzdG9yZS5jb20iO3M6NToicm91dGUiO3M6NzoibGFuZGluZyI7fXM6NjoiX2ZsYXNoIjthOjI6e3M6Mzoib2xkIjthOjA6e31zOjM6Im5ldyI7YTowOnt9fX0=', 1780034535),
('wyR1KCoNuAuGPaXHkUxxBJv0lHRAtau9D203t9mV', NULL, '192.36.109.114', 'Mozilla/5.0 (X11; CrOS x86_64 14541.0.0) AppleWebKit/537.36 (KHTML, like Gecko) Chrome/121.0.0.0 Safari/537.3', 'YTo0OntzOjY6Il90b2tlbiI7czo0MDoiQVozTEhCbEhkRjJKZGhnTXRWdEg5YWdMNVVkcUc0M01Dc2wxZWhROSI7czo2OiJsb2NhbGUiO3M6MjoiZW4iO3M6OToiX3ByZXZpb3VzIjthOjI6e3M6MzoidXJsIjtzOjIxOiJodHRwOi8va2FzaXJzdG9yZS5jb20iO3M6NToicm91dGUiO3M6NzoibGFuZGluZyI7fXM6NjoiX2ZsYXNoIjthOjI6e3M6Mzoib2xkIjthOjA6e31zOjM6Im5ldyI7YTowOnt9fX0=', 1780012046),
('X1juGjySKtEFczi2hXf2oxybvLbkvPldGR3LitLy', NULL, '43.134.186.61', 'Mozilla/5.0 (iPhone; CPU iPhone OS 13_2_3 like Mac OS X) AppleWebKit/605.1.15 (KHTML, like Gecko) Version/13.0.3 Mobile/15E148 Safari/604.1', 'YTo0OntzOjY6Il90b2tlbiI7czo0MDoiNHNEVG95aDFFZjRnbXVNWDRzSDdHTVdsdDhzMm9ZWU9EWWVKd0tsdCI7czo2OiJsb2NhbGUiO3M6MjoiZW4iO3M6OToiX3ByZXZpb3VzIjthOjI6e3M6MzoidXJsIjtzOjIxOiJodHRwOi8va2FzaXJzdG9yZS5jb20iO3M6NToicm91dGUiO3M6NzoibGFuZGluZyI7fXM6NjoiX2ZsYXNoIjthOjI6e3M6Mzoib2xkIjthOjA6e31zOjM6Im5ldyI7YTowOnt9fX0=', 1780033853),
('yr3uRlODkZEKBF8tS2KOZ6LTHSbHzMJxqfTzHKk1', NULL, '93.123.118.208', 'curl/8.5.0', 'YTo0OntzOjY6Il90b2tlbiI7czo0MDoiUHl6cnhjU09ZWEFCVThUTzU4d0tCUnh4dllOb0NQMmIyWUxkMmlhTSI7czo2OiJsb2NhbGUiO3M6MjoiaWQiO3M6OToiX3ByZXZpb3VzIjthOjI6e3M6MzoidXJsIjtzOjIxOiJodHRwOi8va2FzaXJzdG9yZS5jb20iO3M6NToicm91dGUiO3M6NzoibGFuZGluZyI7fXM6NjoiX2ZsYXNoIjthOjI6e3M6Mzoib2xkIjthOjA6e31zOjM6Im5ldyI7YTowOnt9fX0=', 1780075625),
('ywjDTbSZ2W9QFdG608HwAROnl0hiylURKrLae9fy', NULL, '129.204.188.64', 'Mozilla/5.0 (iPhone; CPU iPhone OS 13_2_3 like Mac OS X) AppleWebKit/605.1.15 (KHTML, like Gecko) Version/13.0.3 Mobile/15E148 Safari/604.1', 'YTo0OntzOjY6Il90b2tlbiI7czo0MDoiZ25WYk9xbzl0a1A3R1NwZmxReHFmRUlHSFJXdkNsMXpLNDNhS1I2OCI7czo2OiJsb2NhbGUiO3M6MjoiZW4iO3M6OToiX3ByZXZpb3VzIjthOjI6e3M6MzoidXJsIjtzOjIxOiJodHRwOi8va2FzaXJzdG9yZS5jb20iO3M6NToicm91dGUiO3M6NzoibGFuZGluZyI7fXM6NjoiX2ZsYXNoIjthOjI6e3M6Mzoib2xkIjthOjA6e31zOjM6Im5ldyI7YTowOnt9fX0=', 1780036458),
('zmdQmZbRQBe2SnoaMlD0xAmm0wkYOExH2bqMzjmn', NULL, '192.71.225.127', 'Mozilla/5.0 (Windows NT 10.0; Win64; x64) AppleWebKit/537.36 (KHTML, like Gecko) Chrome/122.0.0.0 Safari/537.36 Agency/93.8.2357.5', 'YTo0OntzOjY6Il90b2tlbiI7czo0MDoibjJhQXk1WHYzWU9QNGZ5cTNDZTFRakpzMWtzNktXRkI3N3FRSVljcSI7czo2OiJsb2NhbGUiO3M6MjoiZW4iO3M6OToiX3ByZXZpb3VzIjthOjI6e3M6MzoidXJsIjtzOjIxOiJodHRwOi8va2FzaXJzdG9yZS5jb20iO3M6NToicm91dGUiO3M6NzoibGFuZGluZyI7fXM6NjoiX2ZsYXNoIjthOjI6e3M6Mzoib2xkIjthOjA6e31zOjM6Im5ldyI7YTowOnt9fX0=', 1780076213),
('Zp33KYCW8DfSf4Otf1DRXBd5XA6GOgYXlOaHlP5T', NULL, '43.165.167.72', 'Mozilla/5.0 (iPhone; CPU iPhone OS 13_2_3 like Mac OS X) AppleWebKit/605.1.15 (KHTML, like Gecko) Version/13.0.3 Mobile/15E148 Safari/604.1', 'YTo0OntzOjY6Il90b2tlbiI7czo0MDoiVE05OGhqMHdjZklLTGh0Nmo4OVY1NEd5U3k1ZU01VWpvSmlJMHNuMyI7czo2OiJsb2NhbGUiO3M6MjoiZW4iO3M6OToiX3ByZXZpb3VzIjthOjI6e3M6MzoidXJsIjtzOjMxOiJodHRwOi8vd3d3Lmthc2lyc3RvcmUuY29tL3Rlcm1zIjtzOjU6InJvdXRlIjtzOjU6InRlcm1zIjt9czo2OiJfZmxhc2giO2E6Mjp7czozOiJvbGQiO2E6MDp7fXM6MzoibmV3IjthOjA6e319fQ==', 1780006306),
('zUMP61JJnJJXevzA7ChvW7inRIxiZKMA5mmkn7ND', NULL, '43.135.140.225', 'Mozilla/5.0 (iPhone; CPU iPhone OS 13_2_3 like Mac OS X) AppleWebKit/605.1.15 (KHTML, like Gecko) Version/13.0.3 Mobile/15E148 Safari/604.1', 'YTo0OntzOjY6Il90b2tlbiI7czo0MDoiUWgzQzQ1Um5Pbk5lWXFOaHNIRTNBRFRCTGhhNGMzc0pwd3NDeVRvQiI7czo2OiJsb2NhbGUiO3M6MjoiZW4iO3M6OToiX3ByZXZpb3VzIjthOjI6e3M6MzoidXJsIjtzOjI1OiJodHRwOi8vd3d3Lmthc2lyc3RvcmUuY29tIjtzOjU6InJvdXRlIjtzOjc6ImxhbmRpbmciO31zOjY6Il9mbGFzaCI7YToyOntzOjM6Im9sZCI7YTowOnt9czozOiJuZXciO2E6MDp7fX19', 1780068168);

-- --------------------------------------------------------

--
-- Table structure for table `stock_adjustments`
--

CREATE TABLE `stock_adjustments` (
  `id` char(36) NOT NULL,
  `tenant_id` char(36) NOT NULL,
  `outlet_id` char(36) NOT NULL,
  `adjustment_number` varchar(50) NOT NULL,
  `adjustment_date` date NOT NULL,
  `type` varchar(255) NOT NULL,
  `status` varchar(255) NOT NULL DEFAULT 'draft',
  `reason` text DEFAULT NULL,
  `notes` text DEFAULT NULL,
  `created_by` char(36) NOT NULL,
  `approved_by` char(36) DEFAULT NULL,
  `approved_at` timestamp NULL DEFAULT NULL,
  `created_at` timestamp NULL DEFAULT NULL,
  `updated_at` timestamp NULL DEFAULT NULL
) ENGINE=InnoDB DEFAULT CHARSET=utf8mb4 COLLATE=utf8mb4_unicode_ci;

--
-- Dumping data for table `stock_adjustments`
--

INSERT INTO `stock_adjustments` (`id`, `tenant_id`, `outlet_id`, `adjustment_number`, `adjustment_date`, `type`, `status`, `reason`, `notes`, `created_by`, `approved_by`, `approved_at`, `created_at`, `updated_at`) VALUES
('0520a5fd-b7ee-4b2f-90f2-9a61c4484ff1', 'fee5a0aa-73ca-4947-ab88-4d15f80f62bb', '8c8265f8-8c1c-4921-942f-b20ce24be7b0', 'ADJ-00006', '2026-05-21', 'stock_take', 'draft', 'Weekly inventory count', NULL, '3094d61f-580a-466b-b867-e8c813eb52b4', NULL, NULL, '2026-05-23 03:14:00', '2026-05-23 03:14:00'),
('0a3daea8-abd2-4f22-91e9-83a9633daf16', 'fee5a0aa-73ca-4947-ab88-4d15f80f62bb', '8c8265f8-8c1c-4921-942f-b20ce24be7b0', 'ADJ-00002', '2026-05-16', 'stock_take', 'approved', 'Physical count adjustment', 'Soluta perferendis explicabo est et sed corporis itaque.', '3094d61f-580a-466b-b867-e8c813eb52b4', '3094d61f-580a-466b-b867-e8c813eb52b4', '2026-05-15 22:52:22', '2026-05-23 03:14:00', '2026-05-23 03:14:00'),
('3f7a8ed2-5794-4d79-bb52-0a8ded18beba', 'fee5a0aa-73ca-4947-ab88-4d15f80f62bb', '8c8265f8-8c1c-4921-942f-b20ce24be7b0', 'ADJ-00005', '2026-04-30', 'correction', 'approved', 'Data entry mistake', NULL, '3094d61f-580a-466b-b867-e8c813eb52b4', '3094d61f-580a-466b-b867-e8c813eb52b4', '2026-04-30 14:33:52', '2026-05-23 03:14:00', '2026-05-23 03:14:00'),
('683a558b-a07a-4029-b7ab-ddf09a42cbac', 'fee5a0aa-73ca-4947-ab88-4d15f80f62bb', '8c8265f8-8c1c-4921-942f-b20ce24be7b0', 'ADJ-00003', '2026-05-17', 'stock_take', 'approved', 'Monthly stock take', 'Laboriosam pariatur quos accusantium repellendus enim cupiditate.', '3094d61f-580a-466b-b867-e8c813eb52b4', '3094d61f-580a-466b-b867-e8c813eb52b4', '2026-05-17 00:38:40', '2026-05-23 03:14:00', '2026-05-23 03:14:00'),
('6dc65e1f-b337-4220-bb0d-914d18ec216b', 'fee5a0aa-73ca-4947-ab88-4d15f80f62bb', '8c8265f8-8c1c-4921-942f-b20ce24be7b0', 'ADJ-00004', '2026-04-28', 'correction', 'approved', 'Manual count correction', 'Voluptatem quia cum odit officia sit aut ut.', '3094d61f-580a-466b-b867-e8c813eb52b4', '3094d61f-580a-466b-b867-e8c813eb52b4', '2026-04-28 02:55:20', '2026-05-23 03:14:00', '2026-05-23 03:14:00'),
('9f74dae3-edcf-460c-a0f7-cb915733d8a3', 'fee5a0aa-73ca-4947-ab88-4d15f80f62bb', '8c8265f8-8c1c-4921-942f-b20ce24be7b0', 'ADJ-00001', '2026-05-15', 'stock_take', 'approved', 'Monthly stock take', 'Aut iusto eaque non voluptatem placeat vitae autem.', '3094d61f-580a-466b-b867-e8c813eb52b4', '3094d61f-580a-466b-b867-e8c813eb52b4', '2026-05-15 09:40:19', '2026-05-23 03:14:00', '2026-05-23 03:14:00');

-- --------------------------------------------------------

--
